  {"id":521,"date":"2021-01-25T09:51:09","date_gmt":"2021-01-25T14:51:09","guid":{"rendered":"https:\/\/www.yorku.ca\/ouinternational\/?page_id=521"},"modified":"2023-09-25T10:26:17","modified_gmt":"2023-09-25T14:26:17","slug":"oui-programs","status":"publish","type":"page","link":"https:\/\/www.yorku.ca\/ouinternational\/oui-programs\/","title":{"rendered":"OUI  programs"},"content":{"rendered":"\n<div class=\"wp-block-image\"><figure class=\"aligncenter size-large is-resized\"><img loading=\"lazy\" decoding=\"async\" src=\"https:\/\/www.yorku.ca\/ouinternational\/wp-content\/uploads\/sites\/252\/2021\/01\/JPEG_OUI-crop-rbg-1024x324.jpg\" alt=\"\" class=\"wp-image-722\" width=\"355\" height=\"113\" srcset=\"https:\/\/www.yorku.ca\/ouinternational\/wp-content\/uploads\/sites\/252\/2021\/01\/JPEG_OUI-crop-rbg-1024x324.jpg 1024w, https:\/\/www.yorku.ca\/ouinternational\/wp-content\/uploads\/sites\/252\/2021\/01\/JPEG_OUI-crop-rbg-300x95.jpg 300w, https:\/\/www.yorku.ca\/ouinternational\/wp-content\/uploads\/sites\/252\/2021\/01\/JPEG_OUI-crop-rbg-768x243.jpg 768w, https:\/\/www.yorku.ca\/ouinternational\/wp-content\/uploads\/sites\/252\/2021\/01\/JPEG_OUI-crop-rbg.jpg 1200w\" sizes=\"auto, (max-width: 355px) 100vw, 355px\" \/><\/figure><\/div>\n\n\n\n<div class=\"wp-block-group has-background\" style=\"background-color:#f5efe0\"><div class=\"wp-block-group__inner-container is-layout-flow wp-block-group-is-layout-flow\">\n<p>Ontario Universities International is a consortium of Ontario universities participating in two provincial exchange programs with a consortium of universities of the state of Baden-W\u00fcrttemberg (Germany) and a consortium of universities and Grandes Ecoles of the Auvergne-Rh\u00f4ne-Alpes region (France). The two OUI exchange programs were established more than 30 years ago; Ontario\/Baden-W\u00fcrttemberg in 1990 and Ontario\/Rh\u00f4ne-Alpes in 1991. These programs offer graduate and under-graduate students the opportunity to study or conduct research in almost any discipline. Students are able to choose from a variety of study options, including full-year or one-semester academic exchanges, Summer Research Programs and Summer Language Programs. In addition, OBW has introduced a Faculty Exchange Program.<\/p>\n\n\n\n<p>Since 2021, the two programs are led by one partner university from each consortium, ¿ì²¥ÊÓÆµ in Ontario, Universit\u00e4t Konstanz in Baden-W\u00fcrttemberg and Universit\u00e9 Lumi\u00e8re Lyon 2 in Auvergne-Rh\u00f4ne-Alpes. The overall administration of the two programs within Ontario is provided by the OUI Program Office housed at ¿ì²¥ÊÓÆµ. In the partner regions, the programs are managed by coordinators appointed by each lead institution.<\/p>\n\n\n\n<p>It is important to note that about 200 Ontario students take advantage of these programs every year and Ontario universities welcome the same number of students from the two partner regions.<\/p>\n<\/div><\/div>\n\n\n\n<div class=\"wp-block-image\"><figure class=\"aligncenter size-large is-resized\"><img loading=\"lazy\" decoding=\"async\" src=\"https:\/\/www.yorku.ca\/ouinternational\/wp-content\/uploads\/sites\/252\/2021\/01\/JPEG_OUI-crop-rbg-1024x324.jpg\" alt=\"\" class=\"wp-image-722\" width=\"355\" height=\"113\" srcset=\"https:\/\/www.yorku.ca\/ouinternational\/wp-content\/uploads\/sites\/252\/2021\/01\/JPEG_OUI-crop-rbg-1024x324.jpg 1024w, https:\/\/www.yorku.ca\/ouinternational\/wp-content\/uploads\/sites\/252\/2021\/01\/JPEG_OUI-crop-rbg-300x95.jpg 300w, https:\/\/www.yorku.ca\/ouinternational\/wp-content\/uploads\/sites\/252\/2021\/01\/JPEG_OUI-crop-rbg-768x243.jpg 768w, https:\/\/www.yorku.ca\/ouinternational\/wp-content\/uploads\/sites\/252\/2021\/01\/JPEG_OUI-crop-rbg.jpg 1200w\" sizes=\"auto, (max-width: 355px) 100vw, 355px\" \/><\/figure><\/div>\n","protected":false},"excerpt":{"rendered":"<p>Ontario Universities International is a consortium of Ontario universities participating in two provincial exchange programs with a consortium of universities of the state of Baden-W\u00fcrttemberg (Germany) and a consortium of universities and Grandes Ecoles of the Auvergne-Rh\u00f4ne-Alpes region (France). The two OUI exchange programs were established more than 30 years ago; Ontario\/Baden-W\u00fcrttemberg in 1990 and [&hellip;]<\/p>\n","protected":false},"author":358,"featured_media":0,"parent":0,"menu_order":0,"comment_status":"closed","ping_status":"closed","template":"","meta":{"_kad_blocks_custom_css":"","_kad_blocks_head_custom_js":"","_kad_blocks_body_custom_js":"","_kad_blocks_footer_custom_js":"","footnotes":""},"class_list":["post-521","page","type-page","status-publish","hentry"],"taxonomy_info":[],"featured_image_src_large":false,"author_info":{"display_name":"dtodd","author_link":"https:\/\/www.yorku.ca\/ouinternational\/author\/dtodd\/"},"comment_info":"","_links":{"self":[{"href":"https:\/\/www.yorku.ca\/ouinternational\/wp-json\/wp\/v2\/pages\/521","targetHints":{"allow":["GET"]}}],"collection":[{"href":"https:\/\/www.yorku.ca\/ouinternational\/wp-json\/wp\/v2\/pages"}],"about":[{"href":"https:\/\/www.yorku.ca\/ouinternational\/wp-json\/wp\/v2\/types\/page"}],"author":[{"embeddable":true,"href":"https:\/\/www.yorku.ca\/ouinternational\/wp-json\/wp\/v2\/users\/358"}],"replies":[{"embeddable":true,"href":"https:\/\/www.yorku.ca\/ouinternational\/wp-json\/wp\/v2\/comments?post=521"}],"version-history":[{"count":6,"href":"https:\/\/www.yorku.ca\/ouinternational\/wp-json\/wp\/v2\/pages\/521\/revisions"}],"predecessor-version":[{"id":1810,"href":"https:\/\/www.yorku.ca\/ouinternational\/wp-json\/wp\/v2\/pages\/521\/revisions\/1810"}],"wp:attachment":[{"href":"https:\/\/www.yorku.ca\/ouinternational\/wp-json\/wp\/v2\/media?parent=521"}],"curies":[{"name":"wp","href":"https:\/\/api.w.org\/{rel}","templated":true}]}}