  {"id":378296,"date":"2024-10-09T14:56:41","date_gmt":"2024-10-09T18:56:41","guid":{"rendered":"https:\/\/www.yorku.ca\/laps\/?post_type=summer-abroad&#038;p=378296"},"modified":"2025-09-05T15:19:49","modified_gmt":"2025-09-05T19:19:49","slug":"sosc-4371","status":"publish","type":"summer-abroad","link":"https:\/\/www.yorku.ca\/laps\/summer-abroad\/sosc-4371\/","title":{"rendered":"SOSC 4371 3.0 - State of the Art in Law &amp; Society (快播视频 Away)"},"content":{"rendered":"\n<p>Quebec appears to tackle questions related to religious diversity differently than other provinces in Canada. Why is that? What role does the Catholic heritage of the province play in understanding these differences? Why does this province feel the need to legislate on the place of religion in its society, and on secularism? What are the consequences of those legislations, especially for religious minorities? This seminar seeks to answer these questions and others by examining the evolution of religion, law and politics in Quebec.&nbsp; The province\u2019s political history and contemporary debates on religion and secularism, as well as sites of worship and pilgrimages, are considered within the socio-cultural contexts that produced them. The course combines in-class seminar sessions, and field visits to a range of sites in Montr\u00e9al, Quebec City and Sainte-Anne-de-Beaupr\u00e9.&nbsp;<\/p>\n\n\n\n<p>More specifically, SOSC 4371 considers (and problematizes the narrative of) the province\u2019s move from the <em>Grande Noirceur <\/em>(Great Darkness), through the Quiet Revolution of the 1960s, which set the stage for the emergence of the distinct brand of Qu\u00e9b\u00e9cois secularism or <em>la\u00efcit\u00e9<\/em>. We focus on what some scholars label the \u201cQu\u00e9b\u00e9cois lurch into modernity\u201d to trace changing conceptions of, and the emerging relationships between, religious traditions, nationalism, immigration, post-colonialism, gender, and secularization. Finally, we briefly examine contemporary Judaism, Islam, and New Religious Movements, as well as Qu\u00e9b\u00e9cois political and legal responses and restrictions that have followed.&nbsp;<\/p>\n","protected":false},"template":"","pass-course-subject":[1257],"summer-aboard-year":[1334],"class_list":["post-378296","summer-abroad","type-summer-abroad","status-publish","hentry","pass-course-subject-sosc","summer-aboard-year-1334"],"yoast_head":"<!-- This site is optimized with the Yoast SEO plugin v27.4 - https:\/\/yoast.com\/product\/yoast-seo-wordpress\/ -->\n<title>SOSC 4371 3.0 - State of the Art in Law &amp; Society (快播视频 Away) | Faculty of Liberal Arts &amp; Professional Studies (LA&amp;PS)<\/title>\n<meta name=\"robots\" content=\"index, follow, max-snippet:-1, max-image-preview:large, max-video-preview:-1\" \/>\n<link rel=\"canonical\" href=\"https:\/\/www.yorku.ca\/laps\/summer-abroad\/sosc-4371\/\" \/>\n<meta property=\"og:locale\" content=\"en_US\" \/>\n<meta property=\"og:type\" content=\"article\" \/>\n<meta property=\"og:title\" content=\"SOSC 4371 3.0 - State of the Art in Law &amp; Society (快播视频 Away) | Faculty of Liberal Arts &amp; Professional Studies (LA&amp;PS)\" \/>\n<meta property=\"og:description\" content=\"Quebec appears to tackle questions related to religious diversity differently than other provinces in Canada. Why is that? What role does the Catholic heritage of the province play in understanding these differences? Why does this province feel the need to legislate on the place of religion in its society, and on secularism? What are the [&hellip;]\" \/>\n<meta property=\"og:url\" content=\"https:\/\/www.yorku.ca\/laps\/summer-abroad\/sosc-4371\/\" \/>\n<meta property=\"og:site_name\" content=\"Faculty of Liberal Arts &amp; Professional Studies (LA&amp;PS)\" \/>\n<meta property=\"article:publisher\" content=\"https:\/\/www.facebook.com\/YorkUlaps\/\" \/>\n<meta property=\"article:modified_time\" content=\"2025-09-05T19:19:49+00:00\" \/>\n<meta property=\"og:image\" content=\"https:\/\/www.yorku.ca\/laps\/wp-content\/uploads\/sites\/44\/2020\/11\/LAPS-Vari-Hall-YorkU-Keele-Campus.jpg\" \/>\n\t<meta property=\"og:image:width\" content=\"1200\" \/>\n\t<meta property=\"og:image:height\" content=\"630\" \/>\n\t<meta property=\"og:image:type\" content=\"image\/jpeg\" \/>\n<meta name=\"twitter:card\" content=\"summary_large_image\" \/>\n<meta name=\"twitter:site\" content=\"@YorkULAPS\" \/>\n<meta name=\"twitter:label1\" content=\"Est. reading time\" \/>\n\t<meta name=\"twitter:data1\" content=\"4 minutes\" \/>\n<script type=\"application\/ld+json\" class=\"yoast-schema-graph\">{\"@context\":\"https:\\\/\\\/schema.org\",\"@graph\":[{\"@type\":\"WebPage\",\"@id\":\"https:\\\/\\\/www.yorku.ca\\\/laps\\\/summer-abroad\\\/sosc-4371\\\/\",\"url\":\"https:\\\/\\\/www.yorku.ca\\\/laps\\\/summer-abroad\\\/sosc-4371\\\/\",\"name\":\"SOSC 4371 3.0 - State of the Art in Law &amp; Society (快播视频 Away) | Faculty of Liberal Arts &amp; Professional Studies (LA&amp;PS)\",\"isPartOf\":{\"@id\":\"https:\\\/\\\/www.yorku.ca\\\/laps\\\/#website\"},\"datePublished\":\"2024-10-09T18:56:41+00:00\",\"dateModified\":\"2025-09-05T19:19:49+00:00\",\"breadcrumb\":{\"@id\":\"https:\\\/\\\/www.yorku.ca\\\/laps\\\/summer-abroad\\\/sosc-4371\\\/#breadcrumb\"},\"inLanguage\":\"en-CA\",\"potentialAction\":[{\"@type\":\"ReadAction\",\"target\":[\"https:\\\/\\\/www.yorku.ca\\\/laps\\\/summer-abroad\\\/sosc-4371\\\/\"]}]},{\"@type\":\"BreadcrumbList\",\"@id\":\"https:\\\/\\\/www.yorku.ca\\\/laps\\\/summer-abroad\\\/sosc-4371\\\/#breadcrumb\",\"itemListElement\":[{\"@type\":\"ListItem\",\"position\":1,\"name\":\"Home\",\"item\":\"https:\\\/\\\/www.yorku.ca\\\/laps\\\/\"},{\"@type\":\"ListItem\",\"position\":2,\"name\":\"Summer Abroad\",\"item\":\"https:\\\/\\\/www.yorku.ca\\\/laps\\\/summer-abroad\\\/\"},{\"@type\":\"ListItem\",\"position\":3,\"name\":\"SOSC 4371 3.0 - State of the Art in Law &amp; Society (快播视频 Away)\"}]},{\"@type\":\"WebSite\",\"@id\":\"https:\\\/\\\/www.yorku.ca\\\/laps\\\/#website\",\"url\":\"https:\\\/\\\/www.yorku.ca\\\/laps\\\/\",\"name\":\"Faculty of Liberal Arts &amp; Professional Studies (LA&amp;PS)\",\"description\":\"LA&amp;PS\",\"publisher\":{\"@id\":\"https:\\\/\\\/www.yorku.ca\\\/laps\\\/#organization\"},\"potentialAction\":[{\"@type\":\"SearchAction\",\"target\":{\"@type\":\"EntryPoint\",\"urlTemplate\":\"https:\\\/\\\/www.yorku.ca\\\/laps\\\/?s={search_term_string}\"},\"query-input\":{\"@type\":\"PropertyValueSpecification\",\"valueRequired\":true,\"valueName\":\"search_term_string\"}}],\"inLanguage\":\"en-CA\"},{\"@type\":\"Organization\",\"@id\":\"https:\\\/\\\/www.yorku.ca\\\/laps\\\/#organization\",\"name\":\"快播视频\",\"url\":\"https:\\\/\\\/www.yorku.ca\\\/laps\\\/\",\"logo\":{\"@type\":\"ImageObject\",\"inLanguage\":\"en-CA\",\"@id\":\"https:\\\/\\\/www.yorku.ca\\\/laps\\\/#\\\/schema\\\/logo\\\/image\\\/\",\"url\":\"https:\\\/\\\/www.yorku.ca\\\/laps\\\/wp-content\\\/uploads\\\/sites\\\/44\\\/2020\\\/11\\\/YORKU-LAPS-LOGO.jpg\",\"contentUrl\":\"https:\\\/\\\/www.yorku.ca\\\/laps\\\/wp-content\\\/uploads\\\/sites\\\/44\\\/2020\\\/11\\\/YORKU-LAPS-LOGO.jpg\",\"width\":847,\"height\":189,\"caption\":\"快播视频\"},\"image\":{\"@id\":\"https:\\\/\\\/www.yorku.ca\\\/laps\\\/#\\\/schema\\\/logo\\\/image\\\/\"},\"sameAs\":[\"https:\\\/\\\/www.facebook.com\\\/YorkUlaps\\\/\",\"https:\\\/\\\/x.com\\\/YorkULAPS\",\"https:\\\/\\\/www.instagram.com\\\/yorkulaps\\\/\",\"https:\\\/\\\/www.linkedin.com\\\/school\\\/york-university-laps\\\/\",\"https:\\\/\\\/www.youtube.com\\\/user\\\/YorkUniverse\",\"https:\\\/\\\/en.wikipedia.org\\\/wiki\\\/York_University\"]}]}<\/script>\n<!-- \/ Yoast SEO plugin. -->","yoast_head_json":{"title":"SOSC 4371 3.0 - State of the Art in Law &amp; Society (快播视频 Away) | Faculty of Liberal Arts &amp; Professional Studies (LA&amp;PS)","robots":{"index":"index","follow":"follow","max-snippet":"max-snippet:-1","max-image-preview":"max-image-preview:large","max-video-preview":"max-video-preview:-1"},"canonical":"https:\/\/www.yorku.ca\/laps\/summer-abroad\/sosc-4371\/","og_locale":"en_US","og_type":"article","og_title":"SOSC 4371 3.0 - State of the Art in Law &amp; Society (快播视频 Away) | Faculty of Liberal Arts &amp; Professional Studies (LA&amp;PS)","og_description":"Quebec appears to tackle questions related to religious diversity differently than other provinces in Canada. Why is that? What role does the Catholic heritage of the province play in understanding these differences? Why does this province feel the need to legislate on the place of religion in its society, and on secularism? What are the [&hellip;]","og_url":"https:\/\/www.yorku.ca\/laps\/summer-abroad\/sosc-4371\/","og_site_name":"Faculty of Liberal Arts &amp; Professional Studies (LA&amp;PS)","article_publisher":"https:\/\/www.facebook.com\/YorkUlaps\/","article_modified_time":"2025-09-05T19:19:49+00:00","og_image":[{"width":1200,"height":630,"url":"https:\/\/www.yorku.ca\/laps\/wp-content\/uploads\/sites\/44\/2020\/11\/LAPS-Vari-Hall-YorkU-Keele-Campus.jpg","type":"image\/jpeg"}],"twitter_card":"summary_large_image","twitter_site":"@YorkULAPS","twitter_misc":{"Est. reading time":"4 minutes"},"schema":{"@context":"https:\/\/schema.org","@graph":[{"@type":"WebPage","@id":"https:\/\/www.yorku.ca\/laps\/summer-abroad\/sosc-4371\/","url":"https:\/\/www.yorku.ca\/laps\/summer-abroad\/sosc-4371\/","name":"SOSC 4371 3.0 - State of the Art in Law &amp; Society (快播视频 Away) | Faculty of Liberal Arts &amp; Professional Studies (LA&amp;PS)","isPartOf":{"@id":"https:\/\/www.yorku.ca\/laps\/#website"},"datePublished":"2024-10-09T18:56:41+00:00","dateModified":"2025-09-05T19:19:49+00:00","breadcrumb":{"@id":"https:\/\/www.yorku.ca\/laps\/summer-abroad\/sosc-4371\/#breadcrumb"},"inLanguage":"en-CA","potentialAction":[{"@type":"ReadAction","target":["https:\/\/www.yorku.ca\/laps\/summer-abroad\/sosc-4371\/"]}]},{"@type":"BreadcrumbList","@id":"https:\/\/www.yorku.ca\/laps\/summer-abroad\/sosc-4371\/#breadcrumb","itemListElement":[{"@type":"ListItem","position":1,"name":"Home","item":"https:\/\/www.yorku.ca\/laps\/"},{"@type":"ListItem","position":2,"name":"Summer Abroad","item":"https:\/\/www.yorku.ca\/laps\/summer-abroad\/"},{"@type":"ListItem","position":3,"name":"SOSC 4371 3.0 - State of the Art in Law &amp; Society (快播视频 Away)"}]},{"@type":"WebSite","@id":"https:\/\/www.yorku.ca\/laps\/#website","url":"https:\/\/www.yorku.ca\/laps\/","name":"Faculty of Liberal Arts &amp; Professional Studies (LA&amp;PS)","description":"LA&amp;PS","publisher":{"@id":"https:\/\/www.yorku.ca\/laps\/#organization"},"potentialAction":[{"@type":"SearchAction","target":{"@type":"EntryPoint","urlTemplate":"https:\/\/www.yorku.ca\/laps\/?s={search_term_string}"},"query-input":{"@type":"PropertyValueSpecification","valueRequired":true,"valueName":"search_term_string"}}],"inLanguage":"en-CA"},{"@type":"Organization","@id":"https:\/\/www.yorku.ca\/laps\/#organization","name":"快播视频","url":"https:\/\/www.yorku.ca\/laps\/","logo":{"@type":"ImageObject","inLanguage":"en-CA","@id":"https:\/\/www.yorku.ca\/laps\/#\/schema\/logo\/image\/","url":"https:\/\/www.yorku.ca\/laps\/wp-content\/uploads\/sites\/44\/2020\/11\/YORKU-LAPS-LOGO.jpg","contentUrl":"https:\/\/www.yorku.ca\/laps\/wp-content\/uploads\/sites\/44\/2020\/11\/YORKU-LAPS-LOGO.jpg","width":847,"height":189,"caption":"快播视频"},"image":{"@id":"https:\/\/www.yorku.ca\/laps\/#\/schema\/logo\/image\/"},"sameAs":["https:\/\/www.facebook.com\/YorkUlaps\/","https:\/\/x.com\/YorkULAPS","https:\/\/www.instagram.com\/yorkulaps\/","https:\/\/www.linkedin.com\/school\/york-university-laps\/","https:\/\/www.youtube.com\/user\/YorkUniverse","https:\/\/en.wikipedia.org\/wiki\/York_University"]}]}},"taxonomy_info":{"pass-course-subject":[{"value":1257,"label":"SOSC"}],"summer-aboard-year":[{"value":1334,"label":"2025"}]},"featured_image_src_large":[],"author_info":[],"comment_info":"","_links":{"self":[{"href":"https:\/\/www.yorku.ca\/laps\/wp-json\/wp\/v2\/summer-abroad\/378296","targetHints":{"allow":["GET"]}}],"collection":[{"href":"https:\/\/www.yorku.ca\/laps\/wp-json\/wp\/v2\/summer-abroad"}],"about":[{"href":"https:\/\/www.yorku.ca\/laps\/wp-json\/wp\/v2\/types\/summer-abroad"}],"wp:attachment":[{"href":"https:\/\/www.yorku.ca\/laps\/wp-json\/wp\/v2\/media?parent=378296"}],"wp:term":[{"taxonomy":"pass-course-subject","embeddable":true,"href":"https:\/\/www.yorku.ca\/laps\/wp-json\/wp\/v2\/pass-course-subject?post=378296"},{"taxonomy":"summer-aboard-year","embeddable":true,"href":"https:\/\/www.yorku.ca\/laps\/wp-json\/wp\/v2\/summer-aboard-year?post=378296"}],"curies":[{"name":"wp","href":"https:\/\/api.w.org\/{rel}","templated":true}]}}

SOSC 4371 3.0 - State of the Art in Law &amp; Society (快播视频 Away)

<p>Quebec appears to tackle questions related to religious diversity differently than other provinces in Canada. Why is that? What role does the Catholic heritage of the province play in understanding these differences? Why does this province feel the need to legislate on the place of religion in its society, and on secularism? What are the consequences of those legislations, especially for religious minorities? This seminar seeks to answer these questions and others by examining the evolution of religion, law and politics in Quebec.&nbsp; The province’s political history and contemporary debates on religion and secularism, as well as sites of worship and pilgrimages, are considered within the socio-cultural contexts that produced them. The course combines in-class seminar sessions, and field visits to a range of sites in Montréal, Quebec City and Sainte-Anne-de-Beaupré.&nbsp;</p>



<p>More specifically, SOSC 4371 considers (and problematizes the narrative of) the province’s move from the <em>Grande Noirceur </em>(Great Darkness), through the Quiet Revolution of the 1960s, which set the stage for the emergence of the distinct brand of Québécois secularism or <em>laïcité</em>. We focus on what some scholars label the “Québécois lurch into modernity” to trace changing conceptions of, and the emerging relationships between, religious traditions, nationalism, immigration, post-colonialism, gender, and secularization. Finally, we briefly examine contemporary Judaism, Islam, and New Religious Movements, as well as Québécois political and legal responses and restrictions that have followed.&nbsp;</p>

<!-- This site is optimized with the Yoast SEO plugin v27.4 - https://yoast.com/product/yoast-seo-wordpress/ -->
<title>SOSC 4371 3.0 - State of the Art in Law &amp; Society (快播视频 Away) | Faculty of Liberal Arts &amp; Professional Studies (LA&amp;PS)</title>
<meta name="robots" content="index, follow, max-snippet:-1, max-image-preview:large, max-video-preview:-1" />
<link rel="canonical" href="https://www.yorku.ca/laps/summer-abroad/sosc-4371/" />
<meta property="og:locale" content="en_US" />
<meta property="og:type" content="article" />
<meta property="og:title" content="SOSC 4371 3.0 - State of the Art in Law &amp; Society (快播视频 Away) | Faculty of Liberal Arts &amp; Professional Studies (LA&amp;PS)" />
<meta property="og:description" content="Quebec appears to tackle questions related to religious diversity differently than other provinces in Canada. Why is that? What role does the Catholic heritage of the province play in understanding these differences? Why does this province feel the need to legislate on the place of religion in its society, and on secularism? What are the [&hellip;]" />
<meta property="og:url" content="https://www.yorku.ca/laps/summer-abroad/sosc-4371/" />
<meta property="og:site_name" content="Faculty of Liberal Arts &amp; Professional Studies (LA&amp;PS)" />
<meta property="article:publisher" content="https://www.facebook.com/YorkUlaps/" />
<meta property="article:modified_time" content="2025-09-05T19:19:49+00:00" />
<meta property="og:image" content="https://www.yorku.ca/laps/wp-content/uploads/sites/44/2020/11/LAPS-Vari-Hall-YorkU-Keele-Campus.jpg" />
	<meta property="og:image:width" content="1200" />
	<meta property="og:image:height" content="630" />
	<meta property="og:image:type" content="image/jpeg" />
<meta name="twitter:card" content="summary_large_image" />
<meta name="twitter:site" content="@YorkULAPS" />
<meta name="twitter:label1" content="Est. reading time" />
	<meta name="twitter:data1" content="4 minutes" />
<script type="application/ld+json" class="yoast-schema-graph">{"@context":"https:\/\/schema.org","@graph":[{"@type":"WebPage","@id":"https:\/\/www.yorku.ca\/laps\/summer-abroad\/sosc-4371\/","url":"https:\/\/www.yorku.ca\/laps\/summer-abroad\/sosc-4371\/","name":"SOSC 4371 3.0 - State of the Art in Law &amp; Society (快播视频 Away) | Faculty of Liberal Arts &amp; Professional Studies (LA&amp;PS)","isPartOf":{"@id":"https:\/\/www.yorku.ca\/laps\/#website"},"datePublished":"2024-10-09T18:56:41+00:00","dateModified":"2025-09-05T19:19:49+00:00","breadcrumb":{"@id":"https:\/\/www.yorku.ca\/laps\/summer-abroad\/sosc-4371\/#breadcrumb"},"inLanguage":"en-CA","potentialAction":[{"@type":"ReadAction","target":["https:\/\/www.yorku.ca\/laps\/summer-abroad\/sosc-4371\/"]}]},{"@type":"BreadcrumbList","@id":"https:\/\/www.yorku.ca\/laps\/summer-abroad\/sosc-4371\/#breadcrumb","itemListElement":[{"@type":"ListItem","position":1,"name":"Home","item":"https:\/\/www.yorku.ca\/laps\/"},{"@type":"ListItem","position":2,"name":"Summer Abroad","item":"https:\/\/www.yorku.ca\/laps\/summer-abroad\/"},{"@type":"ListItem","position":3,"name":"SOSC 4371 3.0 - State of the Art in Law &amp; Society (快播视频 Away)"}]},{"@type":"WebSite","@id":"https:\/\/www.yorku.ca\/laps\/#website","url":"https:\/\/www.yorku.ca\/laps\/","name":"Faculty of Liberal Arts &amp; Professional Studies (LA&amp;PS)","description":"LA&amp;PS","publisher":{"@id":"https:\/\/www.yorku.ca\/laps\/#organization"},"potentialAction":[{"@type":"SearchAction","target":{"@type":"EntryPoint","urlTemplate":"https:\/\/www.yorku.ca\/laps\/?s={search_term_string}"},"query-input":{"@type":"PropertyValueSpecification","valueRequired":true,"valueName":"search_term_string"}}],"inLanguage":"en-CA"},{"@type":"Organization","@id":"https:\/\/www.yorku.ca\/laps\/#organization","name":"快播视频","url":"https:\/\/www.yorku.ca\/laps\/","logo":{"@type":"ImageObject","inLanguage":"en-CA","@id":"https:\/\/www.yorku.ca\/laps\/#\/schema\/logo\/image\/","url":"https:\/\/www.yorku.ca\/laps\/wp-content\/uploads\/sites\/44\/2020\/11\/YORKU-LAPS-LOGO.jpg","contentUrl":"https:\/\/www.yorku.ca\/laps\/wp-content\/uploads\/sites\/44\/2020\/11\/YORKU-LAPS-LOGO.jpg","width":847,"height":189,"caption":"快播视频"},"image":{"@id":"https:\/\/www.yorku.ca\/laps\/#\/schema\/logo\/image\/"},"sameAs":["https:\/\/www.facebook.com\/YorkUlaps\/","https:\/\/x.com\/YorkULAPS","https:\/\/www.instagram.com\/yorkulaps\/","https:\/\/www.linkedin.com\/school\/york-university-laps\/","https:\/\/www.youtube.com\/user\/YorkUniverse","https:\/\/en.wikipedia.org\/wiki\/York_University"]}]}</script>
<!-- / Yoast SEO plugin. -->

SOSC 4371 3.0 - State of the Art in Law &amp; Society (快播视频 Away) | Faculty of Liberal Arts &amp; Professional Studies (LA&amp;PS)

快播视频
