  {"id":7494,"date":"2025-05-15T14:58:18","date_gmt":"2025-05-15T18:58:18","guid":{"rendered":"https:\/\/www.yorku.ca\/housing\/?page_id=7494"},"modified":"2025-05-16T12:06:27","modified_gmt":"2025-05-16T16:06:27","slug":"contact","status":"publish","type":"page","link":"https:\/\/www.yorku.ca\/housing\/contact\/?lang=fr","title":{"rendered":"Contact"},"content":{"rendered":"\n<div style=\"height:39px\" aria-hidden=\"true\" class=\"wp-block-spacer\"><\/div>\n\n\n\n<h2 class=\"wp-block-heading mb-3\" id=\"KUG\">Campus Keele - r\u00e9sidences de premier cycle<\/h2>\n\n\n\n<div class=\"wp-block-columns contact-block is-layout-flex wp-container-core-columns-is-layout-1 wp-block-columns-is-layout-flex\">\n<div class=\"wp-block-column is-layout-flow wp-block-column-is-layout-flow\">\n<h3 class=\"wp-block-heading h6 text-uppercase text-primary border-bottom pb-2 mb-2\">Questions au sujet des demandes<\/h3>\n\n\n\n<p><i class=\"fas fa-map-marker\"><\/i> 4700 Keele Street<br>Toronto, ON M3J1P3<\/p>\n\n\n\n<p><i class=\"fas fa-phone\"><\/i> 416-736-5152, puis appuyez sur \"2\"<br><i class=\"fas fa-envelope\"><\/i> <a href=\"mailto:undergradres@yorku.ca\">undergradres@yorku.ca<\/a><br><i class=\"fas fa-fax\"><\/i> 416-736-5435<\/p>\n\n\n\n<p><i class=\"fas fa-clock\"><\/i> <strong>Heures de bureau<\/strong>:<br>Du lundi au vendred<br>08h30 \u00e0 16h30<\/p>\n\n\n\n<p>Voir le&nbsp;<a href=\"https:\/\/atlas.cafe.uit.yorku.ca\/atlas\/servlet\/atlas\/action\/AtlasAction\/template\/orgUnit.vm?eventsubmit_doorgunit=OrgUnit&amp;searchorgunit=Housing+%26+Conference+Services%2C+Ancillary+Services\">r\u00e9pertoire des employ\u00e9s<\/a>.<\/p>\n<\/div>\n\n\n\n<div class=\"wp-block-column is-layout-flow wp-block-column-is-layout-flow\">\n<h3 class=\"wp-block-heading h6 text-uppercase text-primary border-bottom pb-2 mb-2\">R\u00e9sidents actuels<\/h3>\n\n\n\n<p><i class=\"fas fa-map-marker\"><\/i> <strong>Complex 1:<\/strong> <strong>Les r\u00e9sidences Founders, Tatham, Vanier, et Winters&nbsp;<\/strong><br>108 McLaughlin College<br>4700 Keele St.,<br>Toronto, ON, M3J 1P3<\/p>\n\n\n\n<p><i class=\"fas fa-phone\"><\/i> 416-736-5152, puis appuyez sur \"2\"<br><i class=\"fas fa-fax\"><\/i> 416-736-5435<br><i class=\"fas fa-envelope\"><\/i> <a href=\"mailto:undergradres@yorku.ca\">undergradres@yorku.ca<\/a><\/p>\n\n\n\n<p><i class=\"fas fa-map-marker\"><\/i><strong>Complex 2:&nbsp;<br>Les r\u00e9sidences Calumet, Norman Bethune, Stong, et The Pond Road<\/strong><br>101 Bethune College<br>4700 Keele St.,<br>Toronto, ON, M3J 1P3<\/p>\n\n\n\n<p><i class=\"fas fa-phone\"><\/i> 416-736-5152, puis appuyez sur \"2\"<br><i class=\"fas fa-fax\"><\/i> 416-736-5435<br><i class=\"fas fa-envelope\"><\/i> <a href=\"mailto:emendoza@yorku.ca\">undergradres@yorku.ca<\/a><\/p>\n\n\n\n<p><i class=\"fas fa-map-marker\"><\/i> <strong><strong>R\u00e9sidences d'\u00e9t\u00e9<\/strong><\/strong><br>108 McLaughlin College<br><i class=\"fas fa-envelope\"><\/i> <a href=\"mailto:summeres@yorku.ca\">summeres@yorku.ca<\/a><\/p>\n\n\n\n<p>Voir le&nbsp;<a href=\"https:\/\/atlas.cafe.uit.yorku.ca\/atlas\/servlet\/atlas\/action\/AtlasAction\/template\/orgUnit.vm?eventsubmit_doorgunit=OrgUnit&amp;searchorgunit=Housing+%26+Conference+Services%2C+Ancillary+Services\">r\u00e9pertoire des employ\u00e9s<\/a>.<\/p>\n<\/div>\n<\/div>\n\n\n\n<h2 class=\"wp-block-heading mb-3\" id=\"KYA\">Campus Keele - R\u00e9sidences pour les 2e et 3e cycles (York Apartments)<\/h2>\n\n\n\n<div class=\"wp-block-columns contact-block is-layout-flex wp-container-core-columns-is-layout-2 wp-block-columns-is-layout-flex\">\n<div class=\"wp-block-column is-layout-flow wp-block-column-is-layout-flow\">\n<h3 class=\"wp-block-heading h6 text-uppercase text-primary border-bottom pb-2 mb-2\">Questions au sujet des demandes<\/h3>\n\n\n\n<p><i class=\"fas fa-map-marker\"><\/i> bureau 105 - 340 Assiniboine Road<br>4700 Keele St.,<br>Toronto, Ontario, M3J 1P3<\/p>\n\n\n\n<p><i class=\"fas fa-phone\"><\/i> 416-736-5152, puis appuyez sur \"1\"<br><i class=\"fas fa-envelope\"><\/i> <a href=\"mailto:%20apstatus@yorku.ca\">apstatus@yorku.ca<\/a><br><i class=\"fas fa-fax\"><\/i> 416-736-5435<\/p>\n\n\n\n<p><i class=\"fas fa-clock\"><\/i> <strong>Heures de bureau:<\/strong><br>Du lundi au vendred<br>08h30 \u00e0 16h30<\/p>\n\n\n\n<p>Voir le&nbsp;<a href=\"https:\/\/atlas.cafe.uit.yorku.ca\/atlas\/servlet\/atlas\/action\/AtlasAction\/template\/orgUnit.vm?eventsubmit_doorgunit=OrgUnit&amp;searchorgunit=Housing+%26+Conference+Services%2C+Ancillary+Services\">r\u00e9pertoire des employ\u00e9s<\/a>.<\/p>\n<\/div>\n\n\n\n<div class=\"wp-block-column is-layout-flow wp-block-column-is-layout-flow\">\n<h3 class=\"wp-block-heading h6 text-uppercase text-primary border-bottom pb-2 mb-2\">Questions au sujet de l'entretien<\/h3>\n\n\n\n<p><i class=\"fas fa-map-marker\"><\/i> bureau 101 - 340 Assiniboine Road<br>4700 Keele St.,<br>Toronto, Ontario, M3J 1P3<\/p>\n\n\n\n<p><i class=\"fas fa-phone\"><\/i> 416-736-5339<br><i class=\"fas fa-fax\"><\/i> 416-736-5435<br><i class=\"fas fa-envelope\"><\/i> <a href=\"mailto:%20yorkapts@yorku.ca\">yorkapts@yorku.ca<\/a><\/p>\n\n\n\n<p><i class=\"fas fa-clock\"><\/i> <strong>Heures de bureau:<\/strong><br>Du lundi au vendred<br>08h30 \u00e0 16h30<\/p>\n\n\n\n<p>Voir le&nbsp;<a href=\"https:\/\/atlas.cafe.uit.yorku.ca\/atlas\/servlet\/atlas\/action\/AtlasAction\/template\/orgUnit.vm?eventsubmit_doorgunit=OrgUnit&amp;searchorgunit=Housing+%26+Conference+Services%2C+Ancillary+Services\">r\u00e9pertoire des employ\u00e9s<\/a><\/p>\n<\/div>\n<\/div>\n\n\n\n<h2 class=\"wp-block-heading mb-3\" id=\"GU\">Campus Glendon &nbsp;- R\u00e9sidences de Glendon<\/h2>\n\n\n\n<div class=\"wp-block-columns contact-block is-layout-flex wp-container-core-columns-is-layout-3 wp-block-columns-is-layout-flex\">\n<div class=\"wp-block-column is-layout-flow wp-block-column-is-layout-flow\">\n<h3 class=\"wp-block-heading h6 text-uppercase text-primary border-bottom pb-2 mb-2\">Questions et administration<\/h3>\n\n\n\n<p><i class=\"fas fa-map-marker\"><\/i> Glendon Greenhouse<br>2275 Bayview Ave.,<br>Toronto, ON M4N 3M6<\/p>\n\n\n\n<p><i class=\"fas fa-phone\"><\/i> 416-487-6844<br><i class=\"fas fa-envelope\"><\/i> <a href=\"mailto:residence@glendon.yorku.ca\">residence@glendon.yorku.ca<\/a><\/p>\n\n\n\n<p><i class=\"fas fa-clock\"><\/i><strong>Heures de bureau:<\/strong><br>Du lundi au vendred<br>08h30 \u00e0 16h30<\/p>\n\n\n\n<p>Voir le&nbsp;<a href=\"https:\/\/atlas.cafe.uit.yorku.ca\/atlas\/servlet\/atlas\/action\/AtlasAction\/template\/orgUnit.vm?eventsubmit_doorgunit=OrgUnit&amp;searchorgunit=Housing+%26+Conference+Services%2C+Ancillary+Services\">r\u00e9pertoire des employ\u00e9s<\/a>.<\/p>\n<\/div>\n\n\n\n<div class=\"wp-block-column is-layout-flow wp-block-column-is-layout-flow\">\n<h3 class=\"wp-block-heading h6 text-uppercase text-primary border-bottom pb-2 mb-2\">Op\u00e9rations et maintenance<\/h3>\n\n\n\n<p><i class=\"fas fa-map-marker\"><\/i> Glendon Greenhouse<br>2275 Bayview Ave.,<br>Toronto, ON M4N 3M6<\/p>\n\n\n\n<p><i class=\"fas fa-phone\"><\/i> 416-487-6844<br><i class=\"fas fa-envelope\"><\/i> <a href=\"mailto:glendon@yorku.ca\">re<\/a><a href=\"mailto:resops@glendon.yorku.ca\">sops@glendon.yorku.ca<\/a><\/p>\n\n\n\n<p><i class=\"fas fa-clock\"><\/i> <strong>Heures de bureau:<\/strong><br>Du lundi au vendred<br>08h30 \u00e0 16h30<\/p>\n\n\n\n<p>Voir le&nbsp;<a href=\"https:\/\/atlas.cafe.uit.yorku.ca\/atlas\/servlet\/atlas\/action\/AtlasAction\/template\/orgUnit.vm?eventsubmit_doorgunit=OrgUnit&amp;searchorgunit=Housing+%26+Conference+Services%2C+Ancillary+Services\">r\u00e9pertoire des employ\u00e9s<\/a>.<\/p>\n<\/div>\n<\/div>\n\n\n\n<h2 class=\"wp-block-heading mb-3\" id=\"KYA\">Campus Markham - H\u00e9bergement<\/h2>\n\n\n\n<div class=\"wp-block-columns contact-block is-layout-flex wp-container-core-columns-is-layout-4 wp-block-columns-is-layout-flex\">\n<div class=\"wp-block-column is-layout-flow wp-block-column-is-layout-flow\">\n<h3 class=\"wp-block-heading h6 text-uppercase text-primary border-bottom pb-2 mb-2\">Pour toutes demandes<\/h3>\n\n\n\n<p><i class=\"fas fa-map-marker\"><\/i> bureau 105 - 340 Assiniboine Road<br>4700 Keele St.,<br>Toronto, Ontario, M3J 1P3<\/p>\n\n\n\n<p><i class=\"fas fa-phone\"><\/i> 416-736-2100 ext. 31045<br><i class=\"fas fa-envelope\"><\/i> <a href=\"mailto:%20markhamhousing@yorku.ca\"><\/a><a href=\"mailto:markhamhousing@yorku.ca\">markhamhousing@yorku.ca<\/a>&nbsp;<\/p>\n\n\n\n<p><i class=\"fas fa-clock\"><\/i> <strong>Heures de bureau:<\/strong><br>Du lundi au vendred<br>08h30 \u00e0 16h30<\/p>\n\n\n\n<p>Voir le&nbsp;<a href=\"https:\/\/atlas.cafe.uit.yorku.ca\/atlas\/servlet\/atlas\/action\/AtlasAction\/template\/orgUnit.vm?eventsubmit_doorgunit=OrgUnit&amp;searchorgunit=Housing+%26+Conference+Services%2C+Ancillary+Services\">r\u00e9pertoire des employ\u00e9s<\/a>.<\/p>\n<\/div>\n<\/div>\n","protected":false},"excerpt":{"rendered":"<p>Campus Keele - r\u00e9sidences de premier cycle Questions au sujet des demandes 4700 Keele StreetToronto, ON M3J1P3 416-736-5152, puis appuyez sur \"2\" undergradres@yorku.ca 416-736-5435 Heures de bureau:Du lundi au vendred08h30 \u00e0 16h30 Voir le&nbsp;r\u00e9pertoire des employ\u00e9s. R\u00e9sidents actuels Complex 1: Les r\u00e9sidences Founders, Tatham, Vanier, et Winters&nbsp;108 McLaughlin College4700 Keele St.,Toronto, ON, M3J 1P3 416-736-5152, [&hellip;]<\/p>\n","protected":false},"author":151,"featured_media":0,"parent":0,"menu_order":0,"comment_status":"closed","ping_status":"closed","template":"","meta":{"_kad_blocks_custom_css":"","_kad_blocks_head_custom_js":"","_kad_blocks_body_custom_js":"","_kad_blocks_footer_custom_js":"","ngg_post_thumbnail":0,"footnotes":""},"tags":[],"class_list":["post-7494","page","type-page","status-publish","hentry"],"yoast_head":"<!-- This site is optimized with the Yoast SEO plugin v24.0 - https:\/\/yoast.com\/wordpress\/plugins\/seo\/ -->\n<title>Contact - Housing &amp; Conference Services<\/title>\n<meta name=\"robots\" content=\"index, follow, max-snippet:-1, max-image-preview:large, max-video-preview:-1\" \/>\n<link rel=\"canonical\" href=\"https:\/\/www.yorku.ca\/housing\/contact\/\" \/>\n<meta property=\"og:locale\" content=\"en_US\" \/>\n<meta property=\"og:type\" content=\"article\" \/>\n<meta property=\"og:title\" content=\"Contact - Housing &amp; Conference Services\" \/>\n<meta property=\"og:description\" content=\"Campus Keele - r\u00e9sidences de premier cycle Questions au sujet des demandes 4700 Keele StreetToronto, ON M3J1P3 416-736-5152, puis appuyez sur &quot;2&quot; undergradres@yorku.ca 416-736-5435 Heures de bureau:Du lundi au vendred08h30 \u00e0 16h30 Voir le&nbsp;r\u00e9pertoire des employ\u00e9s. R\u00e9sidents actuels Complex 1: Les r\u00e9sidences Founders, Tatham, Vanier, et Winters&nbsp;108 McLaughlin College4700 Keele St.,Toronto, ON, M3J 1P3 416-736-5152, [&hellip;]\" \/>\n<meta property=\"og:url\" content=\"https:\/\/www.yorku.ca\/housing\/contact\/\" \/>\n<meta property=\"og:site_name\" content=\"Housing &amp; Conference Services\" \/>\n<meta property=\"article:modified_time\" content=\"2025-05-16T16:06:27+00:00\" \/>\n<meta name=\"twitter:card\" content=\"summary_large_image\" \/>\n<meta name=\"twitter:label1\" content=\"Est. reading time\" \/>\n\t<meta name=\"twitter:data1\" content=\"2 minutes\" \/>\n<script type=\"application\/ld+json\" class=\"yoast-schema-graph\">{\"@context\":\"https:\/\/schema.org\",\"@graph\":[{\"@type\":\"WebPage\",\"@id\":\"https:\/\/www.yorku.ca\/housing\/contact\/\",\"url\":\"https:\/\/www.yorku.ca\/housing\/contact\/\",\"name\":\"Contact - Housing &amp; Conference Services\",\"isPartOf\":{\"@id\":\"https:\/\/www.yorku.ca\/housing\/#website\"},\"datePublished\":\"2025-05-15T18:58:18+00:00\",\"dateModified\":\"2025-05-16T16:06:27+00:00\",\"breadcrumb\":{\"@id\":\"https:\/\/www.yorku.ca\/housing\/contact\/#breadcrumb\"},\"inLanguage\":\"en-US\",\"potentialAction\":[{\"@type\":\"ReadAction\",\"target\":[\"https:\/\/www.yorku.ca\/housing\/contact\/\"]}]},{\"@type\":\"BreadcrumbList\",\"@id\":\"https:\/\/www.yorku.ca\/housing\/contact\/#breadcrumb\",\"itemListElement\":[{\"@type\":\"ListItem\",\"position\":1,\"name\":\"Home\",\"item\":\"https:\/\/www.yorku.ca\/housing\/\"},{\"@type\":\"ListItem\",\"position\":2,\"name\":\"Contact\"}]},{\"@type\":\"WebSite\",\"@id\":\"https:\/\/www.yorku.ca\/housing\/#website\",\"url\":\"https:\/\/www.yorku.ca\/housing\/\",\"name\":\"Housing &amp; Conference Services\",\"description\":\"\",\"potentialAction\":[{\"@type\":\"SearchAction\",\"target\":{\"@type\":\"EntryPoint\",\"urlTemplate\":\"https:\/\/www.yorku.ca\/housing\/?s={search_term_string}\"},\"query-input\":{\"@type\":\"PropertyValueSpecification\",\"valueRequired\":true,\"valueName\":\"search_term_string\"}}],\"inLanguage\":\"en-US\"}]}<\/script>\n<!-- \/ Yoast SEO plugin. -->","yoast_head_json":{"title":"Contact - Housing &amp; Conference Services","robots":{"index":"index","follow":"follow","max-snippet":"max-snippet:-1","max-image-preview":"max-image-preview:large","max-video-preview":"max-video-preview:-1"},"canonical":"https:\/\/www.yorku.ca\/housing\/contact\/","og_locale":"en_US","og_type":"article","og_title":"Contact - Housing &amp; Conference Services","og_description":"Campus Keele - r\u00e9sidences de premier cycle Questions au sujet des demandes 4700 Keele StreetToronto, ON M3J1P3 416-736-5152, puis appuyez sur \"2\" undergradres@yorku.ca 416-736-5435 Heures de bureau:Du lundi au vendred08h30 \u00e0 16h30 Voir le&nbsp;r\u00e9pertoire des employ\u00e9s. R\u00e9sidents actuels Complex 1: Les r\u00e9sidences Founders, Tatham, Vanier, et Winters&nbsp;108 McLaughlin College4700 Keele St.,Toronto, ON, M3J 1P3 416-736-5152, [&hellip;]","og_url":"https:\/\/www.yorku.ca\/housing\/contact\/","og_site_name":"Housing &amp; Conference Services","article_modified_time":"2025-05-16T16:06:27+00:00","twitter_card":"summary_large_image","twitter_misc":{"Est. reading time":"2 minutes"},"schema":{"@context":"https:\/\/schema.org","@graph":[{"@type":"WebPage","@id":"https:\/\/www.yorku.ca\/housing\/contact\/","url":"https:\/\/www.yorku.ca\/housing\/contact\/","name":"Contact - Housing &amp; Conference Services","isPartOf":{"@id":"https:\/\/www.yorku.ca\/housing\/#website"},"datePublished":"2025-05-15T18:58:18+00:00","dateModified":"2025-05-16T16:06:27+00:00","breadcrumb":{"@id":"https:\/\/www.yorku.ca\/housing\/contact\/#breadcrumb"},"inLanguage":"en-US","potentialAction":[{"@type":"ReadAction","target":["https:\/\/www.yorku.ca\/housing\/contact\/"]}]},{"@type":"BreadcrumbList","@id":"https:\/\/www.yorku.ca\/housing\/contact\/#breadcrumb","itemListElement":[{"@type":"ListItem","position":1,"name":"Home","item":"https:\/\/www.yorku.ca\/housing\/"},{"@type":"ListItem","position":2,"name":"Contact"}]},{"@type":"WebSite","@id":"https:\/\/www.yorku.ca\/housing\/#website","url":"https:\/\/www.yorku.ca\/housing\/","name":"Housing &amp; Conference Services","description":"","potentialAction":[{"@type":"SearchAction","target":{"@type":"EntryPoint","urlTemplate":"https:\/\/www.yorku.ca\/housing\/?s={search_term_string}"},"query-input":{"@type":"PropertyValueSpecification","valueRequired":true,"valueName":"search_term_string"}}],"inLanguage":"en-US"}]}},"taxonomy_info":[],"featured_image_src_large":false,"author_info":{"display_name":"aawini","author_link":"https:\/\/www.yorku.ca\/housing\/author\/aawini\/"},"comment_info":"","_links":{"self":[{"href":"https:\/\/www.yorku.ca\/housing\/wp-json\/wp\/v2\/pages\/7494","targetHints":{"allow":["GET"]}}],"collection":[{"href":"https:\/\/www.yorku.ca\/housing\/wp-json\/wp\/v2\/pages"}],"about":[{"href":"https:\/\/www.yorku.ca\/housing\/wp-json\/wp\/v2\/types\/page"}],"author":[{"embeddable":true,"href":"https:\/\/www.yorku.ca\/housing\/wp-json\/wp\/v2\/users\/151"}],"replies":[{"embeddable":true,"href":"https:\/\/www.yorku.ca\/housing\/wp-json\/wp\/v2\/comments?post=7494"}],"version-history":[{"count":4,"href":"https:\/\/www.yorku.ca\/housing\/wp-json\/wp\/v2\/pages\/7494\/revisions"}],"predecessor-version":[{"id":7505,"href":"https:\/\/www.yorku.ca\/housing\/wp-json\/wp\/v2\/pages\/7494\/revisions\/7505"}],"wp:attachment":[{"href":"https:\/\/www.yorku.ca\/housing\/wp-json\/wp\/v2\/media?parent=7494"}],"wp:term":[{"taxonomy":"post_tag","embeddable":true,"href":"https:\/\/www.yorku.ca\/housing\/wp-json\/wp\/v2\/tags?post=7494"}],"curies":[{"name":"wp","href":"https:\/\/api.w.org\/{rel}","templated":true}]}}