  {"id":1351,"date":"2021-01-29T12:48:50","date_gmt":"2021-01-29T17:48:50","guid":{"rendered":"https:\/\/www.yorku.ca\/housing\/?page_id=1351"},"modified":"2025-02-28T10:50:52","modified_gmt":"2025-02-28T15:50:52","slug":"faire-une-demande","status":"publish","type":"page","link":"https:\/\/www.yorku.ca\/housing\/faire-une-demande\/?lang=fr","title":{"rendered":"Faites une demande de r\u00e9sidence"},"content":{"rendered":"\n\n\n<div class=\"wp-block-group profile-block top left white\"><div class=\"wp-block-group__inner-container is-layout-flow wp-block-group-is-layout-flow\">\n<figure class=\"wp-block-image size-large border-md border-primary\"><img loading=\"lazy\" decoding=\"async\" width=\"1024\" height=\"683\" src=\"https:\/\/www.yorku.ca\/housing\/wp-content\/uploads\/sites\/57\/2021\/01\/Osgoode_seats3-1024x683.jpg\" alt=\"\" class=\"wp-image-1047\" srcset=\"https:\/\/www.yorku.ca\/housing\/wp-content\/uploads\/sites\/57\/2021\/01\/Osgoode_seats3-1024x683.jpg 1024w, https:\/\/www.yorku.ca\/housing\/wp-content\/uploads\/sites\/57\/2021\/01\/Osgoode_seats3-300x200.jpg 300w, https:\/\/www.yorku.ca\/housing\/wp-content\/uploads\/sites\/57\/2021\/01\/Osgoode_seats3-1536x1024.jpg 1536w, https:\/\/www.yorku.ca\/housing\/wp-content\/uploads\/sites\/57\/2021\/01\/Osgoode_seats3-2048x1365.jpg 2048w\" sizes=\"auto, (max-width: 1024px) 100vw, 1024px\" \/><\/figure>\n\n\n\n<div class=\"wp-block-group\"><div class=\"wp-block-group__inner-container is-layout-flow wp-block-group-is-layout-flow\">\n<p class=\"text-primary text-uppercase mb-0\">Vivez sur le campus avec<\/p>\n\n\n\n<h2 class=\"wp-block-heading mb-0\">Les R\u00e9sidences York<\/h2>\n\n\n\n<div style=\"height:20px\" aria-hidden=\"true\" class=\"wp-block-spacer\"><\/div>\n\n\n\n<p>Les R\u00e9sidences York offre des logements sur le campus aux \u00e9tudiants inscrits \u00e0 des programmes de premier cycle et des cycles sup\u00e9rieurs de l'Universit\u00e9 York. La communaut\u00e9 des R\u00e9sidences York offre une vari\u00e9t\u00e9 de styles d'h\u00e9bergement, des espaces de r\u00e9sidence traditionnels aux unit\u00e9s autonomes. Plus de 4 000 \u00e9tudiants vivent sur le campus chaque ann\u00e9e dans plus de 16 b\u00e2timents de r\u00e9sidence sur trois campus.<\/p>\n\n\n\n<p><\/p>\n<\/div><\/div>\n\n\n\n<div class=\"wp-block-buttons has-white-background-color has-background is-content-justification-center is-layout-flex wp-container-core-buttons-is-layout-1 wp-block-buttons-is-layout-flex\">\n<div class=\"wp-block-button has-custom-width wp-block-button__width-50 is-style-outline is-style-outline--1\"><a class=\"wp-block-button__link has-white-background-color has-text-color has-background has-link-color has-text-align-center wp-element-button\" href=\"https:\/\/housingportal.uit.yorku.ca\/StarRezPortalX\/267BBE8D\/40\/206\/Home-Home?UrlToken=EB172251\" style=\"color:#e31837\" target=\"_blank\" rel=\"noreferrer noopener\"><strong><img decoding=\"async\" src=\"https:\/\/www.yorku.ca\/housing\/wp-content\/uploads\/sites\/57\/2024\/06\/Apply.png\" alt=\"Apply for residence at ¿ì²¥ÊÓÆµ.\"><\/strong><br><strong>Postulez maintenant !<\/strong><\/a><\/div>\n<\/div>\n<\/div><\/div>\n\n\n\n<div class=\"wp-block-group\"><div class=\"wp-block-group__inner-container is-layout-constrained wp-block-group-is-layout-constrained\">\n<div class=\"wp-block-columns card-deck aspect-ratio is-layout-flex wp-container-core-columns-is-layout-1 wp-block-columns-is-layout-flex\">\n<div class=\"wp-block-column card rounded-0 bg-white has-black-color has-text-color is-layout-flow wp-block-column-is-layout-flow\">\n<figure class=\"wp-block-image size-large\"><img loading=\"lazy\" decoding=\"async\" width=\"1024\" height=\"680\" src=\"https:\/\/www.yorku.ca\/housing\/wp-content\/uploads\/sites\/57\/2021\/01\/Pond1-1024x680.jpg\" alt=\"\" class=\"wp-image-746\" srcset=\"https:\/\/www.yorku.ca\/housing\/wp-content\/uploads\/sites\/57\/2021\/01\/Pond1-1024x680.jpg 1024w, https:\/\/www.yorku.ca\/housing\/wp-content\/uploads\/sites\/57\/2021\/01\/Pond1-300x199.jpg 300w, https:\/\/www.yorku.ca\/housing\/wp-content\/uploads\/sites\/57\/2021\/01\/Pond1-1536x1020.jpg 1536w, https:\/\/www.yorku.ca\/housing\/wp-content\/uploads\/sites\/57\/2021\/01\/Pond1-2048x1360.jpg 2048w\" sizes=\"auto, (max-width: 1024px) 100vw, 1024px\" \/><\/figure>\n\n\n\n<div class=\"wp-block-group card-body\"><div class=\"wp-block-group__inner-container is-layout-flow wp-block-group-is-layout-flow\">\n<h2 class=\"wp-block-heading card-title h5\">Campus de Keele -R\u00e9sidences pour \u00e9tudiants de premier cycle<\/h2>\n\n\n\n<p>Situ\u00e9 sur le campus de Keele, York Housing offre un m\u00e9lange de r\u00e9sidences traditionnelles et de suites pour les \u00e9tudiants qui ont \u00e9t\u00e9 accept\u00e9s dans un programme de premier cycle \u00e0 Keele.<\/p>\n<\/div><\/div>\n\n\n\n<div class=\"wp-block-buttons is-horizontal is-content-justification-left is-layout-flex wp-container-core-buttons-is-layout-2 wp-block-buttons-is-layout-flex\">\n<div class=\"wp-block-button\"><a class=\"wp-block-button__link has-background wp-element-button\" href=\"https:\/\/www.yorku.ca\/housing\/keele-campus\/p-keele-undergraduate\/\" style=\"background-color:#af0d1a\">Explorez les r\u00e9sidences a Keele<\/a><\/div>\n<\/div>\n<\/div>\n\n\n\n<div class=\"wp-block-column card rounded-0 bg-white is-layout-flow wp-block-column-is-layout-flow\">\n<figure class=\"wp-block-image size-large\"><img loading=\"lazy\" decoding=\"async\" width=\"1024\" height=\"680\" src=\"https:\/\/www.yorku.ca\/housing\/wp-content\/uploads\/sites\/57\/2020\/11\/DSC_1904_5_6-1024x680.jpg\" alt=\"\" class=\"wp-image-561\" srcset=\"https:\/\/www.yorku.ca\/housing\/wp-content\/uploads\/sites\/57\/2020\/11\/DSC_1904_5_6-1024x680.jpg 1024w, https:\/\/www.yorku.ca\/housing\/wp-content\/uploads\/sites\/57\/2020\/11\/DSC_1904_5_6-300x199.jpg 300w, https:\/\/www.yorku.ca\/housing\/wp-content\/uploads\/sites\/57\/2020\/11\/DSC_1904_5_6-1536x1020.jpg 1536w, https:\/\/www.yorku.ca\/housing\/wp-content\/uploads\/sites\/57\/2020\/11\/DSC_1904_5_6-2048x1360.jpg 2048w\" sizes=\"auto, (max-width: 1024px) 100vw, 1024px\" \/><\/figure>\n\n\n\n<div class=\"wp-block-group card-body\"><div class=\"wp-block-group__inner-container is-layout-flow wp-block-group-is-layout-flow\">\n<h2 class=\"wp-block-heading card-title h5\">Campus de Glendon<\/h2>\n\n\n\n<p>Situ\u00e9 sur le campus bilingue de York, le service de r\u00e9sidences de Glendon offre un m\u00e9lange d'options de r\u00e9sidences traditionnelles et de suites pour les \u00e9tudiants qui ont \u00e9t\u00e9 accept\u00e9s au Coll\u00e8ge Glendon.<\/p>\n<\/div><\/div>\n\n\n\n<p><\/p>\n\n\n\n<p><\/p>\n\n\n\n<div class=\"wp-block-buttons is-layout-flex wp-block-buttons-is-layout-flex\">\n<div class=\"wp-block-button\"><a class=\"wp-block-button__link has-background wp-element-button\" href=\"https:\/\/www.yorku.ca\/housing\/glendon\/\" style=\"background-color:#004a8d\">Explorez les r\u00e9sidences a Glendon<\/a><\/div>\n<\/div>\n<\/div>\n\n\n\n<div class=\"wp-block-column card rounded-0 bg-white is-layout-flow wp-block-column-is-layout-flow\">\n<figure class=\"wp-block-image size-full\"><img loading=\"lazy\" decoding=\"async\" width=\"750\" height=\"499\" src=\"https:\/\/www.yorku.ca\/housing\/wp-content\/uploads\/sites\/57\/2025\/02\/Passy-Exterior-.005.jpg\" alt=\"\" class=\"wp-image-7241\" srcset=\"https:\/\/www.yorku.ca\/housing\/wp-content\/uploads\/sites\/57\/2025\/02\/Passy-Exterior-.005.jpg 750w, https:\/\/www.yorku.ca\/housing\/wp-content\/uploads\/sites\/57\/2025\/02\/Passy-Exterior-.005-300x200.jpg 300w\" sizes=\"auto, (max-width: 750px) 100vw, 750px\" \/><\/figure>\n\n\n\n<div class=\"wp-block-group card-body\"><div class=\"wp-block-group__inner-container is-layout-flow wp-block-group-is-layout-flow\">\n<h2 class=\"wp-block-heading card-title h5\">Campus Keele- York Apartments<\/h2>\n\n\n\n<p class=\"card-text\">Les appartements York sont destin\u00e9s aux \u00e9tudiants de cycle sup\u00e9rieur. Ces unit\u00e9s autonomes sont de taille variable, allant de la chambre \u00e0 coucher \u00e0 la chambre double.<\/p>\n<\/div><\/div>\n\n\n\n<p><\/p>\n\n\n\n<p><\/p>\n\n\n\n<p><\/p>\n\n\n\n<div class=\"wp-block-buttons is-layout-flex wp-block-buttons-is-layout-flex\">\n<div class=\"wp-block-button\"><a class=\"wp-block-button__link has-background wp-element-button\" href=\"https:\/\/www.yorku.ca\/housing\/keele-campus\/p-york-apartments\/\" style=\"background-color:#b7aea9\">Explorez les appartements York<\/a><\/div>\n<\/div>\n<\/div>\n\n\n\n<div class=\"wp-block-column card rounded-0 bg-white is-layout-flow wp-block-column-is-layout-flow\">\n<figure class=\"wp-block-image size-full is-resized\"><img loading=\"lazy\" decoding=\"async\" width=\"750\" height=\"500\" src=\"https:\/\/www.yorku.ca\/housing\/wp-content\/uploads\/sites\/57\/2025\/02\/Markham-campus-23.jpg\" alt=\"\" class=\"wp-image-7239\" style=\"width:193px;height:auto\" srcset=\"https:\/\/www.yorku.ca\/housing\/wp-content\/uploads\/sites\/57\/2025\/02\/Markham-campus-23.jpg 750w, https:\/\/www.yorku.ca\/housing\/wp-content\/uploads\/sites\/57\/2025\/02\/Markham-campus-23-300x200.jpg 300w\" sizes=\"auto, (max-width: 750px) 100vw, 750px\" \/><\/figure>\n\n\n\n<div class=\"wp-block-group card-body\"><div class=\"wp-block-group__inner-container is-layout-flow wp-block-group-is-layout-flow\">\n<h2 class=\"wp-block-heading card-title h5\">Campus de Markham<\/h2>\n\n\n\n<p class=\"card-text\">Les r\u00e9sidences de style suite de Markham offrent un m\u00e9lange de chambres priv\u00e9es et d'espaces partag\u00e9s. De nombreuses options sont possibles, notamment une chambre \u00e0 coucher + un salon, une chambre \u00e0 coucher spacieuse ou une chambre \u00e0 coucher polyvalente + un salon, partag\u00e9s avec d'autres \u00e9tudiants.<\/p>\n<\/div><\/div>\n\n\n\n<div class=\"wp-block-buttons is-layout-flex wp-block-buttons-is-layout-flex\">\n<div class=\"wp-block-button\"><a class=\"wp-block-button__link has-background wp-element-button\" href=\"https:\/\/www.yorku.ca\/housing\/markham\/\" style=\"background-color:#3ac2ef\">Explorez les r\u00e9sidences a Markham<\/a><\/div>\n<\/div>\n<\/div>\n<\/div>\n<\/div><\/div>\n\n\n\n<div style=\"height:20px\" aria-hidden=\"true\" class=\"wp-block-spacer\"><\/div>\n\n\n\n<div class=\"wp-block-group brand-block left white\"><div class=\"wp-block-group__inner-container is-layout-flow wp-block-group-is-layout-flow\">\n<div class=\"wp-block-group\"><div class=\"wp-block-group__inner-container is-layout-flow wp-block-group-is-layout-flow\"><\/div><\/div>\n<\/div><\/div>\n\n\n\n<div class=\"wp-block-group brand-block right white\"><div class=\"wp-block-group__inner-container is-layout-flow wp-block-group-is-layout-flow\">\n<div class=\"wp-block-group\"><div class=\"wp-block-group__inner-container is-layout-flow wp-block-group-is-layout-flow\"><\/div><\/div>\n<\/div><\/div>\n\n\n\n<div class=\"wp-block-cover is-light full-width\"><span aria-hidden=\"true\" class=\"wp-block-cover__background has-very-dark-gray-background-color has-background-dim\"><\/span><img loading=\"lazy\" decoding=\"async\" width=\"2560\" height=\"1707\" class=\"wp-block-cover__image-background wp-image-293\" alt=\"\" src=\"https:\/\/www.yorku.ca\/housing\/wp-content\/uploads\/sites\/57\/2020\/11\/DSC_1015-scaled.jpg\" data-object-fit=\"cover\" srcset=\"https:\/\/www.yorku.ca\/housing\/wp-content\/uploads\/sites\/57\/2020\/11\/DSC_1015-scaled.jpg 2560w, https:\/\/www.yorku.ca\/housing\/wp-content\/uploads\/sites\/57\/2020\/11\/DSC_1015-300x200.jpg 300w, https:\/\/www.yorku.ca\/housing\/wp-content\/uploads\/sites\/57\/2020\/11\/DSC_1015-1024x683.jpg 1024w, https:\/\/www.yorku.ca\/housing\/wp-content\/uploads\/sites\/57\/2020\/11\/DSC_1015-1536x1024.jpg 1536w, https:\/\/www.yorku.ca\/housing\/wp-content\/uploads\/sites\/57\/2020\/11\/DSC_1015-2048x1365.jpg 2048w\" sizes=\"auto, (max-width: 2560px) 100vw, 2560px\" \/><div class=\"wp-block-cover__inner-container is-layout-flow wp-block-cover-is-layout-flow\">\n<div class=\"wp-block-group container pt-4 mt-3\"><div class=\"wp-block-group__inner-container is-layout-flow wp-block-group-is-layout-flow\">\n<div class=\"wp-block-columns card-deck aspect-ratio is-layout-flex wp-container-core-columns-is-layout-2 wp-block-columns-is-layout-flex\">\n<div class=\"wp-block-column card rounded-0 bg-white is-layout-flow wp-block-column-is-layout-flow\">\n<figure class=\"wp-block-image size-large\"><img loading=\"lazy\" decoding=\"async\" width=\"1024\" height=\"683\" src=\"https:\/\/www.yorku.ca\/housing\/wp-content\/uploads\/sites\/57\/2021\/01\/Students-Commons-Steps-3-1024x683.jpg\" alt=\"\" class=\"wp-image-1036\" srcset=\"https:\/\/www.yorku.ca\/housing\/wp-content\/uploads\/sites\/57\/2021\/01\/Students-Commons-Steps-3-1024x683.jpg 1024w, https:\/\/www.yorku.ca\/housing\/wp-content\/uploads\/sites\/57\/2021\/01\/Students-Commons-Steps-3-300x200.jpg 300w, https:\/\/www.yorku.ca\/housing\/wp-content\/uploads\/sites\/57\/2021\/01\/Students-Commons-Steps-3.jpg 1165w\" sizes=\"auto, (max-width: 1024px) 100vw, 1024px\" \/><\/figure>\n\n\n\n<div class=\"wp-block-group card-body\"><div class=\"wp-block-group__inner-container is-layout-flow wp-block-group-is-layout-flow\">\n<h2 class=\"wp-block-heading card-title h5 has-text-color\" style=\"color:#212529\">Avantages de la r\u00e9sidence<\/h2>\n\n\n\n<p class=\"has-very-dark-gray-color has-text-color\">Vivre en r\u00e9sidence est une opportunit\u00e9 incroyable de se connecter avec d'autres \u00e9tudiants, de d\u00e9velopper des amiti\u00e9s, d'apprendre et de tirer le meilleur parti de votre exp\u00e9rience universitaire. La vie en r\u00e9sidence favorise la r\u00e9ussite scolaire, l'engagement et le d\u00e9veloppement personnel. <\/p>\n\n\n\n<p class=\"has-very-dark-gray-color has-text-color\">Nos chambres de r\u00e9sidence de premier cycle enti\u00e8rement meubl\u00e9es permettent aux \u00e9tudiants de vivre sur le campus pendant la session universitaire. Les Appartement York propose des logements meubl\u00e9s et non meubl\u00e9s pour les \u00e9tudiants dipl\u00f4m\u00e9s qui souhaitent vivre sur le campus.<\/p>\n<\/div><\/div>\n<\/div>\n\n\n\n<div class=\"wp-block-column card rounded-0 bg-white is-layout-flow wp-block-column-is-layout-flow\">\n<figure class=\"wp-block-image size-large\"><img loading=\"lazy\" decoding=\"async\" width=\"1024\" height=\"683\" src=\"https:\/\/www.yorku.ca\/housing\/wp-content\/uploads\/sites\/57\/2021\/01\/glendon-runners-1024x683.jpg\" alt=\"\" class=\"wp-image-1040\" srcset=\"https:\/\/www.yorku.ca\/housing\/wp-content\/uploads\/sites\/57\/2021\/01\/glendon-runners-1024x683.jpg 1024w, https:\/\/www.yorku.ca\/housing\/wp-content\/uploads\/sites\/57\/2021\/01\/glendon-runners-300x200.jpg 300w, https:\/\/www.yorku.ca\/housing\/wp-content\/uploads\/sites\/57\/2021\/01\/glendon-runners-1536x1024.jpg 1536w, https:\/\/www.yorku.ca\/housing\/wp-content\/uploads\/sites\/57\/2021\/01\/glendon-runners.jpg 1584w\" sizes=\"auto, (max-width: 1024px) 100vw, 1024px\" \/><\/figure>\n\n\n\n<div class=\"wp-block-group card-body\"><div class=\"wp-block-group__inner-container is-layout-flow wp-block-group-is-layout-flow\">\n<h2 class=\"wp-block-heading card-title h5 has-text-color\" style=\"color:#212529\">L\u2019exp\u00e9rience en r\u00e9sidence<\/h2>\n\n\n\n<p class=\"has-text-color\" style=\"color:#212529\">L'exp\u00e9rience en r\u00e9sidences est bas\u00e9e sur la communaut\u00e9, l'apprentissage de soi et des autres et la croissance \u00e0 partir de nouvelles exp\u00e9riences.<\/p>\n\n\n\n<p class=\"has-text-color\" style=\"color:#212529\">Notre programme de vie en r\u00e9sidence aide les \u00e9tudiants de premier cycle \u00e0 se connecter avec leurs pairs et la communaut\u00e9 universitaire. Les \u00e9tudiants dipl\u00f4m\u00e9s vivant dans les appartements York b\u00e9n\u00e9ficient de la commodit\u00e9 de vivre sur le campus et de la communaut\u00e9 \u00e9tudiante qui se manifeste dans chacun de nos immeubles de r\u00e9sidence.<\/p>\n\n\n\n<p><\/p>\n<\/div><\/div>\n<\/div>\n<\/div>\n<\/div><\/div>\n\n\n\n<p><\/p>\n<\/div><\/div>\n\n\n\n<p class=\"has-black-color has-text-color has-small-font-size\"><strong>Politique de confidentialit\u00e9 :<\/strong><\/p>\n\n\n\n<p class=\"has-black-color has-text-color has-small-font-size\">Les informations personnelles relatives aux demandes de logement sont collect\u00e9es en vertu de la loi de 1965 sur l'universit\u00e9 de York et seront utilis\u00e9es pour l'administration des services de r\u00e9sidence, y compris l'attribution des logements, la vie en r\u00e9sidence, et pour d'autres objectifs connexes ou coh\u00e9rents. Les informations pertinentes et les coordonn\u00e9es d'urgence seront partag\u00e9es avec le personnel de la r\u00e9sidence et d'autres employ\u00e9s de l'universit\u00e9 \u00e0 des fins de gestion des situations d'urgence. Si vous avez des questions sur la collecte, l'utilisation ou la divulgation d'informations personnelles par l'Universit\u00e9 de York, veuillez contacter l'une des personnes suivantes :<\/p>\n\n\n\n<ul class=\"wp-block-list has-black-color has-text-color has-small-font-size\">\n<li>Keele Undergraduate :\u00a0<a href=\"mailto:undergradres@yorku.ca\">undergradres@yorku.ca<\/a><\/li>\n\n\n\n<li>R\u00e9sidence Glendon :\u00a0<a href=\"mailto:residence@glendon.yorku.ca\">residence@glendon.yorku.ca<\/a><\/li>\n\n\n\n<li>York Apartments :\u00a0<a href=\"mailto:apstatus@yorku.ca\">apstatus@yorku.ca<\/a><\/li>\n\n\n\n<li>R\u00e9sidence Markham :\u00a0<a href=\"mailto:markhamhousing@yorku.ca\">markhamhousing@yorku.ca<\/a>\u00a0<\/li>\n<\/ul>\n\n\n\n<p class=\"has-black-color has-text-color has-small-font-size\">Conform\u00e9ment \u00e0 la politique de l'Universit\u00e9 de York sur l'acc\u00e8s \u00e0 l'information et la protection de la vie priv\u00e9e et \u00e0 la loi sur la libert\u00e9 de l'information et la protection de la vie priv\u00e9e, je donne mon consentement \u00e0 l'Universit\u00e9 de York pour utiliser et divulguer mes informations personnelles comme indiqu\u00e9 ci-dessus.<\/p>\n\n\n\n<p><\/p>\n","protected":false},"excerpt":{"rendered":"<p>Vivez sur le campus avec Les R\u00e9sidences York Les R\u00e9sidences York offre des logements sur le campus aux \u00e9tudiants inscrits \u00e0 des programmes de premier cycle et des cycles sup\u00e9rieurs de l'Universit\u00e9 York. La communaut\u00e9 des R\u00e9sidences York offre une vari\u00e9t\u00e9 de styles d'h\u00e9bergement, des espaces de r\u00e9sidence traditionnels aux unit\u00e9s autonomes. Plus de 4 [&hellip;]<\/p>\n","protected":false},"author":1105,"featured_media":0,"parent":0,"menu_order":0,"comment_status":"closed","ping_status":"closed","template":"","meta":{"_kad_blocks_custom_css":"","_kad_blocks_head_custom_js":"","_kad_blocks_body_custom_js":"","_kad_blocks_footer_custom_js":"","ngg_post_thumbnail":0,"footnotes":""},"tags":[],"class_list":["post-1351","page","type-page","status-publish","hentry"],"yoast_head":"<!-- This site is optimized with the Yoast SEO plugin v24.0 - https:\/\/yoast.com\/wordpress\/plugins\/seo\/ -->\n<title>Faites une demande de r\u00e9sidence - Housing &amp; Conference Services<\/title>\n<meta name=\"robots\" content=\"index, follow, max-snippet:-1, max-image-preview:large, max-video-preview:-1\" \/>\n<link rel=\"canonical\" href=\"https:\/\/www.yorku.ca\/housing\/apply\/\" \/>\n<meta property=\"og:locale\" content=\"en_US\" \/>\n<meta property=\"og:type\" content=\"article\" \/>\n<meta property=\"og:title\" content=\"Faites une demande de r\u00e9sidence - Housing &amp; Conference Services\" \/>\n<meta property=\"og:description\" content=\"Vivez sur le campus avec Les R\u00e9sidences York Les R\u00e9sidences York offre des logements sur le campus aux \u00e9tudiants inscrits \u00e0 des programmes de premier cycle et des cycles sup\u00e9rieurs de l&#039;Universit\u00e9 York. La communaut\u00e9 des R\u00e9sidences York offre une vari\u00e9t\u00e9 de styles d&#039;h\u00e9bergement, des espaces de r\u00e9sidence traditionnels aux unit\u00e9s autonomes. Plus de 4 [&hellip;]\" \/>\n<meta property=\"og:url\" content=\"https:\/\/www.yorku.ca\/housing\/apply\/\" \/>\n<meta property=\"og:site_name\" content=\"Housing &amp; Conference Services\" \/>\n<meta property=\"article:modified_time\" content=\"2025-02-28T15:50:52+00:00\" \/>\n<meta property=\"og:image\" content=\"https:\/\/www.yorku.ca\/housing\/wp-content\/uploads\/sites\/57\/2021\/01\/Osgoode_seats3-scaled.jpg\" \/>\n\t<meta property=\"og:image:width\" content=\"2560\" \/>\n\t<meta property=\"og:image:height\" content=\"1707\" \/>\n\t<meta property=\"og:image:type\" content=\"image\/jpeg\" \/>\n<meta name=\"twitter:card\" content=\"summary_large_image\" \/>\n<meta name=\"twitter:label1\" content=\"Est. reading time\" \/>\n\t<meta name=\"twitter:data1\" content=\"3 minutes\" \/>\n<script type=\"application\/ld+json\" class=\"yoast-schema-graph\">{\"@context\":\"https:\/\/schema.org\",\"@graph\":[{\"@type\":\"WebPage\",\"@id\":\"https:\/\/www.yorku.ca\/housing\/apply\/\",\"url\":\"https:\/\/www.yorku.ca\/housing\/apply\/\",\"name\":\"Faites une demande de r\u00e9sidence - Housing &amp; Conference Services\",\"isPartOf\":{\"@id\":\"https:\/\/www.yorku.ca\/housing\/#website\"},\"primaryImageOfPage\":{\"@id\":\"https:\/\/www.yorku.ca\/housing\/apply\/#primaryimage\"},\"image\":{\"@id\":\"https:\/\/www.yorku.ca\/housing\/apply\/#primaryimage\"},\"thumbnailUrl\":\"https:\/\/www.yorku.ca\/housing\/wp-content\/uploads\/sites\/57\/2021\/01\/Osgoode_seats3-1024x683.jpg\",\"datePublished\":\"2021-01-29T17:48:50+00:00\",\"dateModified\":\"2025-02-28T15:50:52+00:00\",\"breadcrumb\":{\"@id\":\"https:\/\/www.yorku.ca\/housing\/apply\/#breadcrumb\"},\"inLanguage\":\"en-US\",\"potentialAction\":[{\"@type\":\"ReadAction\",\"target\":[\"https:\/\/www.yorku.ca\/housing\/apply\/\"]}]},{\"@type\":\"ImageObject\",\"inLanguage\":\"en-US\",\"@id\":\"https:\/\/www.yorku.ca\/housing\/apply\/#primaryimage\",\"url\":\"https:\/\/www.yorku.ca\/housing\/wp-content\/uploads\/sites\/57\/2021\/01\/Osgoode_seats3-scaled.jpg\",\"contentUrl\":\"https:\/\/www.yorku.ca\/housing\/wp-content\/uploads\/sites\/57\/2021\/01\/Osgoode_seats3-scaled.jpg\",\"width\":2560,\"height\":1707},{\"@type\":\"BreadcrumbList\",\"@id\":\"https:\/\/www.yorku.ca\/housing\/apply\/#breadcrumb\",\"itemListElement\":[{\"@type\":\"ListItem\",\"position\":1,\"name\":\"Home\",\"item\":\"https:\/\/www.yorku.ca\/housing\/\"},{\"@type\":\"ListItem\",\"position\":2,\"name\":\"Faites une demande de r\u00e9sidence\"}]},{\"@type\":\"WebSite\",\"@id\":\"https:\/\/www.yorku.ca\/housing\/#website\",\"url\":\"https:\/\/www.yorku.ca\/housing\/\",\"name\":\"Housing &amp; Conference Services\",\"description\":\"\",\"potentialAction\":[{\"@type\":\"SearchAction\",\"target\":{\"@type\":\"EntryPoint\",\"urlTemplate\":\"https:\/\/www.yorku.ca\/housing\/?s={search_term_string}\"},\"query-input\":{\"@type\":\"PropertyValueSpecification\",\"valueRequired\":true,\"valueName\":\"search_term_string\"}}],\"inLanguage\":\"en-US\"}]}<\/script>\n<!-- \/ Yoast SEO plugin. -->","yoast_head_json":{"title":"Faites une demande de r\u00e9sidence - Housing &amp; Conference Services","robots":{"index":"index","follow":"follow","max-snippet":"max-snippet:-1","max-image-preview":"max-image-preview:large","max-video-preview":"max-video-preview:-1"},"canonical":"https:\/\/www.yorku.ca\/housing\/apply\/","og_locale":"en_US","og_type":"article","og_title":"Faites une demande de r\u00e9sidence - Housing &amp; Conference Services","og_description":"Vivez sur le campus avec Les R\u00e9sidences York Les R\u00e9sidences York offre des logements sur le campus aux \u00e9tudiants inscrits \u00e0 des programmes de premier cycle et des cycles sup\u00e9rieurs de l'Universit\u00e9 York. La communaut\u00e9 des R\u00e9sidences York offre une vari\u00e9t\u00e9 de styles d'h\u00e9bergement, des espaces de r\u00e9sidence traditionnels aux unit\u00e9s autonomes. Plus de 4 [&hellip;]","og_url":"https:\/\/www.yorku.ca\/housing\/apply\/","og_site_name":"Housing &amp; Conference Services","article_modified_time":"2025-02-28T15:50:52+00:00","og_image":[{"width":2560,"height":1707,"url":"https:\/\/www.yorku.ca\/housing\/wp-content\/uploads\/sites\/57\/2021\/01\/Osgoode_seats3-scaled.jpg","type":"image\/jpeg"}],"twitter_card":"summary_large_image","twitter_misc":{"Est. reading time":"3 minutes"},"schema":{"@context":"https:\/\/schema.org","@graph":[{"@type":"WebPage","@id":"https:\/\/www.yorku.ca\/housing\/apply\/","url":"https:\/\/www.yorku.ca\/housing\/apply\/","name":"Faites une demande de r\u00e9sidence - Housing &amp; Conference Services","isPartOf":{"@id":"https:\/\/www.yorku.ca\/housing\/#website"},"primaryImageOfPage":{"@id":"https:\/\/www.yorku.ca\/housing\/apply\/#primaryimage"},"image":{"@id":"https:\/\/www.yorku.ca\/housing\/apply\/#primaryimage"},"thumbnailUrl":"https:\/\/www.yorku.ca\/housing\/wp-content\/uploads\/sites\/57\/2021\/01\/Osgoode_seats3-1024x683.jpg","datePublished":"2021-01-29T17:48:50+00:00","dateModified":"2025-02-28T15:50:52+00:00","breadcrumb":{"@id":"https:\/\/www.yorku.ca\/housing\/apply\/#breadcrumb"},"inLanguage":"en-US","potentialAction":[{"@type":"ReadAction","target":["https:\/\/www.yorku.ca\/housing\/apply\/"]}]},{"@type":"ImageObject","inLanguage":"en-US","@id":"https:\/\/www.yorku.ca\/housing\/apply\/#primaryimage","url":"https:\/\/www.yorku.ca\/housing\/wp-content\/uploads\/sites\/57\/2021\/01\/Osgoode_seats3-scaled.jpg","contentUrl":"https:\/\/www.yorku.ca\/housing\/wp-content\/uploads\/sites\/57\/2021\/01\/Osgoode_seats3-scaled.jpg","width":2560,"height":1707},{"@type":"BreadcrumbList","@id":"https:\/\/www.yorku.ca\/housing\/apply\/#breadcrumb","itemListElement":[{"@type":"ListItem","position":1,"name":"Home","item":"https:\/\/www.yorku.ca\/housing\/"},{"@type":"ListItem","position":2,"name":"Faites une demande de r\u00e9sidence"}]},{"@type":"WebSite","@id":"https:\/\/www.yorku.ca\/housing\/#website","url":"https:\/\/www.yorku.ca\/housing\/","name":"Housing &amp; Conference Services","description":"","potentialAction":[{"@type":"SearchAction","target":{"@type":"EntryPoint","urlTemplate":"https:\/\/www.yorku.ca\/housing\/?s={search_term_string}"},"query-input":{"@type":"PropertyValueSpecification","valueRequired":true,"valueName":"search_term_string"}}],"inLanguage":"en-US"}]}},"taxonomy_info":[],"featured_image_src_large":false,"author_info":{"display_name":"gagliap","author_link":"https:\/\/www.yorku.ca\/housing\/author\/gagliap\/"},"comment_info":"","_links":{"self":[{"href":"https:\/\/www.yorku.ca\/housing\/wp-json\/wp\/v2\/pages\/1351","targetHints":{"allow":["GET"]}}],"collection":[{"href":"https:\/\/www.yorku.ca\/housing\/wp-json\/wp\/v2\/pages"}],"about":[{"href":"https:\/\/www.yorku.ca\/housing\/wp-json\/wp\/v2\/types\/page"}],"author":[{"embeddable":true,"href":"https:\/\/www.yorku.ca\/housing\/wp-json\/wp\/v2\/users\/1105"}],"replies":[{"embeddable":true,"href":"https:\/\/www.yorku.ca\/housing\/wp-json\/wp\/v2\/comments?post=1351"}],"version-history":[{"count":38,"href":"https:\/\/www.yorku.ca\/housing\/wp-json\/wp\/v2\/pages\/1351\/revisions"}],"predecessor-version":[{"id":7250,"href":"https:\/\/www.yorku.ca\/housing\/wp-json\/wp\/v2\/pages\/1351\/revisions\/7250"}],"wp:attachment":[{"href":"https:\/\/www.yorku.ca\/housing\/wp-json\/wp\/v2\/media?parent=1351"}],"wp:term":[{"taxonomy":"post_tag","embeddable":true,"href":"https:\/\/www.yorku.ca\/housing\/wp-json\/wp\/v2\/tags?post=1351"}],"curies":[{"name":"wp","href":"https:\/\/api.w.org\/{rel}","templated":true}]}}