  {"id":16934,"date":"2023-11-15T18:16:41","date_gmt":"2023-11-15T23:16:41","guid":{"rendered":"https:\/\/www.yorku.ca\/glendon\/supports-and-services\/counseling-de-glendon\/virtual-counselling\/"},"modified":"2024-11-15T10:04:20","modified_gmt":"2024-11-15T15:04:20","slug":"virtual-counselling","status":"publish","type":"page","link":"https:\/\/www.yorku.ca\/glendon\/supports-and-services\/counseling-de-glendon\/virtual-counselling\/?lang=fr","title":{"rendered":"Counseling virtuel"},"content":{"rendered":"\n<h2 class=\"wp-block-heading has-medium-font-size\">Admissibilit\u00e9 aux services<\/h2>\n\n\n\n<p>Les \u00e9tudiants et \u00e9tudiantes inscrits \u00e0 l\u2019Universit\u00e9 York peuvent b\u00e9n\u00e9ficier de services de counseling sur les campus <a href=\"https:\/\/students.yorku.ca\/counselling\/contact\">Keele, Glendon et Markham<\/a>. Si vous r\u00e9sidez en Ontario, vous pouvez acc\u00e9der \u00e0 un soutien virtuel 24h\/7 par l\u2019interm\u00e9diaire de&nbsp;<a href=\"https:\/\/good2talk.ca\/\">Good2Talk<\/a>.<\/p>\n\n\n\n<div style=\"height:20px\" aria-hidden=\"true\" class=\"wp-block-spacer\"><\/div>\n\n\n\n<hr class=\"wp-block-separator has-text-color has-cyan-bluish-gray-color has-css-opacity has-cyan-bluish-gray-background-color has-background is-style-wide\"\/>\n\n\n\n<div class=\"wp-block-columns is-layout-flex wp-container-core-columns-is-layout-1 wp-block-columns-is-layout-flex\">\n<div class=\"wp-block-column is-layout-flow wp-block-column-is-layout-flow\" style=\"flex-basis:66.66%\">\n<h2 class=\"wp-block-heading\">S\u00e9ance unique avec rendez-vous le jour m\u00eame <\/h2>\n\n\n\n<p>Les rendez-vous sont pris le jour m\u00eame du lundi au vendredi \u00e0 8h45.<\/p>\n\n\n\n<p>Veuillez prendre rendez-vous \u00e0 l\u2019aide du <a href=\"https:\/\/counselling.apps01.yorku.ca\/owl\" target=\"_blank\" rel=\"noreferrer noopener\">formulaire de r\u00e9servation en ligne<\/a>.<\/p>\n\n\n\n<p>Si aucun rendez-vous n\u2019est disponible, veuillez v\u00e9rifier les annulations tout au long de la journ\u00e9e.<\/p>\n\n\n\n<div class=\"wp-block-buttons is-layout-flex wp-block-buttons-is-layout-flex\">\n<div class=\"wp-block-button bg-glendon text-decoration-none text-white rounded-0 p-2\"><a class=\"wp-block-button__link has-text-color has-background no-border-radius wp-element-button\" href=\"https:\/\/counselling.apps01.yorku.ca\/owl\" style=\"color:#ffffff;background-color:#004a8d\" target=\"_blank\" rel=\"noreferrer noopener\"><strong>R\u00e9server<\/strong><\/a><\/div>\n<\/div>\n\n\n\n<div style=\"height:25px\" aria-hidden=\"true\" class=\"wp-block-spacer\"><\/div>\n\n\n\n<h2 class=\"wp-block-heading\">Counseling \u00e0 court terme (6-8 s\u00e9ances)<\/h2>\n\n\n\n<p>Vous ne pouvez acc\u00e9der \u00e0 une th\u00e9rapie de courte dur\u00e9e qu'apr\u00e8s avoir assist\u00e9 \u00e0 une s\u00e9ance unique. Vous devrez \u00e9galement avoir tent\u00e9 d'atteindre les objectifs de \u00ab l'\u00e9tape suivante \u00bb d\u00e9finis lors de la s\u00e9ance unique pr\u00e9c\u00e9dente avec un conseiller.<\/p>\n\n\n\n<p>Votre conseiller et vous d\u00e9ciderez ensemble si vous avez besoin d'une th\u00e9rapie de courte dur\u00e9e et si elle vous convient ou non.<\/p>\n\n\n\n<p>Tous les conseillers de Counseling, de sant\u00e9 et de bien-\u00eatre \u00e9tudiant sont des cliniciens agr\u00e9\u00e9s qui ont l'habitude de travailler avec une population \u00e9tudiante diversifi\u00e9e.<\/p>\n\n\n\n<p>Cela dit, nous reconnaissons que vous pouvez souhaiter rencontrer un conseiller avec lequel vous partagez la m\u00eame identit\u00e9 ou des ant\u00e9c\u00e9dents similaires.<\/p>\n\n\n\n<p>Si vous pr\u00e9f\u00e9rez rencontrer un conseiller d'une identit\u00e9 particuli\u00e8re (homme, femme, Noir, 2SLGBTQIA+, etc.) pour une consultation continue, veuillez en informer votre conseiller lors de votre rendez-vous pour une s\u00e9ance unique. Nous ferons de notre mieux pour que ces pr\u00e9f\u00e9rences soient satisfaites rapidement.<\/p>\n<\/div>\n\n\n\n<div class=\"wp-block-column has-background is-layout-flow wp-block-column-is-layout-flow\" style=\"background-color:#e1dfdc;flex-basis:33.33%\">\n<h2 class=\"wp-block-heading has-medium-font-size\">Rappels<\/h2>\n\n\n\n<ul class=\"wp-block-list\">\n<li>Vous pouvez utiliser le counseling virtuel \u00e0 plusieurs reprises. Nous nous attendons toutefois \u00e0 ce qu\u2019avant de revenir, vous ayez termin\u00e9 le plan des \u00ab&nbsp;prochaines \u00e9tapes&nbsp;\u00bb \u00e9labor\u00e9 conjointement lors de la s\u00e9ance pr\u00e9c\u00e9dente.&nbsp;<\/li>\n\n\n\n<li>Il se peut que vous ne voyiez pas la m\u00eame personne lors des visites subs\u00e9quentes, mais les conseillers et conseill\u00e8res commenceront la s\u00e9ance par un examen de vos progr\u00e8s sur le plan des \u00ab&nbsp;prochaines \u00e9tapes&nbsp;\u00bb.&nbsp;<\/li>\n\n\n\n<li>Les Services de counseling, de sant\u00e9 et de bien-\u00eatre \u00e9tudiant ne fournissent pas de documents (d\u00e9clarations des conseillers, lettres de soutien, p\u00e9titions, etc.) aux \u00e9tudiants qui assistent seulement \u00e0 des s\u00e9ances de conseil sans rendez-vous, \u00e0 l\u2019exception de lettres d\u2019assiduit\u00e9.&nbsp;<\/li>\n<\/ul>\n<\/div>\n<\/div>\n\n\n\n<p><\/p>\n","protected":false},"excerpt":{"rendered":"<p>Admissibilit\u00e9 aux services Les \u00e9tudiants et \u00e9tudiantes inscrits \u00e0 l\u2019Universit\u00e9 York peuvent b\u00e9n\u00e9ficier de services de counseling sur les campus Keele, Glendon et Markham. Si vous r\u00e9sidez en Ontario, vous pouvez acc\u00e9der \u00e0 un soutien virtuel 24h\/7 par l\u2019interm\u00e9diaire de&nbsp;Good2Talk. S\u00e9ance unique avec rendez-vous le jour m\u00eame Les rendez-vous sont pris le jour m\u00eame du [&hellip;]<\/p>\n","protected":false},"author":1515,"featured_media":0,"parent":7779,"menu_order":0,"comment_status":"closed","ping_status":"closed","template":"secondary-page.php","meta":{"_kad_blocks_custom_css":"","_kad_blocks_head_custom_js":"","_kad_blocks_body_custom_js":"","_kad_blocks_footer_custom_js":"","footnotes":""},"tags":[],"class_list":["post-16934","page","type-page","status-publish","hentry"],"acf":[],"yoast_head":"<!-- This site is optimized with the Yoast SEO plugin v24.0 - https:\/\/yoast.com\/wordpress\/plugins\/seo\/ -->\n<title>Counseling virtuel | Glendon Campus | Universit\u00e9 York<\/title>\n<meta name=\"description\" content=\"Les \u00e9tudiants inscrits \u00e0 l&#039;Universit\u00e9 York peuvent b\u00e9n\u00e9ficier des services de counseling. Prenez rendez-vous en ligne ou venez nous rendre visite aux campus de Glendon ou de Keele.\" \/>\n<meta name=\"robots\" content=\"index, follow, max-snippet:-1, max-image-preview:large, max-video-preview:-1\" \/>\n<link rel=\"canonical\" href=\"https:\/\/www.yorku.ca\/glendon\/supports-and-services\/counseling-de-glendon\/virtual-counselling\/\" \/>\n<meta property=\"og:locale\" content=\"en_US\" \/>\n<meta property=\"og:type\" content=\"article\" \/>\n<meta property=\"og:title\" content=\"Counseling virtuel | Glendon Campus | Universit\u00e9 York\" \/>\n<meta property=\"og:description\" content=\"Les \u00e9tudiants inscrits \u00e0 l&#039;Universit\u00e9 York peuvent b\u00e9n\u00e9ficier des services de counseling. Prenez rendez-vous en ligne ou venez nous rendre visite aux campus de Glendon ou de Keele.\" \/>\n<meta property=\"og:url\" content=\"https:\/\/www.yorku.ca\/glendon\/supports-and-services\/counseling-de-glendon\/virtual-counselling\/?lang=fr\" \/>\n<meta property=\"og:site_name\" content=\"Glendon Campus\" \/>\n<meta property=\"article:publisher\" content=\"https:\/\/www.facebook.com\/GlendonCampus\/\" \/>\n<meta property=\"article:modified_time\" content=\"2024-11-15T15:04:20+00:00\" \/>\n<meta property=\"og:image\" content=\"https:\/\/www.yorku.ca\/glendon\/wp-content\/uploads\/sites\/508\/2021\/10\/glendon-campus-Glendon-Overall_Aerial-3.jpg\" \/>\n\t<meta property=\"og:image:width\" content=\"1642\" \/>\n\t<meta property=\"og:image:height\" content=\"925\" \/>\n\t<meta property=\"og:image:type\" content=\"image\/jpeg\" \/>\n<meta name=\"twitter:card\" content=\"summary_large_image\" \/>\n<meta name=\"twitter:site\" content=\"@glendoncampus\" \/>\n<meta name=\"twitter:label1\" content=\"Est. reading time\" \/>\n\t<meta name=\"twitter:data1\" content=\"1 minute\" \/>\n<script type=\"application\/ld+json\" class=\"yoast-schema-graph\">{\"@context\":\"https:\/\/schema.org\",\"@graph\":[{\"@type\":\"WebPage\",\"@id\":\"https:\/\/www.yorku.ca\/glendon\/supports-and-services\/counseling-de-glendon\/virtual-counselling\/?lang=fr\",\"url\":\"https:\/\/www.yorku.ca\/glendon\/supports-and-services\/counseling-de-glendon\/virtual-counselling\/?lang=fr\",\"name\":\"Counseling virtuel | Glendon Campus | Universit\u00e9 York\",\"isPartOf\":{\"@id\":\"https:\/\/www.yorku.ca\/glendon\/#website\"},\"datePublished\":\"2023-11-15T23:16:41+00:00\",\"dateModified\":\"2024-11-15T15:04:20+00:00\",\"description\":\"Les \u00e9tudiants inscrits \u00e0 l'Universit\u00e9 York peuvent b\u00e9n\u00e9ficier des services de counseling. Prenez rendez-vous en ligne ou venez nous rendre visite aux campus de Glendon ou de Keele.\",\"breadcrumb\":{\"@id\":\"https:\/\/www.yorku.ca\/glendon\/supports-and-services\/counseling-de-glendon\/virtual-counselling\/?lang=fr#breadcrumb\"},\"inLanguage\":\"en-US\",\"potentialAction\":[{\"@type\":\"ReadAction\",\"target\":[\"https:\/\/www.yorku.ca\/glendon\/supports-and-services\/counseling-de-glendon\/virtual-counselling\/?lang=fr\"]}]},{\"@type\":\"BreadcrumbList\",\"@id\":\"https:\/\/www.yorku.ca\/glendon\/supports-and-services\/counseling-de-glendon\/virtual-counselling\/?lang=fr#breadcrumb\",\"itemListElement\":[{\"@type\":\"ListItem\",\"position\":1,\"name\":\"Home\",\"item\":\"\/glendon\/\"},{\"@type\":\"ListItem\",\"position\":2,\"name\":\"Glendon Campus\",\"item\":\"https:\/\/www.yorku.ca\/glendon\/\"},{\"@type\":\"ListItem\",\"position\":3,\"name\":\"Soutien et services\",\"item\":\"https:\/\/www.yorku.ca\/glendon\/supports-and-services\/\"},{\"@type\":\"ListItem\",\"position\":4,\"name\":\"Services de counseling, de sant\u00e9 et de bien-\u00eatre pour la population \u00e9tudiante de Glendon (SCHW)\",\"item\":\"https:\/\/www.yorku.ca\/glendon\/supports-and-services\/counseling-de-glendon\/\"},{\"@type\":\"ListItem\",\"position\":5,\"name\":\"Counseling virtuel\"}]},{\"@type\":\"WebSite\",\"@id\":\"https:\/\/www.yorku.ca\/glendon\/#website\",\"url\":\"https:\/\/www.yorku.ca\/glendon\/\",\"name\":\"Glendon Campus\",\"description\":\"\",\"publisher\":{\"@id\":\"https:\/\/www.yorku.ca\/glendon\/#organization\"},\"potentialAction\":[{\"@type\":\"SearchAction\",\"target\":{\"@type\":\"EntryPoint\",\"urlTemplate\":\"https:\/\/www.yorku.ca\/glendon\/?s={search_term_string}\"},\"query-input\":{\"@type\":\"PropertyValueSpecification\",\"valueRequired\":true,\"valueName\":\"search_term_string\"}}],\"inLanguage\":\"en-US\"},{\"@type\":\"Organization\",\"@id\":\"https:\/\/www.yorku.ca\/glendon\/#organization\",\"name\":\"Glendon Campus\",\"url\":\"https:\/\/www.yorku.ca\/glendon\/\",\"logo\":{\"@type\":\"ImageObject\",\"inLanguage\":\"en-US\",\"@id\":\"https:\/\/www.yorku.ca\/glendon\/#\/schema\/logo\/image\/\",\"url\":\"https:\/\/www.yorku.ca\/glendon\/wp-content\/uploads\/sites\/508\/2023\/07\/Glendon-Campus-YorkU-Logo-.png\",\"contentUrl\":\"https:\/\/www.yorku.ca\/glendon\/wp-content\/uploads\/sites\/508\/2023\/07\/Glendon-Campus-YorkU-Logo-.png\",\"width\":5516,\"height\":601,\"caption\":\"Glendon Campus\"},\"image\":{\"@id\":\"https:\/\/www.yorku.ca\/glendon\/#\/schema\/logo\/image\/\"},\"sameAs\":[\"https:\/\/www.facebook.com\/GlendonCampus\/\",\"https:\/\/x.com\/glendoncampus\",\"https:\/\/www.instagram.com\/glendoncampus\/\",\"https:\/\/www.linkedin.com\/school\/glendon-campus\/\",\"https:\/\/www.youtube.com\/channel\/UC8bu5ntS7ZMGCURI0C-uENQ\",\"https:\/\/en.wikipedia.org\/wiki\/Glendon_College\"]}]}<\/script>\n<!-- \/ Yoast SEO plugin. -->","yoast_head_json":{"title":"Counseling virtuel | Glendon Campus | Universit\u00e9 York","description":"Les \u00e9tudiants inscrits \u00e0 l'Universit\u00e9 York peuvent b\u00e9n\u00e9ficier des services de counseling. Prenez rendez-vous en ligne ou venez nous rendre visite aux campus de Glendon ou de Keele.","robots":{"index":"index","follow":"follow","max-snippet":"max-snippet:-1","max-image-preview":"max-image-preview:large","max-video-preview":"max-video-preview:-1"},"canonical":"https:\/\/www.yorku.ca\/glendon\/supports-and-services\/counseling-de-glendon\/virtual-counselling\/","og_locale":"en_US","og_type":"article","og_title":"Counseling virtuel | Glendon Campus | Universit\u00e9 York","og_description":"Les \u00e9tudiants inscrits \u00e0 l'Universit\u00e9 York peuvent b\u00e9n\u00e9ficier des services de counseling. Prenez rendez-vous en ligne ou venez nous rendre visite aux campus de Glendon ou de Keele.","og_url":"https:\/\/www.yorku.ca\/glendon\/supports-and-services\/counseling-de-glendon\/virtual-counselling\/?lang=fr","og_site_name":"Glendon Campus","article_publisher":"https:\/\/www.facebook.com\/GlendonCampus\/","article_modified_time":"2024-11-15T15:04:20+00:00","og_image":[{"width":1642,"height":925,"url":"https:\/\/www.yorku.ca\/glendon\/wp-content\/uploads\/sites\/508\/2021\/10\/glendon-campus-Glendon-Overall_Aerial-3.jpg","type":"image\/jpeg"}],"twitter_card":"summary_large_image","twitter_site":"@glendoncampus","twitter_misc":{"Est. reading time":"1 minute"},"schema":{"@context":"https:\/\/schema.org","@graph":[{"@type":"WebPage","@id":"https:\/\/www.yorku.ca\/glendon\/supports-and-services\/counseling-de-glendon\/virtual-counselling\/?lang=fr","url":"https:\/\/www.yorku.ca\/glendon\/supports-and-services\/counseling-de-glendon\/virtual-counselling\/?lang=fr","name":"Counseling virtuel | Glendon Campus | Universit\u00e9 York","isPartOf":{"@id":"https:\/\/www.yorku.ca\/glendon\/#website"},"datePublished":"2023-11-15T23:16:41+00:00","dateModified":"2024-11-15T15:04:20+00:00","description":"Les \u00e9tudiants inscrits \u00e0 l'Universit\u00e9 York peuvent b\u00e9n\u00e9ficier des services de counseling. Prenez rendez-vous en ligne ou venez nous rendre visite aux campus de Glendon ou de Keele.","breadcrumb":{"@id":"https:\/\/www.yorku.ca\/glendon\/supports-and-services\/counseling-de-glendon\/virtual-counselling\/?lang=fr#breadcrumb"},"inLanguage":"en-US","potentialAction":[{"@type":"ReadAction","target":["https:\/\/www.yorku.ca\/glendon\/supports-and-services\/counseling-de-glendon\/virtual-counselling\/?lang=fr"]}]},{"@type":"BreadcrumbList","@id":"https:\/\/www.yorku.ca\/glendon\/supports-and-services\/counseling-de-glendon\/virtual-counselling\/?lang=fr#breadcrumb","itemListElement":[{"@type":"ListItem","position":1,"name":"Home","item":"\/glendon\/"},{"@type":"ListItem","position":2,"name":"Glendon Campus","item":"https:\/\/www.yorku.ca\/glendon\/"},{"@type":"ListItem","position":3,"name":"Soutien et services","item":"https:\/\/www.yorku.ca\/glendon\/supports-and-services\/"},{"@type":"ListItem","position":4,"name":"Services de counseling, de sant\u00e9 et de bien-\u00eatre pour la population \u00e9tudiante de Glendon (SCHW)","item":"https:\/\/www.yorku.ca\/glendon\/supports-and-services\/counseling-de-glendon\/"},{"@type":"ListItem","position":5,"name":"Counseling virtuel"}]},{"@type":"WebSite","@id":"https:\/\/www.yorku.ca\/glendon\/#website","url":"https:\/\/www.yorku.ca\/glendon\/","name":"Glendon Campus","description":"","publisher":{"@id":"https:\/\/www.yorku.ca\/glendon\/#organization"},"potentialAction":[{"@type":"SearchAction","target":{"@type":"EntryPoint","urlTemplate":"https:\/\/www.yorku.ca\/glendon\/?s={search_term_string}"},"query-input":{"@type":"PropertyValueSpecification","valueRequired":true,"valueName":"search_term_string"}}],"inLanguage":"en-US"},{"@type":"Organization","@id":"https:\/\/www.yorku.ca\/glendon\/#organization","name":"Glendon Campus","url":"https:\/\/www.yorku.ca\/glendon\/","logo":{"@type":"ImageObject","inLanguage":"en-US","@id":"https:\/\/www.yorku.ca\/glendon\/#\/schema\/logo\/image\/","url":"https:\/\/www.yorku.ca\/glendon\/wp-content\/uploads\/sites\/508\/2023\/07\/Glendon-Campus-YorkU-Logo-.png","contentUrl":"https:\/\/www.yorku.ca\/glendon\/wp-content\/uploads\/sites\/508\/2023\/07\/Glendon-Campus-YorkU-Logo-.png","width":5516,"height":601,"caption":"Glendon Campus"},"image":{"@id":"https:\/\/www.yorku.ca\/glendon\/#\/schema\/logo\/image\/"},"sameAs":["https:\/\/www.facebook.com\/GlendonCampus\/","https:\/\/x.com\/glendoncampus","https:\/\/www.instagram.com\/glendoncampus\/","https:\/\/www.linkedin.com\/school\/glendon-campus\/","https:\/\/www.youtube.com\/channel\/UC8bu5ntS7ZMGCURI0C-uENQ","https:\/\/en.wikipedia.org\/wiki\/Glendon_College"]}]}},"taxonomy_info":[],"featured_image_src_large":false,"author_info":{"display_name":"aalekyan","author_link":"https:\/\/www.yorku.ca\/glendon\/author\/aalekyan\/"},"comment_info":0,"_links":{"self":[{"href":"https:\/\/www.yorku.ca\/glendon\/wp-json\/wp\/v2\/pages\/16934","targetHints":{"allow":["GET"]}}],"collection":[{"href":"https:\/\/www.yorku.ca\/glendon\/wp-json\/wp\/v2\/pages"}],"about":[{"href":"https:\/\/www.yorku.ca\/glendon\/wp-json\/wp\/v2\/types\/page"}],"author":[{"embeddable":true,"href":"https:\/\/www.yorku.ca\/glendon\/wp-json\/wp\/v2\/users\/1515"}],"replies":[{"embeddable":true,"href":"https:\/\/www.yorku.ca\/glendon\/wp-json\/wp\/v2\/comments?post=16934"}],"version-history":[{"count":9,"href":"https:\/\/www.yorku.ca\/glendon\/wp-json\/wp\/v2\/pages\/16934\/revisions"}],"predecessor-version":[{"id":26256,"href":"https:\/\/www.yorku.ca\/glendon\/wp-json\/wp\/v2\/pages\/16934\/revisions\/26256"}],"up":[{"embeddable":true,"href":"https:\/\/www.yorku.ca\/glendon\/wp-json\/wp\/v2\/pages\/7779"}],"wp:attachment":[{"href":"https:\/\/www.yorku.ca\/glendon\/wp-json\/wp\/v2\/media?parent=16934"}],"wp:term":[{"taxonomy":"post_tag","embeddable":true,"href":"https:\/\/www.yorku.ca\/glendon\/wp-json\/wp\/v2\/tags?post=16934"}],"curies":[{"name":"wp","href":"https:\/\/api.w.org\/{rel}","templated":true}]}}