  {"id":5379,"date":"2026-02-24T13:40:12","date_gmt":"2026-02-24T18:40:12","guid":{"rendered":"https:\/\/www.yorku.ca\/glendon\/genial\/maple-seal-construction-inc\/"},"modified":"2026-02-25T10:08:41","modified_gmt":"2026-02-25T15:08:41","slug":"maple-seal-construction-inc","status":"publish","type":"page","link":"https:\/\/www.yorku.ca\/glendon\/genial\/maple-seal-construction-inc\/?lang=fr","title":{"rendered":"Maple-Seal Construction Inc."},"content":{"rendered":"\n<p>Scellement&nbsp;de fissures&nbsp;routi\u00e8res&nbsp;&amp; services&nbsp;d\u2019entretien&nbsp;d\u2019asphalte&nbsp;&nbsp;<\/p>\n\n\n\n<p>Au service de la&nbsp;r\u00e9gion&nbsp;du Grand Toronto (GTA)&nbsp;<\/p>\n\n\n\n<figure class=\"wp-block-image size-large is-resized\"><img loading=\"lazy\" decoding=\"async\" width=\"1024\" height=\"901\" src=\"https:\/\/www.yorku.ca\/glendon\/genial\/wp-content\/uploads\/sites\/879\/2026\/02\/IMG_1537-1024x901.jpeg\" alt=\"\" class=\"wp-image-5366\" style=\"width:1110px;height:auto\" srcset=\"https:\/\/www.yorku.ca\/glendon\/genial\/wp-content\/uploads\/sites\/879\/2026\/02\/IMG_1537-1024x901.jpeg 1024w, https:\/\/www.yorku.ca\/glendon\/genial\/wp-content\/uploads\/sites\/879\/2026\/02\/IMG_1537-400x352.jpeg 400w, https:\/\/www.yorku.ca\/glendon\/genial\/wp-content\/uploads\/sites\/879\/2026\/02\/IMG_1537.jpeg 1170w\" sizes=\"auto, (max-width: 1024px) 100vw, 1024px\" \/><\/figure>\n\n\n\n<div style=\"height:22px\" aria-hidden=\"true\" class=\"wp-block-spacer\"><\/div>\n\n\n\n<div class=\"wp-block-columns is-layout-flex wp-container-core-columns-is-layout-1 wp-block-columns-is-layout-flex\">\n<div class=\"wp-block-column is-layout-flow wp-block-column-is-layout-flow\" style=\"flex-basis:33.3%\">\n<figure class=\"wp-block-image size-large\"><img loading=\"lazy\" decoding=\"async\" width=\"683\" height=\"1024\" src=\"https:\/\/www.yorku.ca\/glendon\/genial\/wp-content\/uploads\/sites\/879\/2026\/02\/448BC656-7EAF-465B-8E2B-3D8BB87550ED-683x1024.png\" alt=\"\" class=\"wp-image-5368\" srcset=\"https:\/\/www.yorku.ca\/glendon\/genial\/wp-content\/uploads\/sites\/879\/2026\/02\/448BC656-7EAF-465B-8E2B-3D8BB87550ED-683x1024.png 683w, https:\/\/www.yorku.ca\/glendon\/genial\/wp-content\/uploads\/sites\/879\/2026\/02\/448BC656-7EAF-465B-8E2B-3D8BB87550ED-267x400.png 267w, https:\/\/www.yorku.ca\/glendon\/genial\/wp-content\/uploads\/sites\/879\/2026\/02\/448BC656-7EAF-465B-8E2B-3D8BB87550ED.png 1024w\" sizes=\"auto, (max-width: 683px) 100vw, 683px\" \/><\/figure>\n<\/div>\n\n\n\n<div class=\"wp-block-column is-vertically-aligned-center is-layout-flow wp-block-column-is-layout-flow\" style=\"flex-basis:66.6%\">\n<h2 class=\"wp-block-heading\">Nos Services<\/h2>\n\n\n\n<ul class=\"wp-block-list\">\n<li>Scellement&nbsp;de fissures&nbsp;<\/li>\n\n\n\n<li>Entretien et&nbsp;r\u00e9parations&nbsp;d\u2019asphalte&nbsp;<\/li>\n\n\n\n<li>Peinture&nbsp;de&nbsp;lignes&nbsp;&amp;&nbsp;marquage&nbsp;au sol&nbsp;<\/li>\n<\/ul>\n\n\n\n<h2 class=\"wp-block-heading\">Notre Enterprise<\/h2>\n\n\n\n<p>Maple-Seal Construction Inc.&nbsp;offre&nbsp;des solutions&nbsp;d\u2019entretien&nbsp;d\u2019asphalte&nbsp;fiables, durables et&nbsp;rentables&nbsp;partout&nbsp;dans la&nbsp;r\u00e9gion&nbsp;du Grand Toronto. Nous&nbsp;nous&nbsp;sp\u00e9cialisons&nbsp;dans les services&nbsp;d\u2019entretien&nbsp;pr\u00e9ventif&nbsp;qui&nbsp;prolongent&nbsp;la dur\u00e9e de vie des surfaces&nbsp;asphalt\u00e9es&nbsp;tout&nbsp;en&nbsp;am\u00e9liorant&nbsp;la&nbsp;s\u00e9curit\u00e9&nbsp;et&nbsp;l\u2019apparence&nbsp;des&nbsp;propri\u00e9t\u00e9s&nbsp;commerciales,&nbsp;institutionnelles&nbsp;et&nbsp;r\u00e9sidentielles.&nbsp;<\/p>\n\n\n\n<p>Nous&nbsp;nous&nbsp;engageons&nbsp;\u00e0&nbsp;fournir&nbsp;un travail de haute&nbsp;qualit\u00e9, pr\u00e9cis et soign\u00e9, tout&nbsp;en&nbsp;cr\u00e9ant&nbsp;des&nbsp;opportunit\u00e9s&nbsp;d\u2019emploi&nbsp;significatives&nbsp;pour les&nbsp;\u00e9tudiants&nbsp;et les jeunes&nbsp;partout&nbsp;en&nbsp;Ontario \u2014&nbsp;favorisant&nbsp;le&nbsp;d\u00e9veloppement&nbsp;de&nbsp;comp\u00e9tences,&nbsp;l\u2019acquisition&nbsp;d\u2019exp\u00e9rience&nbsp;et&nbsp;l\u2019\u00e9tablissement&nbsp;de&nbsp;partenariats&nbsp;durables avec&nbsp;nos&nbsp;clients.&nbsp;<\/p>\n<\/div>\n<\/div>\n\n\n\n<h2 class=\"wp-block-heading\"><strong>Pourquoi&nbsp;choisir&nbsp;Maple-Seal Construction<\/strong>&nbsp;<\/h2>\n\n\n\n<p>Maple-Seal Construction repose sur&nbsp;une&nbsp;solide&nbsp;exp\u00e9rience&nbsp;pratique dans&nbsp;l\u2019industrie&nbsp;et&nbsp;une&nbsp;compr\u00e9hension&nbsp;approfondie&nbsp;des travaux&nbsp;routiers&nbsp;et des&nbsp;environnements&nbsp;d\u2019entretien&nbsp;d\u2019asphalte. Notre \u00e9quipe met&nbsp;l\u2019accent&nbsp;sur\u202f:&nbsp;<\/p>\n\n\n\n<ul class=\"wp-block-list\">\n<li>Une&nbsp;qualit\u00e9&nbsp;de travail sup\u00e9rieure&nbsp;<\/li>\n\n\n\n<li>La&nbsp;s\u00e9curit\u00e9&nbsp;et&nbsp;l\u2019attention&nbsp;aux&nbsp;d\u00e9tails&nbsp;<\/li>\n\n\n\n<li>Une planification et&nbsp;une&nbsp;ex\u00e9cution&nbsp;fiables&nbsp;<\/li>\n\n\n\n<li>Des prix&nbsp;comp\u00e9titifs&nbsp;et&nbsp;une&nbsp;excellente&nbsp;valeur<\/li>\n<\/ul>\n\n\n\n<p>Gr\u00e2ce&nbsp;\u00e0&nbsp;une&nbsp;exp\u00e9rience&nbsp;concr\u00e8te sur le terrain dans les&nbsp;op\u00e9rations&nbsp;d\u2019entretien&nbsp;routier,&nbsp;l\u2019utilisation&nbsp;d\u2019\u00e9quipement&nbsp;et la coordination de&nbsp;chantier, Maple-Seal Construction&nbsp;offre&nbsp;des&nbsp;r\u00e9sultats&nbsp;professionnels&nbsp;et&nbsp;fiables&nbsp;tout&nbsp;en&nbsp;respectant&nbsp;les&nbsp;normes&nbsp;de&nbsp;l\u2019industrie&nbsp;pour&nbsp;chaque&nbsp;projet.&nbsp;<\/p>\n\n\n\n<h2 class=\"wp-block-heading\"><strong>Notre Engagement<\/strong><\/h2>\n\n\n\n<div class=\"wp-block-columns is-layout-flex wp-container-core-columns-is-layout-2 wp-block-columns-is-layout-flex\">\n<div class=\"wp-block-column is-layout-flow wp-block-column-is-layout-flow\" style=\"flex-basis:66.66%\">\n<figure class=\"wp-block-image size-large\"><img loading=\"lazy\" decoding=\"async\" width=\"1170\" height=\"658\" src=\"https:\/\/www.yorku.ca\/glendon\/genial\/wp-content\/uploads\/sites\/879\/2026\/02\/IMG_1531-edited.jpeg\" alt=\"\" class=\"wp-image-5372\" srcset=\"https:\/\/www.yorku.ca\/glendon\/genial\/wp-content\/uploads\/sites\/879\/2026\/02\/IMG_1531-edited.jpeg 1170w, https:\/\/www.yorku.ca\/glendon\/genial\/wp-content\/uploads\/sites\/879\/2026\/02\/IMG_1531-edited-400x225.jpeg 400w, https:\/\/www.yorku.ca\/glendon\/genial\/wp-content\/uploads\/sites\/879\/2026\/02\/IMG_1531-edited-1024x576.jpeg 1024w\" sizes=\"auto, (max-width: 1170px) 100vw, 1170px\" \/><\/figure>\n<\/div>\n\n\n\n<div class=\"wp-block-column is-vertically-aligned-center is-layout-flow wp-block-column-is-layout-flow\" style=\"flex-basis:33.33%\">\n<p><strong>Maple-Seal Construction s\u2019engage \u00e0\u202f:<\/strong><\/p>\n\n\n\n<p>Un service&nbsp;honn\u00eate&nbsp;et transparent&nbsp;<\/p>\n\n\n\n<p>Un&nbsp;apprentissage&nbsp;et&nbsp;une&nbsp;am\u00e9lioration&nbsp;continus&nbsp;<\/p>\n\n\n\n<p>Le&nbsp;soutien&nbsp;\u00e0&nbsp;l\u2019emploi&nbsp;\u00e9tudiant&nbsp;et au&nbsp;d\u00e9veloppement&nbsp;des&nbsp;comp\u00e9tences&nbsp;<\/p>\n\n\n\n<p>Une&nbsp;croissance&nbsp;commerciale&nbsp;durable \u00e0 long&nbsp;terme&nbsp;<\/p>\n<\/div>\n<\/div>\n\n\n\n<div class=\"wp-block-columns is-layout-flex wp-container-core-columns-is-layout-3 wp-block-columns-is-layout-flex\">\n<div class=\"wp-block-column is-layout-flow wp-block-column-is-layout-flow\" style=\"flex-basis:66.66%\">\n<h2 class=\"wp-block-heading\"><strong>Rencontrez&nbsp;Notre Fondateur<\/strong>&nbsp;<\/h2>\n\n\n\n<p>Christopher Naidoo est le fondateur de Maple-Seal Construction Inc. et un \u00e9tudiant actuel au Coll\u00e8ge Glendon de l\u2019Universit\u00e9 York, o\u00f9 il poursuit un double dipl\u00f4me en \u00c9tudes internationales en partenariat avec Emlyon Business School (France).<\/p>\n\n\n\n<p>Christopher a travaill\u00e9 dans l\u2019industrie du pavage d\u2019asphalte et de l\u2019entretien routier. Son exp\u00e9rience comprend une exposition pratique aux op\u00e9rations d\u2019entretien routier, \u00e0 la pr\u00e9paration de l\u2019asphalte, \u00e0 l\u2019utilisation d\u2019\u00e9quipement, au soutien de chantier et \u00e0 la participation \u00e0 des projets commerciaux, institutionnels et routiers.<\/p>\n\n\n\n<p>Gr\u00e2ce \u00e0 ce travail, il a d\u00e9velopp\u00e9 une solide compr\u00e9hension de la s\u00e9curit\u00e9 sur les chantiers, du travail d\u2019\u00e9quipe et des exigences op\u00e9rationnelles des environnements de construction. Tout en poursuivant ses \u00e9tudes, Christopher a fond\u00e9 Maple-Seal Construction afin de combiner son exp\u00e9rience pratique de l\u2019industrie avec son int\u00e9r\u00eat pour l\u2019entrepreneuriat.<\/p>\n\n\n\n<p>Son objectif est de b\u00e2tir une entreprise r\u00e9put\u00e9e et ax\u00e9e sur le service, tout en cr\u00e9ant des opportunit\u00e9s d\u2019emploi pour les \u00e9tudiants et les jeunes \u2014 leur permettant d\u2019acqu\u00e9rir une exp\u00e9rience concr\u00e8te, de d\u00e9velopper leurs comp\u00e9tences professionnelles et d\u2019\u00e9voluer aux c\u00f4t\u00e9s de l\u2019entreprise.<\/p>\n<\/div>\n\n\n\n<div class=\"wp-block-column is-vertically-aligned-center is-layout-flow wp-block-column-is-layout-flow\" style=\"flex-basis:33.33%\">\n<figure class=\"wp-block-image aligncenter size-large is-resized\"><img loading=\"lazy\" decoding=\"async\" width=\"768\" height=\"1024\" src=\"https:\/\/www.yorku.ca\/glendon\/genial\/wp-content\/uploads\/sites\/879\/2026\/02\/IMG_1801-768x1024.jpeg\" alt=\"\" class=\"wp-image-5362\" style=\"width:280px;height:auto\" srcset=\"https:\/\/www.yorku.ca\/glendon\/genial\/wp-content\/uploads\/sites\/879\/2026\/02\/IMG_1801-768x1024.jpeg 768w, https:\/\/www.yorku.ca\/glendon\/genial\/wp-content\/uploads\/sites\/879\/2026\/02\/IMG_1801-300x400.jpeg 300w, https:\/\/www.yorku.ca\/glendon\/genial\/wp-content\/uploads\/sites\/879\/2026\/02\/IMG_1801-1152x1536.jpeg 1152w, https:\/\/www.yorku.ca\/glendon\/genial\/wp-content\/uploads\/sites\/879\/2026\/02\/IMG_1801-1536x2048.jpeg 1536w, https:\/\/www.yorku.ca\/glendon\/genial\/wp-content\/uploads\/sites\/879\/2026\/02\/IMG_1801-scaled.jpeg 1920w\" sizes=\"auto, (max-width: 768px) 100vw, 768px\" \/><\/figure>\n<\/div>\n<\/div>\n\n\n\n<div class=\"wp-block-columns is-layout-flex wp-container-core-columns-is-layout-4 wp-block-columns-is-layout-flex\">\n<div class=\"wp-block-column is-layout-flow wp-block-column-is-layout-flow\">\n<h2 class=\"wp-block-heading\">En savoir plus<\/h2>\n\n\n\n<p>Contactez-nous !<\/p>\n<\/div>\n\n\n\n<div class=\"wp-block-column is-layout-flow wp-block-column-is-layout-flow\">\n<div class=\"wp-block-buttons is-layout-flex wp-block-buttons-is-layout-flex\">\n<div class=\"wp-block-button\"><a class=\"wp-block-button__link wp-element-button\" href=\"mailto:mapleseal.construction@gmail.com\">Envoyez-nous un e-mail<\/a><\/div>\n\n\n\n<div class=\"wp-block-button\"><a class=\"wp-block-button__link wp-element-button\" href=\"https:\/\/www.instagram.com\/mapleseal.construction\/\" target=\"_blank\" rel=\"noreferrer noopener\"><strong>Suivez-nous<\/strong><\/a><\/div>\n<\/div>\n<\/div>\n<\/div>\n\n\n\n<p><\/p>\n","protected":false},"excerpt":{"rendered":"<p>Scellement&nbsp;de fissures&nbsp;routi\u00e8res&nbsp;&amp; services&nbsp;d\u2019entretien&nbsp;d\u2019asphalte&nbsp;&nbsp; Au service de la&nbsp;r\u00e9gion&nbsp;du Grand Toronto (GTA)&nbsp; Nos Services Notre Enterprise Maple-Seal Construction Inc.&nbsp;offre&nbsp;des solutions&nbsp;d\u2019entretien&nbsp;d\u2019asphalte&nbsp;fiables, durables et&nbsp;rentables&nbsp;partout&nbsp;dans la&nbsp;r\u00e9gion&nbsp;du Grand Toronto. Nous&nbsp;nous&nbsp;sp\u00e9cialisons&nbsp;dans les services&nbsp;d\u2019entretien&nbsp;pr\u00e9ventif&nbsp;qui&nbsp;prolongent&nbsp;la dur\u00e9e de vie des surfaces&nbsp;asphalt\u00e9es&nbsp;tout&nbsp;en&nbsp;am\u00e9liorant&nbsp;la&nbsp;s\u00e9curit\u00e9&nbsp;et&nbsp;l\u2019apparence&nbsp;des&nbsp;propri\u00e9t\u00e9s&nbsp;commerciales,&nbsp;institutionnelles&nbsp;et&nbsp;r\u00e9sidentielles.&nbsp; Nous&nbsp;nous&nbsp;engageons&nbsp;\u00e0&nbsp;fournir&nbsp;un travail de haute&nbsp;qualit\u00e9, pr\u00e9cis et soign\u00e9, tout&nbsp;en&nbsp;cr\u00e9ant&nbsp;des&nbsp;opportunit\u00e9s&nbsp;d\u2019emploi&nbsp;significatives&nbsp;pour les&nbsp;\u00e9tudiants&nbsp;et les jeunes&nbsp;partout&nbsp;en&nbsp;Ontario \u2014&nbsp;favorisant&nbsp;le&nbsp;d\u00e9veloppement&nbsp;de&nbsp;comp\u00e9tences,&nbsp;l\u2019acquisition&nbsp;d\u2019exp\u00e9rience&nbsp;et&nbsp;l\u2019\u00e9tablissement&nbsp;de&nbsp;partenariats&nbsp;durables avec&nbsp;nos&nbsp;clients.&nbsp; Pourquoi&nbsp;choisir&nbsp;Maple-Seal Construction&nbsp; Maple-Seal Construction repose sur&nbsp;une&nbsp;solide&nbsp;exp\u00e9rience&nbsp;pratique dans&nbsp;l\u2019industrie&nbsp;et&nbsp;une&nbsp;compr\u00e9hension&nbsp;approfondie&nbsp;des travaux&nbsp;routiers&nbsp;et des&nbsp;environnements&nbsp;d\u2019entretien&nbsp;d\u2019asphalte. Notre \u00e9quipe [&hellip;]<\/p>\n","protected":false},"author":2309,"featured_media":0,"parent":0,"menu_order":0,"comment_status":"closed","ping_status":"closed","template":"","meta":{"_kad_blocks_custom_css":"","_kad_blocks_head_custom_js":"","_kad_blocks_body_custom_js":"","_kad_blocks_footer_custom_js":"","_monsterinsights_skip_tracking":false,"_monsterinsights_sitenote_active":false,"_monsterinsights_sitenote_note":"","_monsterinsights_sitenote_category":0,"footnotes":""},"tags":[],"class_list":["post-5379","page","type-page","status-publish","hentry"],"yoast_head":"<!-- This site is optimized with the Yoast SEO plugin v24.0 - https:\/\/yoast.com\/wordpress\/plugins\/seo\/ -->\n<title>Maple-Seal Construction Inc. - Glendon ENtrepreneuriat et Innovation A L&#039;international (GENIAL)<\/title>\n<meta name=\"robots\" content=\"index, follow, max-snippet:-1, max-image-preview:large, max-video-preview:-1\" \/>\n<link rel=\"canonical\" href=\"https:\/\/www.yorku.ca\/glendon\/genial\/maple-seal-construction-inc\/?lang=fr\" \/>\n<meta property=\"og:locale\" content=\"en_US\" \/>\n<meta property=\"og:type\" content=\"article\" \/>\n<meta property=\"og:title\" content=\"Maple-Seal Construction Inc. - Glendon ENtrepreneuriat et Innovation A L&#039;international (GENIAL)\" \/>\n<meta property=\"og:description\" content=\"Scellement&nbsp;de fissures&nbsp;routi\u00e8res&nbsp;&amp; services&nbsp;d\u2019entretien&nbsp;d\u2019asphalte&nbsp;&nbsp; Au service de la&nbsp;r\u00e9gion&nbsp;du Grand Toronto (GTA)&nbsp; Nos Services Notre Enterprise Maple-Seal Construction Inc.&nbsp;offre&nbsp;des solutions&nbsp;d\u2019entretien&nbsp;d\u2019asphalte&nbsp;fiables, durables et&nbsp;rentables&nbsp;partout&nbsp;dans la&nbsp;r\u00e9gion&nbsp;du Grand Toronto. Nous&nbsp;nous&nbsp;sp\u00e9cialisons&nbsp;dans les services&nbsp;d\u2019entretien&nbsp;pr\u00e9ventif&nbsp;qui&nbsp;prolongent&nbsp;la dur\u00e9e de vie des surfaces&nbsp;asphalt\u00e9es&nbsp;tout&nbsp;en&nbsp;am\u00e9liorant&nbsp;la&nbsp;s\u00e9curit\u00e9&nbsp;et&nbsp;l\u2019apparence&nbsp;des&nbsp;propri\u00e9t\u00e9s&nbsp;commerciales,&nbsp;institutionnelles&nbsp;et&nbsp;r\u00e9sidentielles.&nbsp; Nous&nbsp;nous&nbsp;engageons&nbsp;\u00e0&nbsp;fournir&nbsp;un travail de haute&nbsp;qualit\u00e9, pr\u00e9cis et soign\u00e9, tout&nbsp;en&nbsp;cr\u00e9ant&nbsp;des&nbsp;opportunit\u00e9s&nbsp;d\u2019emploi&nbsp;significatives&nbsp;pour les&nbsp;\u00e9tudiants&nbsp;et les jeunes&nbsp;partout&nbsp;en&nbsp;Ontario \u2014&nbsp;favorisant&nbsp;le&nbsp;d\u00e9veloppement&nbsp;de&nbsp;comp\u00e9tences,&nbsp;l\u2019acquisition&nbsp;d\u2019exp\u00e9rience&nbsp;et&nbsp;l\u2019\u00e9tablissement&nbsp;de&nbsp;partenariats&nbsp;durables avec&nbsp;nos&nbsp;clients.&nbsp; Pourquoi&nbsp;choisir&nbsp;Maple-Seal Construction&nbsp; Maple-Seal Construction repose sur&nbsp;une&nbsp;solide&nbsp;exp\u00e9rience&nbsp;pratique dans&nbsp;l\u2019industrie&nbsp;et&nbsp;une&nbsp;compr\u00e9hension&nbsp;approfondie&nbsp;des travaux&nbsp;routiers&nbsp;et des&nbsp;environnements&nbsp;d\u2019entretien&nbsp;d\u2019asphalte. Notre \u00e9quipe [&hellip;]\" \/>\n<meta property=\"og:url\" content=\"https:\/\/www.yorku.ca\/glendon\/genial\/maple-seal-construction-inc\/?lang=fr\" \/>\n<meta property=\"og:site_name\" content=\"Glendon ENtrepreneuriat et Innovation A L&#039;international (GENIAL)\" \/>\n<meta property=\"article:modified_time\" content=\"2026-02-25T15:08:41+00:00\" \/>\n<meta property=\"og:image\" content=\"https:\/\/www.yorku.ca\/glendon\/genial\/wp-content\/uploads\/sites\/879\/2026\/02\/IMG_1537.jpeg\" \/>\n\t<meta property=\"og:image:width\" content=\"1170\" \/>\n\t<meta property=\"og:image:height\" content=\"1030\" \/>\n\t<meta property=\"og:image:type\" content=\"image\/jpeg\" \/>\n<meta name=\"twitter:card\" content=\"summary_large_image\" \/>\n<meta name=\"twitter:label1\" content=\"Est. reading time\" \/>\n\t<meta name=\"twitter:data1\" content=\"3 minutes\" \/>\n<script type=\"application\/ld+json\" class=\"yoast-schema-graph\">{\"@context\":\"https:\/\/schema.org\",\"@graph\":[{\"@type\":\"WebPage\",\"@id\":\"https:\/\/www.yorku.ca\/glendon\/genial\/maple-seal-construction-inc\/?lang=fr\",\"url\":\"https:\/\/www.yorku.ca\/glendon\/genial\/maple-seal-construction-inc\/?lang=fr\",\"name\":\"Maple-Seal Construction Inc. - Glendon ENtrepreneuriat et Innovation A L&#039;international (GENIAL)\",\"isPartOf\":{\"@id\":\"https:\/\/www.yorku.ca\/glendon\/genial\/#website\"},\"primaryImageOfPage\":{\"@id\":\"https:\/\/www.yorku.ca\/glendon\/genial\/maple-seal-construction-inc\/?lang=fr#primaryimage\"},\"image\":{\"@id\":\"https:\/\/www.yorku.ca\/glendon\/genial\/maple-seal-construction-inc\/?lang=fr#primaryimage\"},\"thumbnailUrl\":\"https:\/\/www.yorku.ca\/glendon\/genial\/wp-content\/uploads\/sites\/879\/2026\/02\/IMG_1537-1024x901.jpeg\",\"datePublished\":\"2026-02-24T18:40:12+00:00\",\"dateModified\":\"2026-02-25T15:08:41+00:00\",\"breadcrumb\":{\"@id\":\"https:\/\/www.yorku.ca\/glendon\/genial\/maple-seal-construction-inc\/?lang=fr#breadcrumb\"},\"inLanguage\":\"en-US\",\"potentialAction\":[{\"@type\":\"ReadAction\",\"target\":[\"https:\/\/www.yorku.ca\/glendon\/genial\/maple-seal-construction-inc\/?lang=fr\"]}]},{\"@type\":\"ImageObject\",\"inLanguage\":\"en-US\",\"@id\":\"https:\/\/www.yorku.ca\/glendon\/genial\/maple-seal-construction-inc\/?lang=fr#primaryimage\",\"url\":\"https:\/\/www.yorku.ca\/glendon\/genial\/wp-content\/uploads\/sites\/879\/2026\/02\/IMG_1537.jpeg\",\"contentUrl\":\"https:\/\/www.yorku.ca\/glendon\/genial\/wp-content\/uploads\/sites\/879\/2026\/02\/IMG_1537.jpeg\",\"width\":1170,\"height\":1030},{\"@type\":\"BreadcrumbList\",\"@id\":\"https:\/\/www.yorku.ca\/glendon\/genial\/maple-seal-construction-inc\/?lang=fr#breadcrumb\",\"itemListElement\":[{\"@type\":\"ListItem\",\"position\":1,\"name\":\"Home\",\"item\":\"https:\/\/www.yorku.ca\/glendon\/genial\/\"},{\"@type\":\"ListItem\",\"position\":2,\"name\":\"Maple-Seal Construction Inc.\"}]},{\"@type\":\"WebSite\",\"@id\":\"https:\/\/www.yorku.ca\/glendon\/genial\/#website\",\"url\":\"https:\/\/www.yorku.ca\/glendon\/genial\/\",\"name\":\"Glendon ENtrepreneuriat et Innovation A L&#039;international (GENIAL)\",\"description\":\"Glendon GENIAL Initiative\",\"potentialAction\":[{\"@type\":\"SearchAction\",\"target\":{\"@type\":\"EntryPoint\",\"urlTemplate\":\"https:\/\/www.yorku.ca\/glendon\/genial\/?s={search_term_string}\"},\"query-input\":{\"@type\":\"PropertyValueSpecification\",\"valueRequired\":true,\"valueName\":\"search_term_string\"}}],\"inLanguage\":\"en-US\"}]}<\/script>\n<!-- \/ Yoast SEO plugin. -->","yoast_head_json":{"title":"Maple-Seal Construction Inc. - Glendon ENtrepreneuriat et Innovation A L&#039;international (GENIAL)","robots":{"index":"index","follow":"follow","max-snippet":"max-snippet:-1","max-image-preview":"max-image-preview:large","max-video-preview":"max-video-preview:-1"},"canonical":"https:\/\/www.yorku.ca\/glendon\/genial\/maple-seal-construction-inc\/?lang=fr","og_locale":"en_US","og_type":"article","og_title":"Maple-Seal Construction Inc. - Glendon ENtrepreneuriat et Innovation A L&#039;international (GENIAL)","og_description":"Scellement&nbsp;de fissures&nbsp;routi\u00e8res&nbsp;&amp; services&nbsp;d\u2019entretien&nbsp;d\u2019asphalte&nbsp;&nbsp; Au service de la&nbsp;r\u00e9gion&nbsp;du Grand Toronto (GTA)&nbsp; Nos Services Notre Enterprise Maple-Seal Construction Inc.&nbsp;offre&nbsp;des solutions&nbsp;d\u2019entretien&nbsp;d\u2019asphalte&nbsp;fiables, durables et&nbsp;rentables&nbsp;partout&nbsp;dans la&nbsp;r\u00e9gion&nbsp;du Grand Toronto. Nous&nbsp;nous&nbsp;sp\u00e9cialisons&nbsp;dans les services&nbsp;d\u2019entretien&nbsp;pr\u00e9ventif&nbsp;qui&nbsp;prolongent&nbsp;la dur\u00e9e de vie des surfaces&nbsp;asphalt\u00e9es&nbsp;tout&nbsp;en&nbsp;am\u00e9liorant&nbsp;la&nbsp;s\u00e9curit\u00e9&nbsp;et&nbsp;l\u2019apparence&nbsp;des&nbsp;propri\u00e9t\u00e9s&nbsp;commerciales,&nbsp;institutionnelles&nbsp;et&nbsp;r\u00e9sidentielles.&nbsp; Nous&nbsp;nous&nbsp;engageons&nbsp;\u00e0&nbsp;fournir&nbsp;un travail de haute&nbsp;qualit\u00e9, pr\u00e9cis et soign\u00e9, tout&nbsp;en&nbsp;cr\u00e9ant&nbsp;des&nbsp;opportunit\u00e9s&nbsp;d\u2019emploi&nbsp;significatives&nbsp;pour les&nbsp;\u00e9tudiants&nbsp;et les jeunes&nbsp;partout&nbsp;en&nbsp;Ontario \u2014&nbsp;favorisant&nbsp;le&nbsp;d\u00e9veloppement&nbsp;de&nbsp;comp\u00e9tences,&nbsp;l\u2019acquisition&nbsp;d\u2019exp\u00e9rience&nbsp;et&nbsp;l\u2019\u00e9tablissement&nbsp;de&nbsp;partenariats&nbsp;durables avec&nbsp;nos&nbsp;clients.&nbsp; Pourquoi&nbsp;choisir&nbsp;Maple-Seal Construction&nbsp; Maple-Seal Construction repose sur&nbsp;une&nbsp;solide&nbsp;exp\u00e9rience&nbsp;pratique dans&nbsp;l\u2019industrie&nbsp;et&nbsp;une&nbsp;compr\u00e9hension&nbsp;approfondie&nbsp;des travaux&nbsp;routiers&nbsp;et des&nbsp;environnements&nbsp;d\u2019entretien&nbsp;d\u2019asphalte. Notre \u00e9quipe [&hellip;]","og_url":"https:\/\/www.yorku.ca\/glendon\/genial\/maple-seal-construction-inc\/?lang=fr","og_site_name":"Glendon ENtrepreneuriat et Innovation A L&#039;international (GENIAL)","article_modified_time":"2026-02-25T15:08:41+00:00","og_image":[{"width":1170,"height":1030,"url":"https:\/\/www.yorku.ca\/glendon\/genial\/wp-content\/uploads\/sites\/879\/2026\/02\/IMG_1537.jpeg","type":"image\/jpeg"}],"twitter_card":"summary_large_image","twitter_misc":{"Est. reading time":"3 minutes"},"schema":{"@context":"https:\/\/schema.org","@graph":[{"@type":"WebPage","@id":"https:\/\/www.yorku.ca\/glendon\/genial\/maple-seal-construction-inc\/?lang=fr","url":"https:\/\/www.yorku.ca\/glendon\/genial\/maple-seal-construction-inc\/?lang=fr","name":"Maple-Seal Construction Inc. - Glendon ENtrepreneuriat et Innovation A L&#039;international (GENIAL)","isPartOf":{"@id":"https:\/\/www.yorku.ca\/glendon\/genial\/#website"},"primaryImageOfPage":{"@id":"https:\/\/www.yorku.ca\/glendon\/genial\/maple-seal-construction-inc\/?lang=fr#primaryimage"},"image":{"@id":"https:\/\/www.yorku.ca\/glendon\/genial\/maple-seal-construction-inc\/?lang=fr#primaryimage"},"thumbnailUrl":"https:\/\/www.yorku.ca\/glendon\/genial\/wp-content\/uploads\/sites\/879\/2026\/02\/IMG_1537-1024x901.jpeg","datePublished":"2026-02-24T18:40:12+00:00","dateModified":"2026-02-25T15:08:41+00:00","breadcrumb":{"@id":"https:\/\/www.yorku.ca\/glendon\/genial\/maple-seal-construction-inc\/?lang=fr#breadcrumb"},"inLanguage":"en-US","potentialAction":[{"@type":"ReadAction","target":["https:\/\/www.yorku.ca\/glendon\/genial\/maple-seal-construction-inc\/?lang=fr"]}]},{"@type":"ImageObject","inLanguage":"en-US","@id":"https:\/\/www.yorku.ca\/glendon\/genial\/maple-seal-construction-inc\/?lang=fr#primaryimage","url":"https:\/\/www.yorku.ca\/glendon\/genial\/wp-content\/uploads\/sites\/879\/2026\/02\/IMG_1537.jpeg","contentUrl":"https:\/\/www.yorku.ca\/glendon\/genial\/wp-content\/uploads\/sites\/879\/2026\/02\/IMG_1537.jpeg","width":1170,"height":1030},{"@type":"BreadcrumbList","@id":"https:\/\/www.yorku.ca\/glendon\/genial\/maple-seal-construction-inc\/?lang=fr#breadcrumb","itemListElement":[{"@type":"ListItem","position":1,"name":"Home","item":"https:\/\/www.yorku.ca\/glendon\/genial\/"},{"@type":"ListItem","position":2,"name":"Maple-Seal Construction Inc."}]},{"@type":"WebSite","@id":"https:\/\/www.yorku.ca\/glendon\/genial\/#website","url":"https:\/\/www.yorku.ca\/glendon\/genial\/","name":"Glendon ENtrepreneuriat et Innovation A L&#039;international (GENIAL)","description":"Glendon GENIAL Initiative","potentialAction":[{"@type":"SearchAction","target":{"@type":"EntryPoint","urlTemplate":"https:\/\/www.yorku.ca\/glendon\/genial\/?s={search_term_string}"},"query-input":{"@type":"PropertyValueSpecification","valueRequired":true,"valueName":"search_term_string"}}],"inLanguage":"en-US"}]}},"taxonomy_info":[],"featured_image_src_large":false,"author_info":{"display_name":"josiehu","author_link":"https:\/\/www.yorku.ca\/glendon\/genial\/author\/josiehu\/"},"comment_info":0,"_links":{"self":[{"href":"https:\/\/www.yorku.ca\/glendon\/genial\/wp-json\/wp\/v2\/pages\/5379","targetHints":{"allow":["GET"]}}],"collection":[{"href":"https:\/\/www.yorku.ca\/glendon\/genial\/wp-json\/wp\/v2\/pages"}],"about":[{"href":"https:\/\/www.yorku.ca\/glendon\/genial\/wp-json\/wp\/v2\/types\/page"}],"author":[{"embeddable":true,"href":"https:\/\/www.yorku.ca\/glendon\/genial\/wp-json\/wp\/v2\/users\/2309"}],"replies":[{"embeddable":true,"href":"https:\/\/www.yorku.ca\/glendon\/genial\/wp-json\/wp\/v2\/comments?post=5379"}],"version-history":[{"count":5,"href":"https:\/\/www.yorku.ca\/glendon\/genial\/wp-json\/wp\/v2\/pages\/5379\/revisions"}],"predecessor-version":[{"id":5404,"href":"https:\/\/www.yorku.ca\/glendon\/genial\/wp-json\/wp\/v2\/pages\/5379\/revisions\/5404"}],"wp:attachment":[{"href":"https:\/\/www.yorku.ca\/glendon\/genial\/wp-json\/wp\/v2\/media?parent=5379"}],"wp:term":[{"taxonomy":"post_tag","embeddable":true,"href":"https:\/\/www.yorku.ca\/glendon\/genial\/wp-json\/wp\/v2\/tags?post=5379"}],"curies":[{"name":"wp","href":"https:\/\/api.w.org\/{rel}","templated":true}]}}