  {"id":4803,"date":"2025-10-02T11:35:22","date_gmt":"2025-10-02T15:35:22","guid":{"rendered":"https:\/\/www.yorku.ca\/glendon\/genial\/ze-afro-beauty-zone\/"},"modified":"2025-10-10T16:32:32","modified_gmt":"2025-10-10T20:32:32","slug":"ze-afro-beauty-zone","status":"publish","type":"page","link":"https:\/\/www.yorku.ca\/glendon\/genial\/ze-afro-beauty-zone\/?lang=fr","title":{"rendered":"ZE AFRO BEAUTY ZONE"},"content":{"rendered":"\n<figure class=\"wp-block-image aligncenter size-large\"><img loading=\"lazy\" decoding=\"async\" width=\"1024\" height=\"619\" src=\"https:\/\/www.yorku.ca\/glendon\/genial\/wp-content\/uploads\/sites\/879\/2025\/06\/a-1024x619.jpg\" alt=\"\" class=\"wp-image-4522\" srcset=\"https:\/\/www.yorku.ca\/glendon\/genial\/wp-content\/uploads\/sites\/879\/2025\/06\/a-1024x619.jpg 1024w, https:\/\/www.yorku.ca\/glendon\/genial\/wp-content\/uploads\/sites\/879\/2025\/06\/a-400x242.jpg 400w, https:\/\/www.yorku.ca\/glendon\/genial\/wp-content\/uploads\/sites\/879\/2025\/06\/a.jpg 1163w\" sizes=\"auto, (max-width: 1024px) 100vw, 1024px\" \/><\/figure>\n\n\n\n<div style=\"height:37px\" aria-hidden=\"true\" class=\"wp-block-spacer\"><\/div>\n\n\n\n<h2 class=\"wp-block-heading\">Nos Services<\/h2>\n\n\n\n<ul class=\"wp-block-list\">\n<li>Tresses (box braids, knotless, cornrows, etc.)<\/li>\n\n\n\n<li>Twists, vanilles, crochet braids, locks, bantu knots<\/li>\n\n\n\n<li>Coiffures protectrices pour enfants, ados et adultes<\/li>\n\n\n\n<li>Soins du cuir chevelu et conseils pour cheveux naturels<\/li>\n\n\n\n<li>Accompagnement en transition capillaire (retour au naturel)<\/li>\n\n\n\n<li>Ateliers d\u2019initiation pour parents d\u2019enfants afro\/m\u00e9tiss\u00e9s<\/li>\n\n\n\n<li>Vente de produits capillaires naturels adapt\u00e9s<\/li>\n<\/ul>\n\n\n\n<figure class=\"wp-block-gallery has-nested-images columns-default is-cropped wp-block-gallery-1 is-layout-flex wp-block-gallery-is-layout-flex\">\n<figure class=\"wp-block-image size-large\"><img loading=\"lazy\" decoding=\"async\" width=\"831\" height=\"1024\" data-id=\"4557\" src=\"https:\/\/www.yorku.ca\/glendon\/genial\/wp-content\/uploads\/sites\/879\/2025\/06\/IMG_5080-831x1024.jpeg\" alt=\"\" class=\"wp-image-4557\" srcset=\"https:\/\/www.yorku.ca\/glendon\/genial\/wp-content\/uploads\/sites\/879\/2025\/06\/IMG_5080-831x1024.jpeg 831w, https:\/\/www.yorku.ca\/glendon\/genial\/wp-content\/uploads\/sites\/879\/2025\/06\/IMG_5080-325x400.jpeg 325w, https:\/\/www.yorku.ca\/glendon\/genial\/wp-content\/uploads\/sites\/879\/2025\/06\/IMG_5080-1247x1536.jpeg 1247w, https:\/\/www.yorku.ca\/glendon\/genial\/wp-content\/uploads\/sites\/879\/2025\/06\/IMG_5080.jpeg 1290w\" sizes=\"auto, (max-width: 831px) 100vw, 831px\" \/><\/figure>\n\n\n\n<figure class=\"wp-block-image size-large\"><img loading=\"lazy\" decoding=\"async\" width=\"727\" height=\"1024\" data-id=\"4559\" src=\"https:\/\/www.yorku.ca\/glendon\/genial\/wp-content\/uploads\/sites\/879\/2025\/06\/IMG_5078-727x1024.jpeg\" alt=\"\" class=\"wp-image-4559\" srcset=\"https:\/\/www.yorku.ca\/glendon\/genial\/wp-content\/uploads\/sites\/879\/2025\/06\/IMG_5078-727x1024.jpeg 727w, https:\/\/www.yorku.ca\/glendon\/genial\/wp-content\/uploads\/sites\/879\/2025\/06\/IMG_5078-284x400.jpeg 284w, https:\/\/www.yorku.ca\/glendon\/genial\/wp-content\/uploads\/sites\/879\/2025\/06\/IMG_5078-1091x1536.jpeg 1091w, https:\/\/www.yorku.ca\/glendon\/genial\/wp-content\/uploads\/sites\/879\/2025\/06\/IMG_5078.jpeg 1113w\" sizes=\"auto, (max-width: 727px) 100vw, 727px\" \/><\/figure>\n\n\n\n<figure class=\"wp-block-image size-large\"><img loading=\"lazy\" decoding=\"async\" width=\"905\" height=\"1024\" data-id=\"4561\" src=\"https:\/\/www.yorku.ca\/glendon\/genial\/wp-content\/uploads\/sites\/879\/2025\/06\/IMG_5077-1-905x1024.jpeg\" alt=\"\" class=\"wp-image-4561\" srcset=\"https:\/\/www.yorku.ca\/glendon\/genial\/wp-content\/uploads\/sites\/879\/2025\/06\/IMG_5077-1-905x1024.jpeg 905w, https:\/\/www.yorku.ca\/glendon\/genial\/wp-content\/uploads\/sites\/879\/2025\/06\/IMG_5077-1-353x400.jpeg 353w, https:\/\/www.yorku.ca\/glendon\/genial\/wp-content\/uploads\/sites\/879\/2025\/06\/IMG_5077-1.jpeg 1139w\" sizes=\"auto, (max-width: 905px) 100vw, 905px\" \/><\/figure>\n<\/figure>\n\n\n\n<hr class=\"wp-block-separator has-alpha-channel-opacity\"\/>\n\n\n\n<h2 class=\"wp-block-heading\">\u00c0 propos de nous<\/h2>\n\n\n\n<div class=\"wp-block-columns is-layout-flex wp-container-core-columns-is-layout-28f84493 wp-block-columns-is-layout-flex\">\n<div class=\"wp-block-column is-layout-flow wp-block-column-is-layout-flow\" style=\"flex-basis:33.3%\">\n<figure class=\"wp-block-image aligncenter size-full\"><img loading=\"lazy\" decoding=\"async\" width=\"866\" height=\"486\" src=\"https:\/\/www.yorku.ca\/glendon\/genial\/wp-content\/uploads\/sites\/879\/2025\/06\/logo.jpg\" alt=\"\" class=\"wp-image-4526\" srcset=\"https:\/\/www.yorku.ca\/glendon\/genial\/wp-content\/uploads\/sites\/879\/2025\/06\/logo.jpg 866w, https:\/\/www.yorku.ca\/glendon\/genial\/wp-content\/uploads\/sites\/879\/2025\/06\/logo-400x224.jpg 400w\" sizes=\"auto, (max-width: 866px) 100vw, 866px\" \/><\/figure>\n<\/div>\n\n\n\n<div class=\"wp-block-column is-vertically-aligned-center is-layout-flow wp-block-column-is-layout-flow\" style=\"flex-basis:66.6%\">\n<p><\/p>\n\n\n\n<p class=\"has-text-align-left\">Un salon de coiffure sp\u00e9cialis\u00e9 dans les styles afro et les coiffures protectrices, situ\u00e9 \u00e0 Toronto. L\u2019entreprise a pour mission de mettre en valeur la beaut\u00e9 naturelle des cheveux AFRO\/ textur\u00e9s \u00e0 travers des services de coiffure personnalis\u00e9s, respectueux du cheveu afro et des identit\u00e9s culturelles.<\/p>\n\n\n\n<p><\/p>\n<\/div>\n<\/div>\n\n\n\n<hr class=\"wp-block-separator has-alpha-channel-opacity\"\/>\n\n\n\n<div class=\"wp-block-columns is-layout-flex wp-container-core-columns-is-layout-28f84493 wp-block-columns-is-layout-flex\">\n<div class=\"wp-block-column is-vertically-aligned-center is-layout-flow wp-block-column-is-layout-flow\" style=\"flex-basis:66.66%\">\n<h2 class=\"wp-block-heading\">Pourquoi nous choisir<\/h2>\n\n\n\n<p>Chez zebeautyzone , chaque coiffure est une \u0153uvre d\u2019art et une d\u00e9claration d\u2019identit\u00e9. Nous offrons un espace accueillant et inclusif, o\u00f9 nos client\u00b7es \u2013 femmes, hommes, enfants, \u00e9tudiant\u00b7es ou professionnel\u00b7les \u2013 peuvent s\u2019exprimer, se reconnecter \u00e0 leur h\u00e9ritage et renforcer leur confiance en soi. Vous avez la possibilite de vous exprimer sur vos preference mais aussi de vouslaisser guider par l'expertise de votre proffessionelle du cheuveux AFRO.<\/p>\n\n\n\n<p><\/p>\n<\/div>\n\n\n\n<div class=\"wp-block-column is-layout-flow wp-block-column-is-layout-flow\" style=\"flex-basis:33.33%\">\n<figure class=\"wp-block-image aligncenter size-large is-resized\"><img loading=\"lazy\" decoding=\"async\" width=\"768\" height=\"1024\" src=\"https:\/\/www.yorku.ca\/glendon\/genial\/wp-content\/uploads\/sites\/879\/2025\/06\/thumbnail_IMG_5395-768x1024.jpg\" alt=\"\" class=\"wp-image-4564\" style=\"width:247px;height:auto\" srcset=\"https:\/\/www.yorku.ca\/glendon\/genial\/wp-content\/uploads\/sites\/879\/2025\/06\/thumbnail_IMG_5395-768x1024.jpg 768w, https:\/\/www.yorku.ca\/glendon\/genial\/wp-content\/uploads\/sites\/879\/2025\/06\/thumbnail_IMG_5395-300x400.jpg 300w, https:\/\/www.yorku.ca\/glendon\/genial\/wp-content\/uploads\/sites\/879\/2025\/06\/thumbnail_IMG_5395-1152x1536.jpg 1152w, https:\/\/www.yorku.ca\/glendon\/genial\/wp-content\/uploads\/sites\/879\/2025\/06\/thumbnail_IMG_5395-1536x2048.jpg 1536w, https:\/\/www.yorku.ca\/glendon\/genial\/wp-content\/uploads\/sites\/879\/2025\/06\/thumbnail_IMG_5395.jpg 1920w\" sizes=\"auto, (max-width: 768px) 100vw, 768px\" \/><\/figure>\n<\/div>\n<\/div>\n\n\n\n<hr class=\"wp-block-separator has-alpha-channel-opacity\"\/>\n\n\n\n<div class=\"wp-block-columns learnmore-block is-layout-flex wp-container-core-columns-is-layout-28f84493 wp-block-columns-is-layout-flex\">\n<div class=\"wp-block-column is-vertically-aligned-top is-layout-flow wp-block-column-is-layout-flow\" style=\"flex-basis:60%\">\n<h2 class=\"wp-block-heading\">En savoir plus<\/h2>\n\n\n\n<p><strong>ZE AFRO BEAUTY ZONE est \u00e0 votre service. Si vous avez la moindre question, n'h\u00e9sitez pas \u00e0 nous contacter !<\/strong><\/p>\n<\/div>\n\n\n\n<div class=\"wp-block-column is-vertically-aligned-center is-layout-flow wp-block-column-is-layout-flow\">\n<div class=\"wp-block-group is-layout-constrained wp-block-group-is-layout-constrained\">\n<div class=\"wp-block-buttons is-content-justification-center is-layout-flex wp-container-core-buttons-is-layout-a89b3969 wp-block-buttons-is-layout-flex\">\n<div class=\"wp-block-button\"><a class=\"wp-block-button__link wp-element-button\" href=\"mailto:zebzonebbr@gmail.com\">Courriel<\/a><\/div>\n\n\n\n<div class=\"wp-block-button\"><a class=\"wp-block-button__link wp-element-button\">519-729-9623<\/a><\/div>\n<\/div>\n<\/div>\n\n\n\n<div class=\"wp-block-group is-layout-constrained wp-block-group-is-layout-constrained\">\n<div class=\"wp-block-columns is-layout-flex wp-container-core-columns-is-layout-28f84493 wp-block-columns-is-layout-flex\">\n<div class=\"wp-block-column is-layout-flow wp-block-column-is-layout-flow\">\n<figure class=\"wp-block-image aligncenter size-full is-resized\"><a href=\"https:\/\/www.instagram.com\/braidedbyrocky\/profilecard\/?igsh=MTFyeGN6cTB0MTZtZg==\" target=\"_blank\" rel=\" https:\/\/www.instagram.com\/braidedbyrocky\/profilecard\/?igsh=MTFyeGN6cTB0MTZtZg==\"><img loading=\"lazy\" decoding=\"async\" width=\"512\" height=\"512\" src=\"https:\/\/www.yorku.ca\/glendon\/genial\/wp-content\/uploads\/sites\/879\/2025\/07\/image-3.png\" alt=\"\" class=\"wp-image-4661\" style=\"object-fit:cover;width:45px;height:auto\" srcset=\"https:\/\/www.yorku.ca\/glendon\/genial\/wp-content\/uploads\/sites\/879\/2025\/07\/image-3.png 512w, https:\/\/www.yorku.ca\/glendon\/genial\/wp-content\/uploads\/sites\/879\/2025\/07\/image-3-400x400.png 400w, https:\/\/www.yorku.ca\/glendon\/genial\/wp-content\/uploads\/sites\/879\/2025\/07\/image-3-150x150.png 150w, https:\/\/www.yorku.ca\/glendon\/genial\/wp-content\/uploads\/sites\/879\/2025\/07\/image-3-300x300.png 300w, https:\/\/www.yorku.ca\/glendon\/genial\/wp-content\/uploads\/sites\/879\/2025\/07\/image-3-500x500.png 500w\" sizes=\"auto, (max-width: 512px) 100vw, 512px\" \/><\/a><\/figure>\n<\/div>\n\n\n\n<div class=\"wp-block-column is-layout-flow wp-block-column-is-layout-flow\">\n<figure class=\"wp-block-image aligncenter size-full is-resized\"><a href=\"https:\/\/www.tiktok.com\/@braidedbyrocky?_t=ZM-8xt3rxkzCAI&amp;_r=1\" target=\"_blank\" rel=\"https:\/\/www.tiktok.com\/@braidedbyrocky?_t=ZM-8xt3rxkzCAI&amp;_r=1\"><img loading=\"lazy\" decoding=\"async\" width=\"512\" height=\"512\" src=\"https:\/\/www.yorku.ca\/glendon\/genial\/wp-content\/uploads\/sites\/879\/2025\/07\/image-6.png\" alt=\"\" class=\"wp-image-4671\" style=\"object-fit:cover;width:45px;height:45px\" srcset=\"https:\/\/www.yorku.ca\/glendon\/genial\/wp-content\/uploads\/sites\/879\/2025\/07\/image-6.png 512w, https:\/\/www.yorku.ca\/glendon\/genial\/wp-content\/uploads\/sites\/879\/2025\/07\/image-6-400x400.png 400w, https:\/\/www.yorku.ca\/glendon\/genial\/wp-content\/uploads\/sites\/879\/2025\/07\/image-6-150x150.png 150w, https:\/\/www.yorku.ca\/glendon\/genial\/wp-content\/uploads\/sites\/879\/2025\/07\/image-6-300x300.png 300w, https:\/\/www.yorku.ca\/glendon\/genial\/wp-content\/uploads\/sites\/879\/2025\/07\/image-6-500x500.png 500w\" sizes=\"auto, (max-width: 512px) 100vw, 512px\" \/><\/a><\/figure>\n<\/div>\n\n\n\n<div class=\"wp-block-column is-layout-flow wp-block-column-is-layout-flow\">\n<figure class=\"wp-block-image aligncenter size-full is-resized\"><a href=\"https:\/\/www.braidedup.ca\/canada\/toronto\/top-level-category\/braided-by-rocky\" target=\"_blank\" rel=\" https:\/\/www.braidedup.ca\/canada\/toronto\/top-level-category\/braided-by-rocky\"><img loading=\"lazy\" decoding=\"async\" width=\"512\" height=\"512\" src=\"https:\/\/www.yorku.ca\/glendon\/genial\/wp-content\/uploads\/sites\/879\/2025\/07\/image-5.png\" alt=\"\" class=\"wp-image-4667\" style=\"object-fit:cover;width:45px;height:45px\" srcset=\"https:\/\/www.yorku.ca\/glendon\/genial\/wp-content\/uploads\/sites\/879\/2025\/07\/image-5.png 512w, https:\/\/www.yorku.ca\/glendon\/genial\/wp-content\/uploads\/sites\/879\/2025\/07\/image-5-400x400.png 400w, https:\/\/www.yorku.ca\/glendon\/genial\/wp-content\/uploads\/sites\/879\/2025\/07\/image-5-150x150.png 150w, https:\/\/www.yorku.ca\/glendon\/genial\/wp-content\/uploads\/sites\/879\/2025\/07\/image-5-300x300.png 300w, https:\/\/www.yorku.ca\/glendon\/genial\/wp-content\/uploads\/sites\/879\/2025\/07\/image-5-500x500.png 500w\" sizes=\"auto, (max-width: 512px) 100vw, 512px\" \/><\/a><\/figure>\n<\/div>\n<\/div>\n<\/div>\n<\/div>\n<\/div>\n\n\n\n<p><\/p>\n","protected":false},"excerpt":{"rendered":"<p>Nos Services \u00c0 propos de nous Un salon de coiffure sp\u00e9cialis\u00e9 dans les styles afro et les coiffures protectrices, situ\u00e9 \u00e0 Toronto. L\u2019entreprise a pour mission de mettre en valeur la beaut\u00e9 naturelle des cheveux AFRO\/ textur\u00e9s \u00e0 travers des services de coiffure personnalis\u00e9s, respectueux du cheveu afro et des identit\u00e9s culturelles. Pourquoi nous choisir [&hellip;]<\/p>\n","protected":false},"author":2309,"featured_media":0,"parent":0,"menu_order":0,"comment_status":"closed","ping_status":"closed","template":"","meta":{"_kad_blocks_custom_css":"","_kad_blocks_head_custom_js":"","_kad_blocks_body_custom_js":"","_kad_blocks_footer_custom_js":"","_monsterinsights_skip_tracking":false,"_monsterinsights_sitenote_active":false,"_monsterinsights_sitenote_note":"","_monsterinsights_sitenote_category":0,"footnotes":""},"tags":[],"class_list":["post-4803","page","type-page","status-publish","hentry"],"yoast_head":"<!-- This site is optimized with the Yoast SEO plugin v27.3 - https:\/\/yoast.com\/product\/yoast-seo-wordpress\/ -->\n<title>ZE AFRO BEAUTY ZONE - Glendon ENtrepreneuriat et Innovation A L&#039;international (GENIAL)<\/title>\n<meta name=\"robots\" content=\"index, follow, max-snippet:-1, max-image-preview:large, max-video-preview:-1\" \/>\n<link rel=\"canonical\" href=\"https:\/\/www.yorku.ca\/glendon\/genial\/ze-afro-beauty-zone\/?lang=fr\" \/>\n<meta property=\"og:locale\" content=\"en_US\" \/>\n<meta property=\"og:type\" content=\"article\" \/>\n<meta property=\"og:title\" content=\"ZE AFRO BEAUTY ZONE - Glendon ENtrepreneuriat et Innovation A L&#039;international (GENIAL)\" \/>\n<meta property=\"og:description\" content=\"Nos Services \u00c0 propos de nous Un salon de coiffure sp\u00e9cialis\u00e9 dans les styles afro et les coiffures protectrices, situ\u00e9 \u00e0 Toronto. L\u2019entreprise a pour mission de mettre en valeur la beaut\u00e9 naturelle des cheveux AFRO\/ textur\u00e9s \u00e0 travers des services de coiffure personnalis\u00e9s, respectueux du cheveu afro et des identit\u00e9s culturelles. Pourquoi nous choisir [&hellip;]\" \/>\n<meta property=\"og:url\" content=\"https:\/\/www.yorku.ca\/glendon\/genial\/ze-afro-beauty-zone\/?lang=fr\" \/>\n<meta property=\"og:site_name\" content=\"Glendon ENtrepreneuriat et Innovation A L&#039;international (GENIAL)\" \/>\n<meta property=\"article:modified_time\" content=\"2025-10-10T20:32:32+00:00\" \/>\n<meta property=\"og:image\" content=\"https:\/\/www.yorku.ca\/glendon\/genial\/wp-content\/uploads\/sites\/879\/2025\/06\/a.jpg\" \/>\n\t<meta property=\"og:image:width\" content=\"1163\" \/>\n\t<meta property=\"og:image:height\" content=\"703\" \/>\n\t<meta property=\"og:image:type\" content=\"image\/jpeg\" \/>\n<meta name=\"twitter:card\" content=\"summary_large_image\" \/>\n<meta name=\"twitter:label1\" content=\"Est. reading time\" \/>\n\t<meta name=\"twitter:data1\" content=\"3 minutes\" \/>\n<script type=\"application\/ld+json\" class=\"yoast-schema-graph\">{\"@context\":\"https:\\\/\\\/schema.org\",\"@graph\":[{\"@type\":\"WebPage\",\"@id\":\"https:\\\/\\\/www.yorku.ca\\\/glendon\\\/genial\\\/ze-afro-beauty-zone\\\/?lang=fr\",\"url\":\"https:\\\/\\\/www.yorku.ca\\\/glendon\\\/genial\\\/ze-afro-beauty-zone\\\/?lang=fr\",\"name\":\"ZE AFRO BEAUTY ZONE - Glendon ENtrepreneuriat et Innovation A L&#039;international (GENIAL)\",\"isPartOf\":{\"@id\":\"https:\\\/\\\/www.yorku.ca\\\/glendon\\\/genial\\\/#website\"},\"primaryImageOfPage\":{\"@id\":\"https:\\\/\\\/www.yorku.ca\\\/glendon\\\/genial\\\/ze-afro-beauty-zone\\\/?lang=fr#primaryimage\"},\"image\":{\"@id\":\"https:\\\/\\\/www.yorku.ca\\\/glendon\\\/genial\\\/ze-afro-beauty-zone\\\/?lang=fr#primaryimage\"},\"thumbnailUrl\":\"https:\\\/\\\/www.yorku.ca\\\/glendon\\\/genial\\\/wp-content\\\/uploads\\\/sites\\\/879\\\/2025\\\/06\\\/a-1024x619.jpg\",\"datePublished\":\"2025-10-02T15:35:22+00:00\",\"dateModified\":\"2025-10-10T20:32:32+00:00\",\"breadcrumb\":{\"@id\":\"https:\\\/\\\/www.yorku.ca\\\/glendon\\\/genial\\\/ze-afro-beauty-zone\\\/?lang=fr#breadcrumb\"},\"inLanguage\":\"en-US\",\"potentialAction\":[{\"@type\":\"ReadAction\",\"target\":[\"https:\\\/\\\/www.yorku.ca\\\/glendon\\\/genial\\\/ze-afro-beauty-zone\\\/?lang=fr\"]}]},{\"@type\":\"ImageObject\",\"inLanguage\":\"en-US\",\"@id\":\"https:\\\/\\\/www.yorku.ca\\\/glendon\\\/genial\\\/ze-afro-beauty-zone\\\/?lang=fr#primaryimage\",\"url\":\"https:\\\/\\\/www.yorku.ca\\\/glendon\\\/genial\\\/wp-content\\\/uploads\\\/sites\\\/879\\\/2025\\\/06\\\/a.jpg\",\"contentUrl\":\"https:\\\/\\\/www.yorku.ca\\\/glendon\\\/genial\\\/wp-content\\\/uploads\\\/sites\\\/879\\\/2025\\\/06\\\/a.jpg\",\"width\":1163,\"height\":703},{\"@type\":\"BreadcrumbList\",\"@id\":\"https:\\\/\\\/www.yorku.ca\\\/glendon\\\/genial\\\/ze-afro-beauty-zone\\\/?lang=fr#breadcrumb\",\"itemListElement\":[{\"@type\":\"ListItem\",\"position\":1,\"name\":\"Home\",\"item\":\"https:\\\/\\\/www.yorku.ca\\\/glendon\\\/genial\\\/\"},{\"@type\":\"ListItem\",\"position\":2,\"name\":\"ZE AFRO BEAUTY ZONE\"}]},{\"@type\":\"WebSite\",\"@id\":\"https:\\\/\\\/www.yorku.ca\\\/glendon\\\/genial\\\/#website\",\"url\":\"https:\\\/\\\/www.yorku.ca\\\/glendon\\\/genial\\\/\",\"name\":\"Glendon ENtrepreneuriat et Innovation A L&#039;international (GENIAL)\",\"description\":\"Glendon GENIAL Initiative\",\"potentialAction\":[{\"@type\":\"SearchAction\",\"target\":{\"@type\":\"EntryPoint\",\"urlTemplate\":\"https:\\\/\\\/www.yorku.ca\\\/glendon\\\/genial\\\/?s={search_term_string}\"},\"query-input\":{\"@type\":\"PropertyValueSpecification\",\"valueRequired\":true,\"valueName\":\"search_term_string\"}}],\"inLanguage\":\"en-US\"}]}<\/script>\n<!-- \/ Yoast SEO plugin. -->","yoast_head_json":{"title":"ZE AFRO BEAUTY ZONE - Glendon ENtrepreneuriat et Innovation A L&#039;international (GENIAL)","robots":{"index":"index","follow":"follow","max-snippet":"max-snippet:-1","max-image-preview":"max-image-preview:large","max-video-preview":"max-video-preview:-1"},"canonical":"https:\/\/www.yorku.ca\/glendon\/genial\/ze-afro-beauty-zone\/?lang=fr","og_locale":"en_US","og_type":"article","og_title":"ZE AFRO BEAUTY ZONE - Glendon ENtrepreneuriat et Innovation A L&#039;international (GENIAL)","og_description":"Nos Services \u00c0 propos de nous Un salon de coiffure sp\u00e9cialis\u00e9 dans les styles afro et les coiffures protectrices, situ\u00e9 \u00e0 Toronto. L\u2019entreprise a pour mission de mettre en valeur la beaut\u00e9 naturelle des cheveux AFRO\/ textur\u00e9s \u00e0 travers des services de coiffure personnalis\u00e9s, respectueux du cheveu afro et des identit\u00e9s culturelles. Pourquoi nous choisir [&hellip;]","og_url":"https:\/\/www.yorku.ca\/glendon\/genial\/ze-afro-beauty-zone\/?lang=fr","og_site_name":"Glendon ENtrepreneuriat et Innovation A L&#039;international (GENIAL)","article_modified_time":"2025-10-10T20:32:32+00:00","og_image":[{"width":1163,"height":703,"url":"https:\/\/www.yorku.ca\/glendon\/genial\/wp-content\/uploads\/sites\/879\/2025\/06\/a.jpg","type":"image\/jpeg"}],"twitter_card":"summary_large_image","twitter_misc":{"Est. reading time":"3 minutes"},"schema":{"@context":"https:\/\/schema.org","@graph":[{"@type":"WebPage","@id":"https:\/\/www.yorku.ca\/glendon\/genial\/ze-afro-beauty-zone\/?lang=fr","url":"https:\/\/www.yorku.ca\/glendon\/genial\/ze-afro-beauty-zone\/?lang=fr","name":"ZE AFRO BEAUTY ZONE - Glendon ENtrepreneuriat et Innovation A L&#039;international (GENIAL)","isPartOf":{"@id":"https:\/\/www.yorku.ca\/glendon\/genial\/#website"},"primaryImageOfPage":{"@id":"https:\/\/www.yorku.ca\/glendon\/genial\/ze-afro-beauty-zone\/?lang=fr#primaryimage"},"image":{"@id":"https:\/\/www.yorku.ca\/glendon\/genial\/ze-afro-beauty-zone\/?lang=fr#primaryimage"},"thumbnailUrl":"https:\/\/www.yorku.ca\/glendon\/genial\/wp-content\/uploads\/sites\/879\/2025\/06\/a-1024x619.jpg","datePublished":"2025-10-02T15:35:22+00:00","dateModified":"2025-10-10T20:32:32+00:00","breadcrumb":{"@id":"https:\/\/www.yorku.ca\/glendon\/genial\/ze-afro-beauty-zone\/?lang=fr#breadcrumb"},"inLanguage":"en-US","potentialAction":[{"@type":"ReadAction","target":["https:\/\/www.yorku.ca\/glendon\/genial\/ze-afro-beauty-zone\/?lang=fr"]}]},{"@type":"ImageObject","inLanguage":"en-US","@id":"https:\/\/www.yorku.ca\/glendon\/genial\/ze-afro-beauty-zone\/?lang=fr#primaryimage","url":"https:\/\/www.yorku.ca\/glendon\/genial\/wp-content\/uploads\/sites\/879\/2025\/06\/a.jpg","contentUrl":"https:\/\/www.yorku.ca\/glendon\/genial\/wp-content\/uploads\/sites\/879\/2025\/06\/a.jpg","width":1163,"height":703},{"@type":"BreadcrumbList","@id":"https:\/\/www.yorku.ca\/glendon\/genial\/ze-afro-beauty-zone\/?lang=fr#breadcrumb","itemListElement":[{"@type":"ListItem","position":1,"name":"Home","item":"https:\/\/www.yorku.ca\/glendon\/genial\/"},{"@type":"ListItem","position":2,"name":"ZE AFRO BEAUTY ZONE"}]},{"@type":"WebSite","@id":"https:\/\/www.yorku.ca\/glendon\/genial\/#website","url":"https:\/\/www.yorku.ca\/glendon\/genial\/","name":"Glendon ENtrepreneuriat et Innovation A L&#039;international (GENIAL)","description":"Glendon GENIAL Initiative","potentialAction":[{"@type":"SearchAction","target":{"@type":"EntryPoint","urlTemplate":"https:\/\/www.yorku.ca\/glendon\/genial\/?s={search_term_string}"},"query-input":{"@type":"PropertyValueSpecification","valueRequired":true,"valueName":"search_term_string"}}],"inLanguage":"en-US"}]}},"taxonomy_info":[],"featured_image_src_large":false,"author_info":{"display_name":"josiehu","author_link":"https:\/\/www.yorku.ca\/glendon\/genial\/author\/josiehu\/"},"comment_info":0,"_links":{"self":[{"href":"https:\/\/www.yorku.ca\/glendon\/genial\/wp-json\/wp\/v2\/pages\/4803","targetHints":{"allow":["GET"]}}],"collection":[{"href":"https:\/\/www.yorku.ca\/glendon\/genial\/wp-json\/wp\/v2\/pages"}],"about":[{"href":"https:\/\/www.yorku.ca\/glendon\/genial\/wp-json\/wp\/v2\/types\/page"}],"author":[{"embeddable":true,"href":"https:\/\/www.yorku.ca\/glendon\/genial\/wp-json\/wp\/v2\/users\/2309"}],"replies":[{"embeddable":true,"href":"https:\/\/www.yorku.ca\/glendon\/genial\/wp-json\/wp\/v2\/comments?post=4803"}],"version-history":[{"count":10,"href":"https:\/\/www.yorku.ca\/glendon\/genial\/wp-json\/wp\/v2\/pages\/4803\/revisions"}],"predecessor-version":[{"id":5074,"href":"https:\/\/www.yorku.ca\/glendon\/genial\/wp-json\/wp\/v2\/pages\/4803\/revisions\/5074"}],"wp:attachment":[{"href":"https:\/\/www.yorku.ca\/glendon\/genial\/wp-json\/wp\/v2\/media?parent=4803"}],"wp:term":[{"taxonomy":"post_tag","embeddable":true,"href":"https:\/\/www.yorku.ca\/glendon\/genial\/wp-json\/wp\/v2\/tags?post=4803"}],"curies":[{"name":"wp","href":"https:\/\/api.w.org\/{rel}","templated":true}]}}