  {"id":2168,"date":"2024-05-30T11:44:51","date_gmt":"2024-05-30T15:44:51","guid":{"rendered":"https:\/\/www.yorku.ca\/glendon\/genialdev\/?page_id=2168"},"modified":"2025-11-17T11:07:53","modified_gmt":"2025-11-17T16:07:53","slug":"ressources","status":"publish","type":"page","link":"https:\/\/www.yorku.ca\/glendon\/genial\/ressources\/?lang=fr","title":{"rendered":"Ressources"},"content":{"rendered":"<style>.kt-tabs-id2168_fd9d1c-b3 > .kt-tabs-content-wrap > .wp-block-kadence-tab{border-top:1px solid #eeeeee;border-right:0px solid #eeeeee;border-bottom:0px solid #eeeeee;border-left:0px solid #eeeeee;border-top-left-radius:0px;border-top-right-radius:0px;border-bottom-right-radius:0px;border-bottom-left-radius:0px;padding-top:20px;padding-right:20px;padding-bottom:20px;padding-left:20px;background:#ffffff;}.wp-block-kadence-tabs .kt-tabs-id2168_fd9d1c-b3 > .kt-tabs-title-list li{margin-top:0px;margin-right:8px;margin-bottom:0px;margin-left:0px;}.wp-block-kadence-tabs .kt-tabs-id2168_fd9d1c-b3 > .kt-tabs-title-list li:last-child{margin-right:0px;}.wp-block-kadence-tabs .kt-tabs-id2168_fd9d1c-b3 > .kt-tabs-title-list li .kt-tab-title, .wp-block-kadence-tabs .kt-tabs-id2168_fd9d1c-b3 > .kt-tabs-content-wrap > .kt-tabs-accordion-title .kt-tab-title{line-height:1.4em;font-weight:regular;font-style:normal;border-top-width:0px;border-right-width:0px;border-bottom-width:4px;border-left-width:0px;border-top-left-radius:4px;border-top-right-radius:4px;border-bottom-right-radius:0px;border-bottom-left-radius:0px;padding-top:8px;padding-right:20px;padding-bottom:8px;padding-left:20px;border-color:#ffffff;color:#555555;background:#ffffff;}.wp-block-kadence-tabs .kt-tabs-id2168_fd9d1c-b3 > .kt-tabs-content-wrap > .kt-tabs-accordion-title .kt-tab-title{margin-top:0px;margin-right:8px;margin-bottom:0px;margin-left:0px;}.wp-block-kadence-tabs .kt-tabs-id2168_fd9d1c-b3 > .kt-tabs-title-list li .kt-tab-title:hover, .wp-block-kadence-tabs .kt-tabs-id2168_fd9d1c-b3 > .kt-tabs-content-wrap > .kt-tabs-accordion-title .kt-tab-title:hover{border-color:#eeeeee;color:#555555;background:#ffffff;}.wp-block-kadence-tabs .kt-tabs-id2168_fd9d1c-b3 > .kt-tabs-title-list li.kt-tab-title-active .kt-tab-title, .wp-block-kadence-tabs .kt-tabs-id2168_fd9d1c-b3 > .kt-tabs-content-wrap > .kt-tabs-accordion-title.kt-tab-title-active .kt-tab-title{border-color:#0a6689;color:#0a6689;background:#ffffff;}@media all and (max-width: 1024px){.kt-tabs-id2168_fd9d1c-b3 > .kt-tabs-content-wrap > .wp-block-kadence-tab{border-top:1px solid #eeeeee;border-right:0px solid #eeeeee;border-bottom:0px solid #eeeeee;border-left:0px solid #eeeeee;}}@media all and (max-width: 767px){.kt-tabs-id2168_fd9d1c-b3 > .kt-tabs-content-wrap > .wp-block-kadence-tab{border-top:1px solid #eeeeee;border-right:0px solid #eeeeee;border-bottom:0px solid #eeeeee;border-left:0px solid #eeeeee;}}<\/style>\n<div class=\"wp-block-kadence-tabs alignnone\"><div class=\"kt-tabs-wrap kt-tabs-id2168_fd9d1c-b3 kt-tabs-has-5-tabs kt-active-tab-1 kt-tabs-layout-tabs kt-tabs-tablet-layout-inherit kt-tabs-mobile-layout-inherit kt-tab-alignment-center \"><ul class=\"kt-tabs-title-list\"><li id=\"tab-strongguidesstrong\" class=\"kt-title-item kt-title-item-1 kt-tabs-svg-show-always kt-tabs-icon-side-right kt-tab-title-active\"><a href=\"#tab-strongguidesstrong\" data-tab=\"1\" class=\"kt-tab-title kt-tab-title-1 \"><span class=\"kt-title-text\"><strong> Guides<\/strong><\/span><\/a><\/li><li id=\"tab-strongdmarragedentreprisestrong\" class=\"kt-title-item kt-title-item-2 kt-tabs-svg-show-always kt-tabs-icon-side-right kt-tab-title-inactive\"><a href=\"#tab-strongdmarragedentreprisestrong\" data-tab=\"2\" class=\"kt-tab-title kt-tab-title-2 \"><span class=\"kt-title-text\"><strong> D\u00e9marrage d'entreprise<\/strong><\/span><\/a><\/li><li id=\"tab-strongfinancementstrong\" class=\"kt-title-item kt-title-item-3 kt-tabs-svg-show-always kt-tabs-icon-side-right kt-tab-title-inactive\"><a href=\"#tab-strongfinancementstrong\" data-tab=\"3\" class=\"kt-tab-title kt-tab-title-3 \"><span class=\"kt-title-text\"><strong> Financement<\/strong><\/span><\/a><\/li><li id=\"tab-strongloistrong\" class=\"kt-title-item kt-title-item-4 kt-tabs-svg-show-always kt-tabs-icon-side-right kt-tab-title-inactive\"><a href=\"#tab-strongloistrong\" data-tab=\"4\" class=\"kt-tab-title kt-tab-title-4 \"><span class=\"kt-title-text\"><strong>Loi<\/strong><\/span><\/a><\/li><li id=\"tab-strongautresressourcesstrong\" class=\"kt-title-item kt-title-item-5 kt-tabs-svg-show-always kt-tabs-icon-side-right kt-tab-title-inactive\"><a href=\"#tab-strongautresressourcesstrong\" data-tab=\"5\" class=\"kt-tab-title kt-tab-title-5 \"><span class=\"kt-title-text\"><strong> Autres ressources<\/strong><\/span><\/a><\/li><\/ul><div class=\"kt-tabs-content-wrap\">\n<div class=\"wp-block-kadence-tab kt-tab-inner-content kt-inner-tab-1 kt-inner-tab3e1f8e-c2\"><div class=\"kt-tab-inner-content-inner\">\n<h3 class=\"wp-block-heading\" id=\"wb-cont\">Renseignements pour les petites entreprises canadiennes<\/h3>\n\n\n\n<p>Ce guide fournit des guides et des renseignements sur l'inscription, la TPS et la TVH, les retenues sur la paie et les envois de fonds, l'imp\u00f4t sur le revenu et les v\u00e9rifications.<\/p>\n\n\n\n<h3 class=\"wp-block-heading\" id=\"wb-cont\">Commissariat \u00e0 la protection de la vie priv\u00e9e du Canada<\/h3>\n\n\n\n<p>Ce site offre un guide de confidentialit\u00e9 pour les petites entreprises qui instruit le public sur la protection des informations et des politiques de construction.<\/p>\n\n\n\n<h3 class=\"wp-block-heading\">Entreprises Canada Ontario - D\u00e9marrer une entreprise<\/h3>\n\n\n\n<p>Ce guide aide les entrepreneurs \u00e0 cr\u00e9er un plan d'affaires pour g\u00e9rer et exploiter leur propre entreprise.<\/p>\n\n\n\n<h3 class=\"wp-block-heading\">R\u00e9seau d'affaires du Canada<\/h3>\n\n\n\n<p>Ce service gouvernemental pour les entrepreneurs offre une liste de d\u00e9marrage d'entreprise pour aider les canadiens \u00e0 cr\u00e9er une entreprise en plus d'autres renseignements pertinents.<\/p>\n\n\n\n<h3 class=\"wp-block-heading\">Minist\u00e8re du Travail de l'Ontario<\/h3>\n\n\n\n<p>Ce site fournit un guide pour les entreprises et les employeurs sur la r\u00e9glementation des normes de l'emploi.<\/p>\n\n\n\n<h3 class=\"wp-block-heading\">Guide pour les femmes en affaires<\/h3>\n\n\n\n<p>Ce guide vise \u00e0 aider les femmes \u00e0 d\u00e9marrer une entreprise \u00e0 travers la compr\u00e9hension des r\u00e8gles de navigation, le financement, la fiscalit\u00e9, la formation et le mentorat.<\/p>\n<\/div><\/div>\n\n\n\n<div class=\"wp-block-kadence-tab kt-tab-inner-content kt-inner-tab-2 kt-inner-tab7fc165-24\"><div class=\"kt-tab-inner-content-inner\">\n<h3 class=\"wp-block-heading\">Planification&nbsp;d'entreprise<\/h3>\n\n\n\n<p>Apprenez \u00e0 r\u00e9diger un plan d'affaires et \u00e0 trouver des mod\u00e8les et des exemples de plans ainsi que des informations et des statistiques de recherche de march\u00e9.<\/p>\n\n\n\n<h3 class=\"wp-block-heading\">Comment construire une start-up - Cours en ligne de Lean LaunchPad<\/h3>\n\n\n\n<p>Assistez \u00e0 11 conf\u00e9rences gratuites pour apprendre comment construire une start-up.<\/p>\n\n\n\n<h3 class=\"wp-block-heading\">Lean LaunchPad pour les sciences de la vie<\/h3>\n\n\n\n<p>Regardez des vid\u00e9os pour conna\u00eetre les modifications importantes apport\u00e9es \u00e0 Lean LaunchPad pour les sciences de la vie.<\/p>\n\n\n\n<h3 class=\"wp-block-heading\">Toile de mod\u00e8le d'entreprise<\/h3>\n\n\n\n<p>Mod\u00e8le pour concevoir et tester un mod\u00e8le d'entreprise.<\/p>\n\n\n\n<h3 class=\"wp-block-heading\">Division des permis et des normes municipales<\/h3>\n\n\n\n<p>Visitez ce site pour en savoir plus sur la division qui traite les probl\u00e8mes de licences d'affaires.<\/p>\n<\/div><\/div>\n\n\n\n<div class=\"wp-block-kadence-tab kt-tab-inner-content kt-inner-tab-3 kt-inner-tab881109-57\"><div class=\"kt-tab-inner-content-inner\">\n<h3 class=\"wp-block-heading\">Minist\u00e8re des Finances de l'Ontario - Cr\u00e9dits, avantages et incitation<\/h3>\n\n\n\n<p>Ce site fournit de l'information sur les cr\u00e9dits d'imp\u00f4t disponibles aux entrepreneurs d'entreprises en Ontario.<\/p>\n\n\n\n<h3 class=\"wp-block-heading\">Ontario Workinfonet (OnWIN)<\/h3>\n\n\n\n<p>Ce site fournit des liens vers des sites web li\u00e9s au travail et \u00e0 la carri\u00e8re en Ontario. Il fournit \u00e9galement des informations sur le financement d'une entreprise en d\u00e9marrage.<\/p>\n\n\n\n<h3 class=\"wp-block-heading\">Programme CanExport<\/h3>\n\n\n\n<p>Ce programme offre des fonds pour aider les entrepreneurs \u00e0 d\u00e9velopper de nouveaux march\u00e9s d'exportation.<\/p>\n\n\n\n<h3 class=\"wp-block-heading\" id=\"wb-cont\">Programme de promotion de la femme<\/h3>\n\n\n\n<p>Ce programme offert par le Gouvernement du Canada permet de financer des projets afin d'assurer la pleine participation de la femme \u00e0 la vie \u00e9conomique, sociale et d\u00e9mocratique du Canada.<\/p>\n\n\n\n<h3 class=\"wp-block-heading\">R\u00e9seau d'affaires du Canada - Subventions et financement<\/h3>\n\n\n\n<p>Le site propose des ressources pour conna\u00eetre les diff\u00e9rents types de financement disponibles.<\/p>\n\n\n\n<h3 class=\"wp-block-heading\">D\u00e9veloppement des entreprises autochtones et de l'entrepreneuriat<\/h3>\n\n\n\n<p>Ce programme apporte un soutien financier au d\u00e9marrage et \u00e0 l'expansion de petites entreprises par des entrepreneurs autochtones qui op\u00e8rent dans et en dehors des r\u00e9serves au Canada.<\/p>\n<\/div><\/div>\n\n\n\n<div class=\"wp-block-kadence-tab kt-tab-inner-content kt-inner-tab-4 kt-inner-tabe990e3-29\"><div class=\"kt-tab-inner-content-inner\">\n<h3 class=\"wp-block-heading\"><strong>R\u00e9seau d'affaires du Canada<\/strong><\/h3>\n\n\n\n<p>Ce site informe les entrepreneurs sur les questions juridiques auxquelles les petites entreprises sont confront\u00e9es, telles que le choix d\u2019une structure d\u2019entreprise, la location d\u2019un espace commercial, les contrats, et plus encore.<\/p>\n\n\n\n<h3 class=\"wp-block-heading\"><strong>Aide juridique Ontario (AJO)&nbsp;<\/strong><\/h3>\n\n\n\n<p>Ce site aide les personnes \u00e0 acc\u00e9der \u00e0 divers services juridiques pour r\u00e9pondre \u00e0 leurs besoins l\u00e9gaux.<\/p>\n\n\n\n<h3 class=\"wp-block-heading\"><strong>Le Barreau du Haut-Canada<\/strong><\/h3>\n\n\n\n<p>Ce site oriente les citoyens vers des professionnels du droit afin de les aider \u00e0 mettre sur pied leur propre entreprise.<\/p>\n<\/div><\/div>\n\n\n\n<div class=\"wp-block-kadence-tab kt-tab-inner-content kt-inner-tab-5 kt-inner-tabb26ad5-6f\"><div class=\"kt-tab-inner-content-inner\">\n<h3 class=\"wp-block-heading\">Entreprise Toronto<\/h3>\n\n\n\n<p>Une alliance novatrice entre le secteur public et le secteur priv\u00e9 cr\u00e9\u00e9e pour offrir un guichet unique de services et de programmes adapt\u00e9s aux besoins des entrepreneurs et des petites entreprises de Toronto.<\/p>\n\n\n\n<h3 class=\"wp-block-heading\">Immigration de l'Ontario<\/h3>\n\n\n\n<p>Le site dirige les entrepreneurs immigrants sur l'enregistrement ou l'incorporation d'une entreprise, les lois et r\u00e8glements d'affaires, comment obtenir des conseils du gouvernement et le financement des entreprises.<\/p>\n\n\n\n<h3 class=\"wp-block-heading\">Les centres d\u2019encadrement des petits entrepreneurs (CEPE)<\/h3>\n\n\n\n<p>Ce site compte plusieurs centres en Ontario qui offrent aux entrepreneurs l'aide dont ils ont besoin pour d\u00e9marrer et d\u00e9velopper leurs entreprises.<\/p>\n\n\n\n<h3 class=\"wp-block-heading\">Office de la propri\u00e9t\u00e9 intellectuelle du Canada<\/h3>\n\n\n\n<p>Une base de donn\u00e9es qui permet aux individus d'acc\u00e9der \u00e0 plus de 2 millions de documents de brevet.<\/p>\n\n\n\n<h3 class=\"wp-block-heading\">R\u00e9seau d'excellence de l'Ontario<\/h3>\n\n\n\n<p>Ce site aide les innovateurs, les entrepreneurs et les chercheurs \u00e0 \u00e9tablir des liens avec des services et des programmes pour les aider \u00e0 innover et \u00e0 acqu\u00e9rir un avantage concurrentiel.<\/p>\n<\/div><\/div>\n<\/div><\/div><\/div>\n\n\n\n<div class=\"wp-block-columns social-bar-block is-layout-flex wp-container-core-columns-is-layout-1 wp-block-columns-is-layout-flex\">\n<div class=\"wp-block-column is-layout-flow wp-block-column-is-layout-flow\">\n<h2 class=\"wp-block-heading h6 text-white text-center\">Connect with GENIAL<\/h2>\n<\/div>\n\n\n\n<div class=\"wp-block-column is-layout-flow wp-block-column-is-layout-flow\">\n<ul class=\"wp-block-social-links aligncenter my-2 is-style-default is-layout-flex wp-block-social-links-is-layout-flex\"><li class=\"wp-social-link wp-social-link-instagram  wp-block-social-link\"><a href=\"https:\/\/www.instagram.com\/glendongenial\/\" class=\"wp-block-social-link-anchor\"><svg width=\"24\" height=\"24\" viewBox=\"0 0 24 24\" version=\"1.1\" xmlns=\"http:\/\/www.w3.org\/2000\/svg\" aria-hidden=\"true\" focusable=\"false\"><path d=\"M12,4.622c2.403,0,2.688,0.009,3.637,0.052c0.877,0.04,1.354,0.187,1.671,0.31c0.42,0.163,0.72,0.358,1.035,0.673 c0.315,0.315,0.51,0.615,0.673,1.035c0.123,0.317,0.27,0.794,0.31,1.671c0.043,0.949,0.052,1.234,0.052,3.637 s-0.009,2.688-0.052,3.637c-0.04,0.877-0.187,1.354-0.31,1.671c-0.163,0.42-0.358,0.72-0.673,1.035 c-0.315,0.315-0.615,0.51-1.035,0.673c-0.317,0.123-0.794,0.27-1.671,0.31c-0.949,0.043-1.233,0.052-3.637,0.052 s-2.688-0.009-3.637-0.052c-0.877-0.04-1.354-0.187-1.671-0.31c-0.42-0.163-0.72-0.358-1.035-0.673 c-0.315-0.315-0.51-0.615-0.673-1.035c-0.123-0.317-0.27-0.794-0.31-1.671C4.631,14.688,4.622,14.403,4.622,12 s0.009-2.688,0.052-3.637c0.04-0.877,0.187-1.354,0.31-1.671c0.163-0.42,0.358-0.72,0.673-1.035 c0.315-0.315,0.615-0.51,1.035-0.673c0.317-0.123,0.794-0.27,1.671-0.31C9.312,4.631,9.597,4.622,12,4.622 M12,3 C9.556,3,9.249,3.01,8.289,3.054C7.331,3.098,6.677,3.25,6.105,3.472C5.513,3.702,5.011,4.01,4.511,4.511 c-0.5,0.5-0.808,1.002-1.038,1.594C3.25,6.677,3.098,7.331,3.054,8.289C3.01,9.249,3,9.556,3,12c0,2.444,0.01,2.751,0.054,3.711 c0.044,0.958,0.196,1.612,0.418,2.185c0.23,0.592,0.538,1.094,1.038,1.594c0.5,0.5,1.002,0.808,1.594,1.038 c0.572,0.222,1.227,0.375,2.185,0.418C9.249,20.99,9.556,21,12,21s2.751-0.01,3.711-0.054c0.958-0.044,1.612-0.196,2.185-0.418 c0.592-0.23,1.094-0.538,1.594-1.038c0.5-0.5,0.808-1.002,1.038-1.594c0.222-0.572,0.375-1.227,0.418-2.185 C20.99,14.751,21,14.444,21,12s-0.01-2.751-0.054-3.711c-0.044-0.958-0.196-1.612-0.418-2.185c-0.23-0.592-0.538-1.094-1.038-1.594 c-0.5-0.5-1.002-0.808-1.594-1.038c-0.572-0.222-1.227-0.375-2.185-0.418C14.751,3.01,14.444,3,12,3L12,3z M12,7.378 c-2.552,0-4.622,2.069-4.622,4.622S9.448,16.622,12,16.622s4.622-2.069,4.622-4.622S14.552,7.378,12,7.378z M12,15 c-1.657,0-3-1.343-3-3s1.343-3,3-3s3,1.343,3,3S13.657,15,12,15z M16.804,6.116c-0.596,0-1.08,0.484-1.08,1.08 s0.484,1.08,1.08,1.08c0.596,0,1.08-0.484,1.08-1.08S17.401,6.116,16.804,6.116z\"><\/path><\/svg><span class=\"wp-block-social-link-label screen-reader-text\">Instagram<\/span><\/a><\/li>\n\n<li class=\"wp-social-link wp-social-link-linkedin  wp-block-social-link\"><a href=\"https:\/\/www.linkedin.com\/company\/glendon-genial\/\" class=\"wp-block-social-link-anchor\"><svg width=\"24\" height=\"24\" viewBox=\"0 0 24 24\" version=\"1.1\" xmlns=\"http:\/\/www.w3.org\/2000\/svg\" aria-hidden=\"true\" focusable=\"false\"><path d=\"M19.7,3H4.3C3.582,3,3,3.582,3,4.3v15.4C3,20.418,3.582,21,4.3,21h15.4c0.718,0,1.3-0.582,1.3-1.3V4.3 C21,3.582,20.418,3,19.7,3z M8.339,18.338H5.667v-8.59h2.672V18.338z M7.004,8.574c-0.857,0-1.549-0.694-1.549-1.548 c0-0.855,0.691-1.548,1.549-1.548c0.854,0,1.547,0.694,1.547,1.548C8.551,7.881,7.858,8.574,7.004,8.574z M18.339,18.338h-2.669 v-4.177c0-0.996-0.017-2.278-1.387-2.278c-1.389,0-1.601,1.086-1.601,2.206v4.249h-2.667v-8.59h2.559v1.174h0.037 c0.356-0.675,1.227-1.387,2.526-1.387c2.703,0,3.203,1.779,3.203,4.092V18.338z\"><\/path><\/svg><span class=\"wp-block-social-link-label screen-reader-text\">LinkedIn<\/span><\/a><\/li>\n\n<li class=\"wp-social-link wp-social-link-twitter  wp-block-social-link\"><a href=\"https:\/\/x.com\/glendongenial?lang=en&#038;mx=2\" class=\"wp-block-social-link-anchor\"><svg width=\"24\" height=\"24\" viewBox=\"0 0 24 24\" version=\"1.1\" xmlns=\"http:\/\/www.w3.org\/2000\/svg\" aria-hidden=\"true\" focusable=\"false\"><path d=\"M22.23,5.924c-0.736,0.326-1.527,0.547-2.357,0.646c0.847-0.508,1.498-1.312,1.804-2.27 c-0.793,0.47-1.671,0.812-2.606,0.996C18.324,4.498,17.257,4,16.077,4c-2.266,0-4.103,1.837-4.103,4.103 c0,0.322,0.036,0.635,0.106,0.935C8.67,8.867,5.647,7.234,3.623,4.751C3.27,5.357,3.067,6.062,3.067,6.814 c0,1.424,0.724,2.679,1.825,3.415c-0.673-0.021-1.305-0.206-1.859-0.513c0,0.017,0,0.034,0,0.052c0,1.988,1.414,3.647,3.292,4.023 c-0.344,0.094-0.707,0.144-1.081,0.144c-0.264,0-0.521-0.026-0.772-0.074c0.522,1.63,2.038,2.816,3.833,2.85 c-1.404,1.1-3.174,1.756-5.096,1.756c-0.331,0-0.658-0.019-0.979-0.057c1.816,1.164,3.973,1.843,6.29,1.843 c7.547,0,11.675-6.252,11.675-11.675c0-0.178-0.004-0.355-0.012-0.531C20.985,7.47,21.68,6.747,22.23,5.924z\"><\/path><\/svg><span class=\"wp-block-social-link-label screen-reader-text\">Twitter<\/span><\/a><\/li><\/ul>\n<\/div>\n<\/div>\n","protected":false},"excerpt":{"rendered":"<p>Connect with GENIAL<\/p>\n","protected":false},"author":2237,"featured_media":0,"parent":0,"menu_order":0,"comment_status":"closed","ping_status":"closed","template":"","meta":{"_kad_blocks_custom_css":"","_kad_blocks_head_custom_js":"","_kad_blocks_body_custom_js":"","_kad_blocks_footer_custom_js":"","_monsterinsights_skip_tracking":false,"_monsterinsights_sitenote_active":false,"_monsterinsights_sitenote_note":"","_monsterinsights_sitenote_category":0,"footnotes":""},"tags":[],"class_list":["post-2168","page","type-page","status-publish","hentry"],"yoast_head":"<!-- This site is optimized with the Yoast SEO plugin v24.0 - https:\/\/yoast.com\/wordpress\/plugins\/seo\/ -->\n<title>Ressources - Glendon ENtrepreneuriat et Innovation A L&#039;international (GENIAL)<\/title>\n<meta name=\"robots\" content=\"index, follow, max-snippet:-1, max-image-preview:large, max-video-preview:-1\" \/>\n<link rel=\"canonical\" href=\"https:\/\/www.yorku.ca\/glendon\/genial\/ressources\/?lang=fr\" \/>\n<meta property=\"og:locale\" content=\"en_US\" \/>\n<meta property=\"og:type\" content=\"article\" \/>\n<meta property=\"og:title\" content=\"Ressources - Glendon ENtrepreneuriat et Innovation A L&#039;international (GENIAL)\" \/>\n<meta property=\"og:description\" content=\"Connect with GENIAL\" \/>\n<meta property=\"og:url\" content=\"https:\/\/www.yorku.ca\/glendon\/genial\/ressources\/?lang=fr\" \/>\n<meta property=\"og:site_name\" content=\"Glendon ENtrepreneuriat et Innovation A L&#039;international (GENIAL)\" \/>\n<meta property=\"article:modified_time\" content=\"2025-11-17T16:07:53+00:00\" \/>\n<meta name=\"twitter:card\" content=\"summary_large_image\" \/>\n<meta name=\"twitter:label1\" content=\"Est. reading time\" \/>\n\t<meta name=\"twitter:data1\" content=\"4 minutes\" \/>\n<script type=\"application\/ld+json\" class=\"yoast-schema-graph\">{\"@context\":\"https:\/\/schema.org\",\"@graph\":[{\"@type\":\"WebPage\",\"@id\":\"https:\/\/www.yorku.ca\/glendon\/genial\/ressources\/?lang=fr\",\"url\":\"https:\/\/www.yorku.ca\/glendon\/genial\/ressources\/?lang=fr\",\"name\":\"Ressources - Glendon ENtrepreneuriat et Innovation A L&#039;international (GENIAL)\",\"isPartOf\":{\"@id\":\"https:\/\/www.yorku.ca\/glendon\/genial\/#website\"},\"datePublished\":\"2024-05-30T15:44:51+00:00\",\"dateModified\":\"2025-11-17T16:07:53+00:00\",\"breadcrumb\":{\"@id\":\"https:\/\/www.yorku.ca\/glendon\/genial\/ressources\/?lang=fr#breadcrumb\"},\"inLanguage\":\"en-US\",\"potentialAction\":[{\"@type\":\"ReadAction\",\"target\":[\"https:\/\/www.yorku.ca\/glendon\/genial\/ressources\/?lang=fr\"]}]},{\"@type\":\"BreadcrumbList\",\"@id\":\"https:\/\/www.yorku.ca\/glendon\/genial\/ressources\/?lang=fr#breadcrumb\",\"itemListElement\":[{\"@type\":\"ListItem\",\"position\":1,\"name\":\"Home\",\"item\":\"https:\/\/www.yorku.ca\/glendon\/genial\/\"},{\"@type\":\"ListItem\",\"position\":2,\"name\":\"Ressources\"}]},{\"@type\":\"WebSite\",\"@id\":\"https:\/\/www.yorku.ca\/glendon\/genial\/#website\",\"url\":\"https:\/\/www.yorku.ca\/glendon\/genial\/\",\"name\":\"Glendon ENtrepreneuriat et Innovation A L&#039;international (GENIAL)\",\"description\":\"Glendon GENIAL Initiative\",\"potentialAction\":[{\"@type\":\"SearchAction\",\"target\":{\"@type\":\"EntryPoint\",\"urlTemplate\":\"https:\/\/www.yorku.ca\/glendon\/genial\/?s={search_term_string}\"},\"query-input\":{\"@type\":\"PropertyValueSpecification\",\"valueRequired\":true,\"valueName\":\"search_term_string\"}}],\"inLanguage\":\"en-US\"}]}<\/script>\n<!-- \/ Yoast SEO plugin. -->","yoast_head_json":{"title":"Ressources - Glendon ENtrepreneuriat et Innovation A L&#039;international (GENIAL)","robots":{"index":"index","follow":"follow","max-snippet":"max-snippet:-1","max-image-preview":"max-image-preview:large","max-video-preview":"max-video-preview:-1"},"canonical":"https:\/\/www.yorku.ca\/glendon\/genial\/ressources\/?lang=fr","og_locale":"en_US","og_type":"article","og_title":"Ressources - Glendon ENtrepreneuriat et Innovation A L&#039;international (GENIAL)","og_description":"Connect with GENIAL","og_url":"https:\/\/www.yorku.ca\/glendon\/genial\/ressources\/?lang=fr","og_site_name":"Glendon ENtrepreneuriat et Innovation A L&#039;international (GENIAL)","article_modified_time":"2025-11-17T16:07:53+00:00","twitter_card":"summary_large_image","twitter_misc":{"Est. reading time":"4 minutes"},"schema":{"@context":"https:\/\/schema.org","@graph":[{"@type":"WebPage","@id":"https:\/\/www.yorku.ca\/glendon\/genial\/ressources\/?lang=fr","url":"https:\/\/www.yorku.ca\/glendon\/genial\/ressources\/?lang=fr","name":"Ressources - Glendon ENtrepreneuriat et Innovation A L&#039;international (GENIAL)","isPartOf":{"@id":"https:\/\/www.yorku.ca\/glendon\/genial\/#website"},"datePublished":"2024-05-30T15:44:51+00:00","dateModified":"2025-11-17T16:07:53+00:00","breadcrumb":{"@id":"https:\/\/www.yorku.ca\/glendon\/genial\/ressources\/?lang=fr#breadcrumb"},"inLanguage":"en-US","potentialAction":[{"@type":"ReadAction","target":["https:\/\/www.yorku.ca\/glendon\/genial\/ressources\/?lang=fr"]}]},{"@type":"BreadcrumbList","@id":"https:\/\/www.yorku.ca\/glendon\/genial\/ressources\/?lang=fr#breadcrumb","itemListElement":[{"@type":"ListItem","position":1,"name":"Home","item":"https:\/\/www.yorku.ca\/glendon\/genial\/"},{"@type":"ListItem","position":2,"name":"Ressources"}]},{"@type":"WebSite","@id":"https:\/\/www.yorku.ca\/glendon\/genial\/#website","url":"https:\/\/www.yorku.ca\/glendon\/genial\/","name":"Glendon ENtrepreneuriat et Innovation A L&#039;international (GENIAL)","description":"Glendon GENIAL Initiative","potentialAction":[{"@type":"SearchAction","target":{"@type":"EntryPoint","urlTemplate":"https:\/\/www.yorku.ca\/glendon\/genial\/?s={search_term_string}"},"query-input":{"@type":"PropertyValueSpecification","valueRequired":true,"valueName":"search_term_string"}}],"inLanguage":"en-US"}]}},"taxonomy_info":[],"featured_image_src_large":false,"author_info":{"display_name":"carmeli","author_link":"https:\/\/www.yorku.ca\/glendon\/genial\/author\/carmeli\/"},"comment_info":0,"_links":{"self":[{"href":"https:\/\/www.yorku.ca\/glendon\/genial\/wp-json\/wp\/v2\/pages\/2168","targetHints":{"allow":["GET"]}}],"collection":[{"href":"https:\/\/www.yorku.ca\/glendon\/genial\/wp-json\/wp\/v2\/pages"}],"about":[{"href":"https:\/\/www.yorku.ca\/glendon\/genial\/wp-json\/wp\/v2\/types\/page"}],"author":[{"embeddable":true,"href":"https:\/\/www.yorku.ca\/glendon\/genial\/wp-json\/wp\/v2\/users\/2237"}],"replies":[{"embeddable":true,"href":"https:\/\/www.yorku.ca\/glendon\/genial\/wp-json\/wp\/v2\/comments?post=2168"}],"version-history":[{"count":23,"href":"https:\/\/www.yorku.ca\/glendon\/genial\/wp-json\/wp\/v2\/pages\/2168\/revisions"}],"predecessor-version":[{"id":5311,"href":"https:\/\/www.yorku.ca\/glendon\/genial\/wp-json\/wp\/v2\/pages\/2168\/revisions\/5311"}],"wp:attachment":[{"href":"https:\/\/www.yorku.ca\/glendon\/genial\/wp-json\/wp\/v2\/media?parent=2168"}],"wp:term":[{"taxonomy":"post_tag","embeddable":true,"href":"https:\/\/www.yorku.ca\/glendon\/genial\/wp-json\/wp\/v2\/tags?post=2168"}],"curies":[{"name":"wp","href":"https:\/\/api.w.org\/{rel}","templated":true}]}}