  {"id":739,"date":"2020-06-24T15:07:16","date_gmt":"2020-06-24T19:07:16","guid":{"rendered":"https:\/\/www.yorku.ca\/glendon\/academic-servicesdev\/contact\/"},"modified":"2026-01-26T12:13:57","modified_gmt":"2026-01-26T17:13:57","slug":"contact","status":"publish","type":"page","link":"https:\/\/www.yorku.ca\/glendon\/academic-services\/contact\/?lang=fr","title":{"rendered":"Contact"},"content":{"rendered":"\n<div style=\"height:45px\" aria-hidden=\"true\" class=\"wp-block-spacer\"><\/div>\n\n\n\n<h2 class=\"wp-block-heading\">Bienvenue!<\/h2>\n\n\n\n<p>Le bureau des services acad\u00e9miques est ouvert du lundi au vendredi. Vous pouvez rencontrer une conseill\u00e8re p\u00e9dagogique par rendez-vous ou sans rendez-vous (drop-in), et vous pouvez rencontrer notre v\u00e9rificateur de dipl\u00f4mes sur rendez-vous. Le moyen le plus rapide de nous contacter est de nous <a href=\"mailto:acadservices@glendon.yorku.ca\">envoyer un e-mail <\/a>ou de passer \u00e0 notre guichet pour discuter.<\/p>\n\n\n\n<div style=\"height:25px\" aria-hidden=\"true\" class=\"wp-block-spacer\"><\/div>\n\n\n\n<h3 class=\"wp-block-heading\">Heures d'ouverture<\/h3>\n\n\n\n<p><strong>Renseignements g\u00e9n\u00e9raux :<\/strong><\/p>\n\n\n\n<p>Lundi - jeudi: 10 h \u00e0 12 h 30, 13 h 30 \u00e0 16 h<\/p>\n\n\n\n<p>Vendredi: 10:00am - 12:30pm<\/p>\n\n\n\n<div style=\"height:25px\" aria-hidden=\"true\" class=\"wp-block-spacer\"><\/div>\n\n\n\n<h3 class=\"wp-block-heading\">Consultation sans rendez-vous (drop-in) :<\/h3>\n\n\n\n<p>Venez nous voir sans rendez-vous du mardi au jeudi, de 10 h \u00e0 12 h et de 13 h 30 \u00e0 15 h 30, pour des conseils p\u00e9dagogiques en pr\u00e9sentiel.<\/p>\n\n\n\n<div style=\"height:25px\" aria-hidden=\"true\" class=\"wp-block-spacer\"><\/div>\n\n\n\n<h3 class=\"wp-block-heading\">Rendez-vous :<\/h3>\n\n\n\n<p>Vous pouvez prendre rendez-vous avec le v\u00e9rificateur de dipl\u00f4mes, ou avec une conseill\u00e8re acad\u00e9mique en utilisant <a href=\"https:\/\/www.yorku.ca\/glendon\/academic-services\/make-an-appointment-with-an-advisor\/?lang=fr\" target=\"_blank\" rel=\"noreferrer noopener\">ce formulaire<\/a>. <\/p>\n\n\n\n<div style=\"height:25px\" aria-hidden=\"true\" class=\"wp-block-spacer\"><\/div>\n\n\n\n<h3 class=\"wp-block-heading\">Adresse:<\/h3>\n\n\n\n<p>York Hall C102<\/p>\n\n\n\n<p>2275 avenue Bayview Toronto ON M4N 3M6<\/p>\n\n\n\n<p>416-487-6715<\/p>\n\n\n\n<div style=\"height:45px\" aria-hidden=\"true\" class=\"wp-block-spacer\"><\/div>\n\n\n\n<p><\/p>\n\n\n\n<div style=\"height:100px\" aria-hidden=\"true\" class=\"wp-block-spacer\"><\/div>\n","protected":false},"excerpt":{"rendered":"<p>Bienvenue! Le bureau des services acad\u00e9miques est ouvert du lundi au vendredi. Vous pouvez rencontrer une conseill\u00e8re p\u00e9dagogique par rendez-vous ou sans rendez-vous (drop-in), et vous pouvez rencontrer notre v\u00e9rificateur de dipl\u00f4mes sur rendez-vous. Le moyen le plus rapide de nous contacter est de nous envoyer un e-mail ou de passer \u00e0 notre guichet pour [&hellip;]<\/p>\n","protected":false},"author":2,"featured_media":531,"parent":0,"menu_order":0,"comment_status":"closed","ping_status":"closed","template":"secondary-page.php","meta":{"_kad_blocks_custom_css":"","_kad_blocks_head_custom_js":"","_kad_blocks_body_custom_js":"","_kad_blocks_footer_custom_js":"","footnotes":""},"tags":[],"class_list":["post-739","page","type-page","status-publish","has-post-thumbnail","hentry"],"yoast_head":"<!-- This site is optimized with the Yoast SEO plugin v24.0 - https:\/\/yoast.com\/wordpress\/plugins\/seo\/ -->\n<title>Contact - Academic Services<\/title>\n<meta name=\"description\" content=\"Contactez les Services acad\u00e9miques de Glendon pour des conseils acad\u00e9miques, prendre rendez-vous et b\u00e9n\u00e9ficier du soutien aux \u00e9tudiants.\" \/>\n<meta name=\"robots\" content=\"noindex, follow, max-snippet:-1, max-image-preview:large, max-video-preview:-1\" \/>\n<meta property=\"og:locale\" content=\"en_US\" \/>\n<meta property=\"og:type\" content=\"article\" \/>\n<meta property=\"og:title\" content=\"Contact - Academic Services\" \/>\n<meta property=\"og:description\" content=\"Contactez les Services acad\u00e9miques de Glendon pour des conseils acad\u00e9miques, prendre rendez-vous et b\u00e9n\u00e9ficier du soutien aux \u00e9tudiants.\" \/>\n<meta property=\"og:url\" content=\"https:\/\/www.yorku.ca\/glendon\/academic-services\/contact\/\" \/>\n<meta property=\"og:site_name\" content=\"Academic Services\" \/>\n<meta property=\"article:modified_time\" content=\"2026-01-26T17:13:57+00:00\" \/>\n<meta property=\"og:image\" content=\"https:\/\/www.yorku.ca\/glendon\/academic-services\/wp-content\/uploads\/sites\/1037\/2025\/12\/Capture-1024x7691-1.png\" \/>\n\t<meta property=\"og:image:width\" content=\"1024\" \/>\n\t<meta property=\"og:image:height\" content=\"769\" \/>\n\t<meta property=\"og:image:type\" content=\"image\/png\" \/>\n<meta name=\"twitter:card\" content=\"summary_large_image\" \/>\n<meta name=\"twitter:label1\" content=\"Est. reading time\" \/>\n\t<meta name=\"twitter:data1\" content=\"1 minute\" \/>\n<script type=\"application\/ld+json\" class=\"yoast-schema-graph\">{\"@context\":\"https:\/\/schema.org\",\"@graph\":[{\"@type\":\"WebPage\",\"@id\":\"https:\/\/www.yorku.ca\/glendon\/academic-services\/contact\/\",\"url\":\"https:\/\/www.yorku.ca\/glendon\/academic-services\/contact\/\",\"name\":\"Contact - Academic Services\",\"isPartOf\":{\"@id\":\"https:\/\/www.yorku.ca\/glendon\/academic-services\/#website\"},\"primaryImageOfPage\":{\"@id\":\"https:\/\/www.yorku.ca\/glendon\/academic-services\/contact\/#primaryimage\"},\"image\":{\"@id\":\"https:\/\/www.yorku.ca\/glendon\/academic-services\/contact\/#primaryimage\"},\"thumbnailUrl\":\"https:\/\/www.yorku.ca\/glendon\/academic-services\/wp-content\/uploads\/sites\/1037\/2025\/12\/Capture-1024x7691-1.png\",\"datePublished\":\"2020-06-24T19:07:16+00:00\",\"dateModified\":\"2026-01-26T17:13:57+00:00\",\"description\":\"Contactez les Services acad\u00e9miques de Glendon pour des conseils acad\u00e9miques, prendre rendez-vous et b\u00e9n\u00e9ficier du soutien aux \u00e9tudiants.\",\"breadcrumb\":{\"@id\":\"https:\/\/www.yorku.ca\/glendon\/academic-services\/contact\/#breadcrumb\"},\"inLanguage\":\"en-US\",\"potentialAction\":[{\"@type\":\"ReadAction\",\"target\":[\"https:\/\/www.yorku.ca\/glendon\/academic-services\/contact\/\"]}]},{\"@type\":\"ImageObject\",\"inLanguage\":\"en-US\",\"@id\":\"https:\/\/www.yorku.ca\/glendon\/academic-services\/contact\/#primaryimage\",\"url\":\"https:\/\/www.yorku.ca\/glendon\/academic-services\/wp-content\/uploads\/sites\/1037\/2025\/12\/Capture-1024x7691-1.png\",\"contentUrl\":\"https:\/\/www.yorku.ca\/glendon\/academic-services\/wp-content\/uploads\/sites\/1037\/2025\/12\/Capture-1024x7691-1.png\",\"width\":1024,\"height\":769},{\"@type\":\"BreadcrumbList\",\"@id\":\"https:\/\/www.yorku.ca\/glendon\/academic-services\/contact\/#breadcrumb\",\"itemListElement\":[{\"@type\":\"ListItem\",\"position\":1,\"name\":\"Home\",\"item\":\"\/glendon\/\"},{\"@type\":\"ListItem\",\"position\":2,\"name\":\"Academic Services\",\"item\":\"https:\/\/www.yorku.ca\/glendon\/academic-services\/\"},{\"@type\":\"ListItem\",\"position\":3,\"name\":\"Contact\"}]},{\"@type\":\"WebSite\",\"@id\":\"https:\/\/www.yorku.ca\/glendon\/academic-services\/#website\",\"url\":\"https:\/\/www.yorku.ca\/glendon\/academic-services\/\",\"name\":\"Academic Services\",\"description\":\"Just another York Central CMS Sites site\",\"potentialAction\":[{\"@type\":\"SearchAction\",\"target\":{\"@type\":\"EntryPoint\",\"urlTemplate\":\"https:\/\/www.yorku.ca\/glendon\/academic-services\/?s={search_term_string}\"},\"query-input\":{\"@type\":\"PropertyValueSpecification\",\"valueRequired\":true,\"valueName\":\"search_term_string\"}}],\"inLanguage\":\"en-US\"}]}<\/script>\n<!-- \/ Yoast SEO plugin. -->","yoast_head_json":{"title":"Contact - Academic Services","description":"Contactez les Services acad\u00e9miques de Glendon pour des conseils acad\u00e9miques, prendre rendez-vous et b\u00e9n\u00e9ficier du soutien aux \u00e9tudiants.","robots":{"index":"noindex","follow":"follow","max-snippet":"max-snippet:-1","max-image-preview":"max-image-preview:large","max-video-preview":"max-video-preview:-1"},"og_locale":"en_US","og_type":"article","og_title":"Contact - Academic Services","og_description":"Contactez les Services acad\u00e9miques de Glendon pour des conseils acad\u00e9miques, prendre rendez-vous et b\u00e9n\u00e9ficier du soutien aux \u00e9tudiants.","og_url":"https:\/\/www.yorku.ca\/glendon\/academic-services\/contact\/","og_site_name":"Academic Services","article_modified_time":"2026-01-26T17:13:57+00:00","og_image":[{"width":1024,"height":769,"url":"https:\/\/www.yorku.ca\/glendon\/academic-services\/wp-content\/uploads\/sites\/1037\/2025\/12\/Capture-1024x7691-1.png","type":"image\/png"}],"twitter_card":"summary_large_image","twitter_misc":{"Est. reading time":"1 minute"},"schema":{"@context":"https:\/\/schema.org","@graph":[{"@type":"WebPage","@id":"https:\/\/www.yorku.ca\/glendon\/academic-services\/contact\/","url":"https:\/\/www.yorku.ca\/glendon\/academic-services\/contact\/","name":"Contact - Academic Services","isPartOf":{"@id":"https:\/\/www.yorku.ca\/glendon\/academic-services\/#website"},"primaryImageOfPage":{"@id":"https:\/\/www.yorku.ca\/glendon\/academic-services\/contact\/#primaryimage"},"image":{"@id":"https:\/\/www.yorku.ca\/glendon\/academic-services\/contact\/#primaryimage"},"thumbnailUrl":"https:\/\/www.yorku.ca\/glendon\/academic-services\/wp-content\/uploads\/sites\/1037\/2025\/12\/Capture-1024x7691-1.png","datePublished":"2020-06-24T19:07:16+00:00","dateModified":"2026-01-26T17:13:57+00:00","description":"Contactez les Services acad\u00e9miques de Glendon pour des conseils acad\u00e9miques, prendre rendez-vous et b\u00e9n\u00e9ficier du soutien aux \u00e9tudiants.","breadcrumb":{"@id":"https:\/\/www.yorku.ca\/glendon\/academic-services\/contact\/#breadcrumb"},"inLanguage":"en-US","potentialAction":[{"@type":"ReadAction","target":["https:\/\/www.yorku.ca\/glendon\/academic-services\/contact\/"]}]},{"@type":"ImageObject","inLanguage":"en-US","@id":"https:\/\/www.yorku.ca\/glendon\/academic-services\/contact\/#primaryimage","url":"https:\/\/www.yorku.ca\/glendon\/academic-services\/wp-content\/uploads\/sites\/1037\/2025\/12\/Capture-1024x7691-1.png","contentUrl":"https:\/\/www.yorku.ca\/glendon\/academic-services\/wp-content\/uploads\/sites\/1037\/2025\/12\/Capture-1024x7691-1.png","width":1024,"height":769},{"@type":"BreadcrumbList","@id":"https:\/\/www.yorku.ca\/glendon\/academic-services\/contact\/#breadcrumb","itemListElement":[{"@type":"ListItem","position":1,"name":"Home","item":"\/glendon\/"},{"@type":"ListItem","position":2,"name":"Academic Services","item":"https:\/\/www.yorku.ca\/glendon\/academic-services\/"},{"@type":"ListItem","position":3,"name":"Contact"}]},{"@type":"WebSite","@id":"https:\/\/www.yorku.ca\/glendon\/academic-services\/#website","url":"https:\/\/www.yorku.ca\/glendon\/academic-services\/","name":"Academic Services","description":"Just another York Central CMS Sites site","potentialAction":[{"@type":"SearchAction","target":{"@type":"EntryPoint","urlTemplate":"https:\/\/www.yorku.ca\/glendon\/academic-services\/?s={search_term_string}"},"query-input":{"@type":"PropertyValueSpecification","valueRequired":true,"valueName":"search_term_string"}}],"inLanguage":"en-US"}]}},"taxonomy_info":[],"featured_image_src_large":["https:\/\/www.yorku.ca\/glendon\/academic-services\/wp-content\/uploads\/sites\/1037\/2025\/12\/Capture-1024x7691-1.png",1024,769,false],"author_info":{"display_name":"Alice","author_link":"https:\/\/www.yorku.ca\/glendon\/academic-services\/author\/alicet\/"},"comment_info":0,"_links":{"self":[{"href":"https:\/\/www.yorku.ca\/glendon\/academic-services\/wp-json\/wp\/v2\/pages\/739","targetHints":{"allow":["GET"]}}],"collection":[{"href":"https:\/\/www.yorku.ca\/glendon\/academic-services\/wp-json\/wp\/v2\/pages"}],"about":[{"href":"https:\/\/www.yorku.ca\/glendon\/academic-services\/wp-json\/wp\/v2\/types\/page"}],"author":[{"embeddable":true,"href":"https:\/\/www.yorku.ca\/glendon\/academic-services\/wp-json\/wp\/v2\/users\/2"}],"replies":[{"embeddable":true,"href":"https:\/\/www.yorku.ca\/glendon\/academic-services\/wp-json\/wp\/v2\/comments?post=739"}],"version-history":[{"count":16,"href":"https:\/\/www.yorku.ca\/glendon\/academic-services\/wp-json\/wp\/v2\/pages\/739\/revisions"}],"predecessor-version":[{"id":1176,"href":"https:\/\/www.yorku.ca\/glendon\/academic-services\/wp-json\/wp\/v2\/pages\/739\/revisions\/1176"}],"wp:featuredmedia":[{"embeddable":true,"href":"https:\/\/www.yorku.ca\/glendon\/academic-services\/wp-json\/wp\/v2\/media\/531"}],"wp:attachment":[{"href":"https:\/\/www.yorku.ca\/glendon\/academic-services\/wp-json\/wp\/v2\/media?parent=739"}],"wp:term":[{"taxonomy":"post_tag","embeddable":true,"href":"https:\/\/www.yorku.ca\/glendon\/academic-services\/wp-json\/wp\/v2\/tags?post=739"}],"curies":[{"name":"wp","href":"https:\/\/api.w.org\/{rel}","templated":true}]}}