  {"id":522,"date":"2025-12-10T14:15:20","date_gmt":"2025-12-10T19:15:20","guid":{"rendered":"https:\/\/www.yorku.ca\/glendon\/academic-servicesdev\/enrollment-course-for-fw24-25-admits\/"},"modified":"2026-01-26T14:19:45","modified_gmt":"2026-01-26T19:19:45","slug":"enrollment-course-for-fw24-25-admits","status":"publish","type":"page","link":"https:\/\/www.yorku.ca\/glendon\/academic-services\/enrollment-course-for-fw24-25-admits\/?lang=fr","title":{"rendered":"Cours pour l'inscription pour les \u00e9tudiants admis en FW24-25"},"content":{"rendered":"\n<div style=\"height:35px\" aria-hidden=\"true\" class=\"wp-block-spacer\"><\/div>\n\n\n\n<h4 class=\"wp-block-heading\">FICHE DE PLANIFICATION<\/h4>\n\n\n\n<p>T\u00e9l\u00e9chargez les document Word ci-dessous pour cr\u00e9er une ventilation des exigences de votre programe pour vous aider \u00e0 planifier vos inscriptions - vous devriez utiliser cette fiche en conjonction avec le cours eClass.<\/p>\n\n\n\n<div style=\"height:25px\" aria-hidden=\"true\" class=\"wp-block-spacer\"><\/div>\n\n\n\n<div class=\"wp-block-columns is-layout-flex wp-container-core-columns-is-layout-28f84493 wp-block-columns-is-layout-flex\">\n<div class=\"wp-block-column is-layout-flow wp-block-column-is-layout-flow\">\n<div class=\"wp-block-buttons is-layout-flex wp-block-buttons-is-layout-flex\">\n<div class=\"wp-block-button is-style-fill\"><a class=\"wp-block-button__link has-background wp-element-button\" href=\"https:\/\/www.yorku.ca\/glendon\/wp-content\/uploads\/sites\/508\/2025\/11\/Worksheet_BA-2.docx\" style=\"background-color:#004a8d\">Fiche pour le BA <\/a><\/div>\n<\/div>\n<\/div>\n\n\n\n<div class=\"wp-block-column is-layout-flow wp-block-column-is-layout-flow\">\n<div class=\"wp-block-buttons is-layout-flex wp-block-buttons-is-layout-flex\">\n<div class=\"wp-block-button\"><a class=\"wp-block-button__link has-background wp-element-button\" href=\"https:\/\/www.yorku.ca\/glendon\/wp-content\/uploads\/sites\/508\/2025\/11\/Worksheet_BSc.docx\" style=\"background-color:#004a8d\">Fiche pour le BSc <\/a><\/div>\n<\/div>\n\n\n\n<p><\/p>\n<\/div>\n<\/div>\n\n\n\n<div style=\"height:35px\" aria-hidden=\"true\" class=\"wp-block-spacer\"><\/div>\n\n\n\n<hr class=\"wp-block-separator has-alpha-channel-opacity\"\/>\n\n\n\n<h4 class=\"wp-block-heading\">CONNECTEZ-VOUS \u00c0 VOTRE COURS POUR L'INSCRIPTION<\/h4>\n\n\n\n<p>Suivez l'un de ces liens pour vous connecter au cours eClass si vous avez commenc\u00e9 vos \u00e9tudes \u00e0 Glendon au cours de la session Fall\/Winter 2024-2025.<\/p>\n\n\n\n<h6 class=\"wp-block-heading\">Inscrivez-vous au cours en anglais via ce lien :<\/h6>\n\n\n\n<p><a href=\"https:\/\/eclass.yorku.ca\/course\/view.php?id=130537\">https:\/\/eclass.yorku.ca\/course\/view.php?id=130537<\/a><\/p>\n\n\n\n<div style=\"height:25px\" aria-hidden=\"true\" class=\"wp-block-spacer\"><\/div>\n\n\n\n<h6 class=\"wp-block-heading\">Inscrivez-vous au cours en fran\u00e7ais via ce lien :<\/h6>\n\n\n\n<p><a href=\"https:\/\/eclass.yorku.ca\/course\/view.php?id=130538\">https:\/\/eclass.yorku.ca\/course\/view.php?id=130538<\/a><\/p>\n\n\n\n<p><strong>Utilisez le mot de passe: EPWFW25<\/strong><\/p>\n\n\n\n<div style=\"height:45px\" aria-hidden=\"true\" class=\"wp-block-spacer\"><\/div>\n\n\n\n<p>Vous avez une question rapide pour laquelle vous d\u00e9sirez une r\u00e9ponse vite-faite?  Visitez <a href=\"https:\/\/www.yorku.ca\/glendon\/academic-services\/academic-services-faq\/?lang=fr\" target=\"_blank\" rel=\"noreferrer noopener\">notre page FAQ<\/a><\/p>\n\n\n\n<div style=\"height:100px\" aria-hidden=\"true\" class=\"wp-block-spacer\"><\/div>\n\n\n\n<p><\/p>\n\n\n\n<p><\/p>\n","protected":false},"excerpt":{"rendered":"<p>FICHE DE PLANIFICATION T\u00e9l\u00e9chargez les document Word ci-dessous pour cr\u00e9er une ventilation des exigences de votre programe pour vous aider \u00e0 planifier vos inscriptions - vous devriez utiliser cette fiche en conjonction avec le cours eClass. CONNECTEZ-VOUS \u00c0 VOTRE COURS POUR L'INSCRIPTION Suivez l'un de ces liens pour vous connecter au cours eClass si vous [&hellip;]<\/p>\n","protected":false},"author":1199,"featured_media":520,"parent":0,"menu_order":0,"comment_status":"closed","ping_status":"closed","template":"secondary-page.php","meta":{"_kad_blocks_custom_css":"","_kad_blocks_head_custom_js":"","_kad_blocks_body_custom_js":"","_kad_blocks_footer_custom_js":"","footnotes":""},"tags":[],"class_list":["post-522","page","type-page","status-publish","has-post-thumbnail","hentry"],"yoast_head":"<!-- This site is optimized with the Yoast SEO plugin v27.3 - https:\/\/yoast.com\/product\/yoast-seo-wordpress\/ -->\n<title>Cours pour l&#039;inscription pour les \u00e9tudiants admis en FW24-25 - Academic Services<\/title>\n<meta name=\"description\" content=\"Trouvez les d\u00e9tails \u00e0 l&#039;inscription aux cours pour les \u00e9tudiants admis \u00e0 Glendon FW24-25, y compris les \u00e9tapes \u00e0 suivre, les dates limites et l&#039;aide \u00e0 l&#039;inscription aux cours obligatoires.\" \/>\n<meta name=\"robots\" content=\"noindex, follow, max-snippet:-1, max-image-preview:large, max-video-preview:-1\" \/>\n<meta property=\"og:locale\" content=\"en_US\" \/>\n<meta property=\"og:type\" content=\"article\" \/>\n<meta property=\"og:title\" content=\"Cours pour l&#039;inscription pour les \u00e9tudiants admis en FW24-25 - Academic Services\" \/>\n<meta property=\"og:description\" content=\"Trouvez les d\u00e9tails \u00e0 l&#039;inscription aux cours pour les \u00e9tudiants admis \u00e0 Glendon FW24-25, y compris les \u00e9tapes \u00e0 suivre, les dates limites et l&#039;aide \u00e0 l&#039;inscription aux cours obligatoires.\" \/>\n<meta property=\"og:url\" content=\"https:\/\/www.yorku.ca\/glendon\/academic-services\/enrollment-course-for-fw24-25-admits\/?lang=fr\" \/>\n<meta property=\"og:site_name\" content=\"Academic Services\" \/>\n<meta property=\"article:modified_time\" content=\"2026-01-26T19:19:45+00:00\" \/>\n<meta property=\"og:image\" content=\"https:\/\/www.yorku.ca\/glendon\/academic-services\/wp-content\/uploads\/sites\/1037\/2025\/12\/glendon-campus-_MG_7973_CROPPED-1024x6001-1.jpg\" \/>\n\t<meta property=\"og:image:width\" content=\"1024\" \/>\n\t<meta property=\"og:image:height\" content=\"600\" \/>\n\t<meta property=\"og:image:type\" content=\"image\/jpeg\" \/>\n<meta name=\"twitter:card\" content=\"summary_large_image\" \/>\n<meta name=\"twitter:label1\" content=\"Est. reading time\" \/>\n\t<meta name=\"twitter:data1\" content=\"1 minute\" \/>\n<script type=\"application\/ld+json\" class=\"yoast-schema-graph\">{\"@context\":\"https:\\\/\\\/schema.org\",\"@graph\":[{\"@type\":\"WebPage\",\"@id\":\"https:\\\/\\\/www.yorku.ca\\\/glendon\\\/academic-services\\\/enrollment-course-for-fw24-25-admits\\\/?lang=fr\",\"url\":\"https:\\\/\\\/www.yorku.ca\\\/glendon\\\/academic-services\\\/enrollment-course-for-fw24-25-admits\\\/?lang=fr\",\"name\":\"Cours pour l'inscription pour les \u00e9tudiants admis en FW24-25 - Academic Services\",\"isPartOf\":{\"@id\":\"https:\\\/\\\/www.yorku.ca\\\/glendon\\\/academic-services\\\/#website\"},\"primaryImageOfPage\":{\"@id\":\"https:\\\/\\\/www.yorku.ca\\\/glendon\\\/academic-services\\\/enrollment-course-for-fw24-25-admits\\\/?lang=fr#primaryimage\"},\"image\":{\"@id\":\"https:\\\/\\\/www.yorku.ca\\\/glendon\\\/academic-services\\\/enrollment-course-for-fw24-25-admits\\\/?lang=fr#primaryimage\"},\"thumbnailUrl\":\"https:\\\/\\\/www.yorku.ca\\\/glendon\\\/academic-services\\\/wp-content\\\/uploads\\\/sites\\\/1037\\\/2025\\\/12\\\/glendon-campus-_MG_7973_CROPPED-1024x6001-1.jpg\",\"datePublished\":\"2025-12-10T19:15:20+00:00\",\"dateModified\":\"2026-01-26T19:19:45+00:00\",\"description\":\"Trouvez les d\u00e9tails \u00e0 l'inscription aux cours pour les \u00e9tudiants admis \u00e0 Glendon FW24-25, y compris les \u00e9tapes \u00e0 suivre, les dates limites et l'aide \u00e0 l'inscription aux cours obligatoires.\",\"breadcrumb\":{\"@id\":\"https:\\\/\\\/www.yorku.ca\\\/glendon\\\/academic-services\\\/enrollment-course-for-fw24-25-admits\\\/?lang=fr#breadcrumb\"},\"inLanguage\":\"en-US\",\"potentialAction\":[{\"@type\":\"ReadAction\",\"target\":[\"https:\\\/\\\/www.yorku.ca\\\/glendon\\\/academic-services\\\/enrollment-course-for-fw24-25-admits\\\/?lang=fr\"]}]},{\"@type\":\"ImageObject\",\"inLanguage\":\"en-US\",\"@id\":\"https:\\\/\\\/www.yorku.ca\\\/glendon\\\/academic-services\\\/enrollment-course-for-fw24-25-admits\\\/?lang=fr#primaryimage\",\"url\":\"https:\\\/\\\/www.yorku.ca\\\/glendon\\\/academic-services\\\/wp-content\\\/uploads\\\/sites\\\/1037\\\/2025\\\/12\\\/glendon-campus-_MG_7973_CROPPED-1024x6001-1.jpg\",\"contentUrl\":\"https:\\\/\\\/www.yorku.ca\\\/glendon\\\/academic-services\\\/wp-content\\\/uploads\\\/sites\\\/1037\\\/2025\\\/12\\\/glendon-campus-_MG_7973_CROPPED-1024x6001-1.jpg\",\"width\":1024,\"height\":600},{\"@type\":\"BreadcrumbList\",\"@id\":\"https:\\\/\\\/www.yorku.ca\\\/glendon\\\/academic-services\\\/enrollment-course-for-fw24-25-admits\\\/?lang=fr#breadcrumb\",\"itemListElement\":[{\"@type\":\"ListItem\",\"position\":1,\"name\":\"Home\",\"item\":\"\\\/glendon\\\/\"},{\"@type\":\"ListItem\",\"position\":2,\"name\":\"Academic Services\",\"item\":\"https:\\\/\\\/www.yorku.ca\\\/glendon\\\/academic-services\\\/\"},{\"@type\":\"ListItem\",\"position\":3,\"name\":\"Cours pour l'inscription pour les \u00e9tudiants admis en FW24-25\"}]},{\"@type\":\"WebSite\",\"@id\":\"https:\\\/\\\/www.yorku.ca\\\/glendon\\\/academic-services\\\/#website\",\"url\":\"https:\\\/\\\/www.yorku.ca\\\/glendon\\\/academic-services\\\/\",\"name\":\"Academic Services\",\"description\":\"Just another York Central CMS Sites site\",\"potentialAction\":[{\"@type\":\"SearchAction\",\"target\":{\"@type\":\"EntryPoint\",\"urlTemplate\":\"https:\\\/\\\/www.yorku.ca\\\/glendon\\\/academic-services\\\/?s={search_term_string}\"},\"query-input\":{\"@type\":\"PropertyValueSpecification\",\"valueRequired\":true,\"valueName\":\"search_term_string\"}}],\"inLanguage\":\"en-US\"}]}<\/script>\n<!-- \/ Yoast SEO plugin. -->","yoast_head_json":{"title":"Cours pour l'inscription pour les \u00e9tudiants admis en FW24-25 - Academic Services","description":"Trouvez les d\u00e9tails \u00e0 l'inscription aux cours pour les \u00e9tudiants admis \u00e0 Glendon FW24-25, y compris les \u00e9tapes \u00e0 suivre, les dates limites et l'aide \u00e0 l'inscription aux cours obligatoires.","robots":{"index":"noindex","follow":"follow","max-snippet":"max-snippet:-1","max-image-preview":"max-image-preview:large","max-video-preview":"max-video-preview:-1"},"og_locale":"en_US","og_type":"article","og_title":"Cours pour l'inscription pour les \u00e9tudiants admis en FW24-25 - Academic Services","og_description":"Trouvez les d\u00e9tails \u00e0 l'inscription aux cours pour les \u00e9tudiants admis \u00e0 Glendon FW24-25, y compris les \u00e9tapes \u00e0 suivre, les dates limites et l'aide \u00e0 l'inscription aux cours obligatoires.","og_url":"https:\/\/www.yorku.ca\/glendon\/academic-services\/enrollment-course-for-fw24-25-admits\/?lang=fr","og_site_name":"Academic Services","article_modified_time":"2026-01-26T19:19:45+00:00","og_image":[{"width":1024,"height":600,"url":"https:\/\/www.yorku.ca\/glendon\/academic-services\/wp-content\/uploads\/sites\/1037\/2025\/12\/glendon-campus-_MG_7973_CROPPED-1024x6001-1.jpg","type":"image\/jpeg"}],"twitter_card":"summary_large_image","twitter_misc":{"Est. reading time":"1 minute"},"schema":{"@context":"https:\/\/schema.org","@graph":[{"@type":"WebPage","@id":"https:\/\/www.yorku.ca\/glendon\/academic-services\/enrollment-course-for-fw24-25-admits\/?lang=fr","url":"https:\/\/www.yorku.ca\/glendon\/academic-services\/enrollment-course-for-fw24-25-admits\/?lang=fr","name":"Cours pour l'inscription pour les \u00e9tudiants admis en FW24-25 - Academic Services","isPartOf":{"@id":"https:\/\/www.yorku.ca\/glendon\/academic-services\/#website"},"primaryImageOfPage":{"@id":"https:\/\/www.yorku.ca\/glendon\/academic-services\/enrollment-course-for-fw24-25-admits\/?lang=fr#primaryimage"},"image":{"@id":"https:\/\/www.yorku.ca\/glendon\/academic-services\/enrollment-course-for-fw24-25-admits\/?lang=fr#primaryimage"},"thumbnailUrl":"https:\/\/www.yorku.ca\/glendon\/academic-services\/wp-content\/uploads\/sites\/1037\/2025\/12\/glendon-campus-_MG_7973_CROPPED-1024x6001-1.jpg","datePublished":"2025-12-10T19:15:20+00:00","dateModified":"2026-01-26T19:19:45+00:00","description":"Trouvez les d\u00e9tails \u00e0 l'inscription aux cours pour les \u00e9tudiants admis \u00e0 Glendon FW24-25, y compris les \u00e9tapes \u00e0 suivre, les dates limites et l'aide \u00e0 l'inscription aux cours obligatoires.","breadcrumb":{"@id":"https:\/\/www.yorku.ca\/glendon\/academic-services\/enrollment-course-for-fw24-25-admits\/?lang=fr#breadcrumb"},"inLanguage":"en-US","potentialAction":[{"@type":"ReadAction","target":["https:\/\/www.yorku.ca\/glendon\/academic-services\/enrollment-course-for-fw24-25-admits\/?lang=fr"]}]},{"@type":"ImageObject","inLanguage":"en-US","@id":"https:\/\/www.yorku.ca\/glendon\/academic-services\/enrollment-course-for-fw24-25-admits\/?lang=fr#primaryimage","url":"https:\/\/www.yorku.ca\/glendon\/academic-services\/wp-content\/uploads\/sites\/1037\/2025\/12\/glendon-campus-_MG_7973_CROPPED-1024x6001-1.jpg","contentUrl":"https:\/\/www.yorku.ca\/glendon\/academic-services\/wp-content\/uploads\/sites\/1037\/2025\/12\/glendon-campus-_MG_7973_CROPPED-1024x6001-1.jpg","width":1024,"height":600},{"@type":"BreadcrumbList","@id":"https:\/\/www.yorku.ca\/glendon\/academic-services\/enrollment-course-for-fw24-25-admits\/?lang=fr#breadcrumb","itemListElement":[{"@type":"ListItem","position":1,"name":"Home","item":"\/glendon\/"},{"@type":"ListItem","position":2,"name":"Academic Services","item":"https:\/\/www.yorku.ca\/glendon\/academic-services\/"},{"@type":"ListItem","position":3,"name":"Cours pour l'inscription pour les \u00e9tudiants admis en FW24-25"}]},{"@type":"WebSite","@id":"https:\/\/www.yorku.ca\/glendon\/academic-services\/#website","url":"https:\/\/www.yorku.ca\/glendon\/academic-services\/","name":"Academic Services","description":"Just another York Central CMS Sites site","potentialAction":[{"@type":"SearchAction","target":{"@type":"EntryPoint","urlTemplate":"https:\/\/www.yorku.ca\/glendon\/academic-services\/?s={search_term_string}"},"query-input":{"@type":"PropertyValueSpecification","valueRequired":true,"valueName":"search_term_string"}}],"inLanguage":"en-US"}]}},"taxonomy_info":[],"featured_image_src_large":["https:\/\/www.yorku.ca\/glendon\/academic-services\/wp-content\/uploads\/sites\/1037\/2025\/12\/glendon-campus-_MG_7973_CROPPED-1024x6001-1.jpg",1024,600,false],"author_info":{"display_name":"gillest","author_link":"https:\/\/www.yorku.ca\/glendon\/academic-services\/author\/gillest\/"},"comment_info":0,"_links":{"self":[{"href":"https:\/\/www.yorku.ca\/glendon\/academic-services\/wp-json\/wp\/v2\/pages\/522","targetHints":{"allow":["GET"]}}],"collection":[{"href":"https:\/\/www.yorku.ca\/glendon\/academic-services\/wp-json\/wp\/v2\/pages"}],"about":[{"href":"https:\/\/www.yorku.ca\/glendon\/academic-services\/wp-json\/wp\/v2\/types\/page"}],"author":[{"embeddable":true,"href":"https:\/\/www.yorku.ca\/glendon\/academic-services\/wp-json\/wp\/v2\/users\/1199"}],"replies":[{"embeddable":true,"href":"https:\/\/www.yorku.ca\/glendon\/academic-services\/wp-json\/wp\/v2\/comments?post=522"}],"version-history":[{"count":4,"href":"https:\/\/www.yorku.ca\/glendon\/academic-services\/wp-json\/wp\/v2\/pages\/522\/revisions"}],"predecessor-version":[{"id":1249,"href":"https:\/\/www.yorku.ca\/glendon\/academic-services\/wp-json\/wp\/v2\/pages\/522\/revisions\/1249"}],"wp:featuredmedia":[{"embeddable":true,"href":"https:\/\/www.yorku.ca\/glendon\/academic-services\/wp-json\/wp\/v2\/media\/520"}],"wp:attachment":[{"href":"https:\/\/www.yorku.ca\/glendon\/academic-services\/wp-json\/wp\/v2\/media?parent=522"}],"wp:term":[{"taxonomy":"post_tag","embeddable":true,"href":"https:\/\/www.yorku.ca\/glendon\/academic-services\/wp-json\/wp\/v2\/tags?post=522"}],"curies":[{"name":"wp","href":"https:\/\/api.w.org\/{rel}","templated":true}]}}